{"id":20,"date":"2026-03-17T12:03:25","date_gmt":"2026-03-17T10:03:25","guid":{"rendered":"https:\/\/hankkeet.karelia.fi\/alykas-ja-ilmastoviisas-rakentaminen\/alykas-ja-ilmastoviisas-rakentaminen\/"},"modified":"2026-03-17T12:03:25","modified_gmt":"2026-03-17T10:03:25","slug":"alykas-ja-ilmastoviisas-rakentaminen","status":"publish","type":"page","link":"https:\/\/hankkeet.karelia.fi\/alykas-ja-ilmastoviisas-rakentaminen\/","title":{"rendered":"\u00c4lyk\u00e4s ja ilmastoviisas rakentaminen"},"content":{"rendered":"\n<figure class=\"wp-block-image size-full is-resized\"><img decoding=\"async\" src=\"https:\/\/hankkeet.karelia.fi\/alykas-ja-ilmastoviisas-rakentaminen\/wp-content\/uploads\/sites\/41\/2026\/03\/alykas_ja_ilmastoviisas_rakentaminen_palkki_karelia_eu.png\" alt class=\"wp-image-81271\" style=\"width:938px;height:auto\"><\/figure>\n\n\n\n<p>EU:n tasol\u00adla rak\u00aden\u00adt\u00ada\u00admi\u00adnen kulut\u00adtaa kaik\u00adista luon\u00adnon\u00adva\u00adroista jopa 50 % pain\u00adon mukaan<br>mitat\u00adtuna. Raken\u00adnuk\u00adset kulut\u00adta\u00advat n. 40 % ener\u00adgias\u00adta ja tuot\u00adta\u00advat 36 % hiilid\u00adiok\u00adsidip\u00e4\u00e4st\u00f6ist\u00e4.<br>Lis\u00e4k\u00adsi rak\u00aden\u00adtamisen j\u00e4t\u00adteet ja raken\u00adnusten purku\u00adj\u00e4t\u00adteet tuot\u00adta\u00advat 25\u201330 % kaik\u00adista j\u00e4t\u00adteist\u00e4.<br>Suomen eduskun\u00adta hyv\u00e4ksyi Ymp\u00e4rist\u00f6min\u00adis\u00adter\u00adi\u00f6n esi\u00adtyk\u00adsen uudek\u00adsi raken\u00adnus\u00adlaik\u00adsi kev\u00e4\u00e4l\u00adl\u00e4<br>2023 ja sen on m\u00e4\u00e4r\u00e4 tul\u00adla voimaan 1.1.2025. Laki mm. velvoit\u00adtaa \u201draken\u00adnushankkeeseen<br>ryhtyv\u00e4\u00e4\u201d laa\u00adti\u00admaan \u201dilmas\u00adto\u00adselvi\u00adtyk\u00adsen\u201d, jol\u00adla tode\u00adtaan raken\u00adnushankkeen elinkaaren<br>p\u00e4\u00e4st\u00f6\u00advaiku\u00adtuk\u00adset (CO2e) uud\u00adis- sek\u00e4 kor\u00adjaus\u00adrak\u00aden\u00adtamisen osalta. My\u00f6s EU-tak\u00adsono\u00admia<br>velvoit\u00adtaa my\u00f6s p\u00e4\u00e4o\u00admaval\u00adtaista raken\u00adnus- ja kiin\u00adteist\u00f6alaa uud\u00adis\u00adtuk\u00adsi\u00adin. Mon\u00adet rahoit\u00adta\u00adjat<br>vaa\u00adti\u00advat jo nyt rahoit\u00adtamil\u00adtaan raken\u00adnushankkei\u00adden vas\u00adtu\u00adullisu\u00adus\u00adra\u00adpor\u00adtoin\u00adtia. Lis\u00e4k\u00adsi<br>mon\u00adet kun\u00adnat ovat ruven\u00adneet hy\u00f6\u00addyn\u00adt\u00e4m\u00e4\u00e4n ymp\u00e4rist\u00f6kri\u00adteere\u00adj\u00e4 han\u00adk\u00adin\u00adnois\u00adsaan ja<br>ton\u00adtin\u00adlu\u00adovu\u00adtuk\u00adsis\u00adsa.<br><br>Mon\u00adet Pohjois-Kar\u00adjalan kun\u00adnista, vetu\u00adri\u00adna Joen\u00adsu\u00adun kaupun\u00adki, ovat sitoutuneet v\u00e4hen\u00adt\u00e4m\u00e4\u00e4n<br>toim\u00adintansa hiilid\u00adiok\u00adsidip\u00e4\u00e4st\u00f6j\u00e4 ja ole\u00admaan hiilineu\u00adtraali vuo\u00adteen 2030 men\u00adness\u00e4. Rak\u00aden\u00adtamis\u00adja kiin\u00adteist\u00f6alan osalta kehi\u00adtysaskeleet maakun\u00adnas\u00adsa ovat kuitenkin olleet tois\u00adtaisek\u00adsi melko<br>vaa\u00adti\u00admat\u00adto\u00admia. T\u00e4m\u00e4 johtuu muun muas\u00adsa sosio-taloudel\u00adli\u00adsista olo\u00adsuhteista, mut\u00adta my\u00f6s<br>k\u00e4yt\u00e4n\u00adn\u00f6n\u00adl\u00e4heisen tiedon puut\u00adteesta keinoista, joil\u00adla raken\u00adnussek\u00adtorin p\u00e4\u00e4st\u00f6i\u00adhin voidaan<br>vaikut\u00adtaa.<br><br>T\u00e4m\u00e4n han\u00adkkeen tavoit\u00adteena on edis\u00adt\u00e4\u00e4 tietoon poh\u00adjau\u00adtu\u00advaa ilmas\u00adtovi\u00adisas\u00adta rak\u00aden\u00adtamista<br>ja k\u00e4yn\u00adnist\u00e4\u00e4 tarvit\u00adtavia kehi\u00adtyspros\u00adesse\u00adja alueen yri\u00adtyk\u00adsis\u00ads\u00e4 sek\u00e4 kun\u00adtaor\u00adgan\u00adisaa\u00adtiois\u00adsa.<br>Ilmas\u00adtovi\u00adisaal\u00adla rak\u00aden\u00adtamisel\u00adla tarkoite\u00adtaan t\u00e4ss\u00e4 yhtey\u00addess\u00e4 rak\u00aden\u00adtamisen ja raken\u00adnusten<br>k\u00e4yt\u00f6\u00adnaikaisten p\u00e4\u00e4st\u00f6\u00adjen min\u00adi\u00admoin\u00adtia, mukaan lukien kor\u00adjaus- ja uud\u00adis\u00adrak\u00aden\u00adt\u00ada\u00admi\u00adnen sek\u00e4<br>infrarak\u00aden\u00adt\u00ada\u00admi\u00adnen. Keskeisi\u00e4 keino\u00adja t\u00e4ss\u00e4 yhtey\u00addess\u00e4 ovat ener\u00adgiate\u00adhokku\u00adus, raken\u00adnusten<br>suun\u00adnit\u00adtelu mah\u00addol\u00adlisim\u00adman pitk\u00e4ik\u00e4isek\u00adsi, v\u00e4h\u00e4hi\u00adilis\u00adten mate\u00adri\u00adaalien k\u00e4yt\u00adt\u00f6, uusio- ja<br>uudelleenk\u00e4ytet\u00adt\u00e4vien raken\u00adnu\u00adsosien ja mate\u00adri\u00adaalien k\u00e4yt\u00adt\u00f6, ty\u00f6\u00admaa toim\u00adinto\u00adjen kehit\u00adt\u00e4mi\u00adnen<br>sek\u00e4 teknis\u00adten ja bio\u00adgeenis\u00adten hiili\u00advaras\u00adto\u00adjen edis\u00adt\u00e4mi\u00adnen raken\u00adnetus\u00adsa ymp\u00e4rist\u00f6ss\u00e4.<br><br>Han\u00adkkeen toimin\u00adnan keski\u00f6ss\u00e4 on konkreet\u00adtis\u00adten demon\u00adstraa\u00adtioiden ja pilot\u00adti\u00adto\u00adteu\u00adtusten<br>toteut\u00adta\u00admi\u00adnen, joiden avul\u00adla pyrit\u00e4\u00e4n lis\u00e4\u00e4m\u00e4\u00e4n kohderyh\u00admien osaamista rak\u00aden\u00adtamisen<br>ja raken\u00adnusten elinkaaren p\u00e4\u00e4st\u00f6\u00adjen pienen\u00adt\u00e4misek\u00adsi. N\u00e4m\u00e4 pilot\u00adti\u00adto\u00adteu\u00adtuk\u00adset liit\u00adtyv\u00e4t<br>talon\u00adrak\u00aden\u00adtamisen, infrarak\u00aden\u00adtamisen sek\u00e4 raken\u00adnusty\u00f6\u00admaid\u00aden p\u00e4\u00e4st\u00f6\u00adjen pienen\u00adt\u00e4miseen<br>ja kier\u00adto\u00adtalouden edis\u00adt\u00e4miseen. Han\u00adkkeessa toteutetaan my\u00f6s akti\u00adivista viestin\u00adt\u00e4\u00e4 ja<br>verkos\u00adtoy\u00adhteisty\u00f6t\u00e4, joka t\u00e4y\u00adden\u00adt\u00e4\u00e4 mui\u00adta han\u00adkkeessa teht\u00e4vi\u00e4 osaamisen siir\u00adron toimen\u00adpiteit\u00e4.<br><br>Han\u00adke tukee osaltaan uusien menetelmien, ty\u00f6kalu\u00adjen ja toim\u00adintat\u00adapo\u00adjen k\u00e4yt\u00adt\u00f6\u00f6not\u00adtoa, jot\u00adka<br>aut\u00adta\u00advat v\u00e4hen\u00adt\u00e4m\u00e4\u00e4n kiin\u00adteist\u00f6- ja raken\u00adnusalan p\u00e4\u00e4st\u00f6j\u00e4 yksi\u00adtyisel\u00adl\u00e4 ja julkisel\u00adla sek\u00adto\u00adril\u00adla.<br>Han\u00adke pyrkii kehit\u00adt\u00e4m\u00e4\u00e4n paikallisen raken\u00adnussek\u00adtorin kil\u00adpailukyky\u00e4 aut\u00adta\u00admal\u00adla toim\u00adi\u00adjoi\u00adta<br>vas\u00adtaa\u00admaan lak\u00adis\u00e4\u00e4teisi\u00adin ja vapaae\u00adhtoisi\u00adin ymp\u00e4rist\u00f6te\u00adhokku\u00adu\u00adteen liit\u00adtyvi\u00adin vaa\u00adtimuk\u00adsi\u00adin.<br>Han\u00adkkeen toimen\u00adpiteil\u00adl\u00e4 tue\u00adtaan Joen\u00adsu\u00adun kaupun\u00adgin strate\u00adgian \u201dHiilineu\u00adtraali Joen\u00adsuu 2025\u201d<br>toteu\u00adtus\u00adta sek\u00e4 Pohjois-Kar\u00adjalan kun\u00adtien v\u00e4h\u00e4hi\u00adil\u00adisyys\u00adtavoit\u00adtei\u00adden toteu\u00adtus\u00adta raken\u00adnetun<br>ymp\u00e4rist\u00f6n osalta.<\/p>\n\n\n\n<h2 class=\"wp-block-heading\">Projektin kesto<\/h2>\n\n\n\n<p>1.1.2024 \u2014 30.6.2026<\/p>\n\n\n\n<h2 class=\"wp-block-heading\">Projektip\u00e4\u00e4llikk\u00f6<\/h2>\n\n\n\n<p><strong>Mikko Matveinen<\/strong><br>mikko.matveinen(a)karelia.fi<\/p>\n\n\n\n<h2 class=\"wp-block-heading\">Rahoitus<\/h2>\n\n\n\n<p>EAKR-ohjel\u00adma<\/p>\n\n\n\n<figure class=\"wp-block-image size-full is-resized\"><img decoding=\"async\" src=\"https:\/\/hankkeet.karelia.fi\/alykas-ja-ilmastoviisas-rakentaminen\/wp-content\/uploads\/sites\/41\/2026\/03\/alykas_ja_ilmastoviisas_rakentaminen_kk_palkki.png\" alt class=\"wp-image-81273\" style=\"width:716px;height:auto\"><\/figure>\n","protected":false},"excerpt":{"rendered":"<p>EU:n tasol\u00adla rak\u00aden\u00adt\u00ada\u00admi\u00adnen kulut\u00adtaa kaik\u00adista luon\u00adnon\u00adva\u00adroista jopa 50 % pain\u00adon mukaanmitat\u00adtuna. Raken\u00adnuk\u00adset kulut\u00adta\u00advat n. 40 % ener\u00adgias\u00adta ja tuot\u00adta\u00advat 36 % hiilid\u00adiok\u00adsidip\u00e4\u00e4st\u00f6ist\u00e4.Lis\u00e4k\u00adsi rak\u00aden\u00adtamisen j\u00e4t\u00adteet ja raken\u00adnusten purku\u00adj\u00e4t\u00adteet tuot\u00adta\u00advat 25\u201330 % kaik\u00adista j\u00e4t\u00adteist\u00e4.Suomen eduskun\u00adta hyv\u00e4ksyi Ymp\u00e4rist\u00f6min\u00adis\u00adter\u00adi\u00f6n esi\u00adtyk\u00adsen uudek\u00adsi raken\u00adnus\u00adlaik\u00adsi kev\u00e4\u00e4l\u00adl\u00e42023 ja sen on m\u00e4\u00e4r\u00e4 tul\u00adla voimaan 1.1.2025. Laki mm. velvoit\u00adtaa \u201draken\u00adnushankkeeseenryhtyv\u00e4\u00e4\u201d laa\u00adti\u00admaan \u201dilmas\u00adto\u00adselvi\u00adtyk\u00adsen\u201d, jol\u00adla tode\u00adtaan raken\u00adnushankkeen [\u2026]<\/p>\n","protected":false},"author":0,"featured_media":17,"parent":0,"menu_order":0,"comment_status":"closed","ping_status":"closed","template":"","meta":{"inline_featured_image":false,"wp_typography_post_enhancements_disabled":false,"footnotes":""},"class_list":["post-20","page","type-page","status-publish","has-post-thumbnail","hentry"],"yoast_head":"<!-- This site is optimized with the Yoast SEO plugin v27.5 - https:\/\/yoast.com\/product\/yoast-seo-wordpress\/ -->\n<title>\u00c4lyk\u00e4s ja ilmastoviisas rakentaminen - \u00c4lyk\u00e4s ja ilmastoviisas rakentaminen<\/title>\n<meta name=\"robots\" content=\"index, follow, max-snippet:-1, max-image-preview:large, max-video-preview:-1\" \/>\n<link rel=\"canonical\" href=\"https:\/\/hankkeet.karelia.fi\/alykas-ja-ilmastoviisas-rakentaminen\/\" \/>\n<meta property=\"og:locale\" content=\"fi_FI\" \/>\n<meta property=\"og:type\" content=\"article\" \/>\n<meta property=\"og:title\" content=\"\u00c4lyk\u00e4s ja ilmastoviisas rakentaminen - \u00c4lyk\u00e4s ja ilmastoviisas rakentaminen\" \/>\n<meta property=\"og:description\" content=\"EU:n tasol\u00adla rak\u00aden\u00adt\u00ada\u00admi\u00adnen kulut\u00adtaa kaik\u00adista luon\u00adnon\u00adva\u00adroista jopa 50 % pain\u00adon mukaanmitat\u00adtuna. Raken\u00adnuk\u00adset kulut\u00adta\u00advat n. 40 % ener\u00adgias\u00adta ja tuot\u00adta\u00advat 36 % hiilid\u00adiok\u00adsidip\u00e4\u00e4st\u00f6ist\u00e4.Lis\u00e4k\u00adsi rak\u00aden\u00adtamisen j\u00e4t\u00adteet ja raken\u00adnusten purku\u00adj\u00e4t\u00adteet tuot\u00adta\u00advat 25\u201330 % kaik\u00adista j\u00e4t\u00adteist\u00e4.Suomen eduskun\u00adta hyv\u00e4ksyi Ymp\u00e4rist\u00f6min\u00adis\u00adter\u00adi\u00f6n esi\u00adtyk\u00adsen uudek\u00adsi raken\u00adnus\u00adlaik\u00adsi kev\u00e4\u00e4l\u00adl\u00e42023 ja sen on m\u00e4\u00e4r\u00e4 tul\u00adla voimaan 1.1.2025. Laki mm. velvoit\u00adtaa \u201draken\u00adnushankkeeseenryhtyv\u00e4\u00e4\u201d laa\u00adti\u00admaan \u201dilmas\u00adto\u00adselvi\u00adtyk\u00adsen\u201d, jol\u00adla tode\u00adtaan raken\u00adnushankkeen [&hellip;]\" \/>\n<meta property=\"og:url\" content=\"https:\/\/hankkeet.karelia.fi\/alykas-ja-ilmastoviisas-rakentaminen\/\" \/>\n<meta property=\"og:site_name\" content=\"\u00c4lyk\u00e4s ja ilmastoviisas rakentaminen\" \/>\n<meta name=\"twitter:card\" content=\"summary_large_image\" \/>\n<meta name=\"twitter:label1\" content=\"Arvioitu lukuaika\" \/>\n\t<meta name=\"twitter:data1\" content=\"2 minuuttia\" \/>\n<script type=\"application\/ld+json\" class=\"yoast-schema-graph\">{\"@context\":\"https:\\\/\\\/schema.org\",\"@graph\":[{\"@type\":\"WebPage\",\"@id\":\"https:\\\/\\\/hankkeet.karelia.fi\\\/alykas-ja-ilmastoviisas-rakentaminen\\\/\",\"url\":\"https:\\\/\\\/hankkeet.karelia.fi\\\/alykas-ja-ilmastoviisas-rakentaminen\\\/\",\"name\":\"\u00c4lyk\u00e4s ja ilmastoviisas rakentaminen - \u00c4lyk\u00e4s ja ilmastoviisas rakentaminen\",\"isPartOf\":{\"@id\":\"https:\\\/\\\/hankkeet.karelia.fi\\\/alykas-ja-ilmastoviisas-rakentaminen\\\/#website\"},\"primaryImageOfPage\":{\"@id\":\"https:\\\/\\\/hankkeet.karelia.fi\\\/alykas-ja-ilmastoviisas-rakentaminen\\\/#primaryimage\"},\"image\":{\"@id\":\"https:\\\/\\\/hankkeet.karelia.fi\\\/alykas-ja-ilmastoviisas-rakentaminen\\\/#primaryimage\"},\"thumbnailUrl\":\"https:\\\/\\\/hankkeet.karelia.fi\\\/alykas-ja-ilmastoviisas-rakentaminen\\\/wp-content\\\/uploads\\\/sites\\\/41\\\/2026\\\/03\\\/kuvia-suomesta-joona-kotilainen-17-1.jpg\",\"datePublished\":\"2026-03-17T10:03:25+00:00\",\"breadcrumb\":{\"@id\":\"https:\\\/\\\/hankkeet.karelia.fi\\\/alykas-ja-ilmastoviisas-rakentaminen\\\/#breadcrumb\"},\"inLanguage\":\"fi\",\"potentialAction\":[{\"@type\":\"ReadAction\",\"target\":[\"https:\\\/\\\/hankkeet.karelia.fi\\\/alykas-ja-ilmastoviisas-rakentaminen\\\/\"]}]},{\"@type\":\"ImageObject\",\"inLanguage\":\"fi\",\"@id\":\"https:\\\/\\\/hankkeet.karelia.fi\\\/alykas-ja-ilmastoviisas-rakentaminen\\\/#primaryimage\",\"url\":\"https:\\\/\\\/hankkeet.karelia.fi\\\/alykas-ja-ilmastoviisas-rakentaminen\\\/wp-content\\\/uploads\\\/sites\\\/41\\\/2026\\\/03\\\/kuvia-suomesta-joona-kotilainen-17-1.jpg\",\"contentUrl\":\"https:\\\/\\\/hankkeet.karelia.fi\\\/alykas-ja-ilmastoviisas-rakentaminen\\\/wp-content\\\/uploads\\\/sites\\\/41\\\/2026\\\/03\\\/kuvia-suomesta-joona-kotilainen-17-1.jpg\",\"width\":2000,\"height\":1334},{\"@type\":\"BreadcrumbList\",\"@id\":\"https:\\\/\\\/hankkeet.karelia.fi\\\/alykas-ja-ilmastoviisas-rakentaminen\\\/#breadcrumb\",\"itemListElement\":[{\"@type\":\"ListItem\",\"position\":1,\"name\":\"Home\",\"item\":\"https:\\\/\\\/hankkeet.karelia.fi\\\/alykas-ja-ilmastoviisas-rakentaminen\\\/alykas-ja-ilmastoviisas-rakentaminen\\\/\"},{\"@type\":\"ListItem\",\"position\":2,\"name\":\"\u00c4lyk\u00e4s ja ilmastoviisas rakentaminen\"}]},{\"@type\":\"WebSite\",\"@id\":\"https:\\\/\\\/hankkeet.karelia.fi\\\/alykas-ja-ilmastoviisas-rakentaminen\\\/#website\",\"url\":\"https:\\\/\\\/hankkeet.karelia.fi\\\/alykas-ja-ilmastoviisas-rakentaminen\\\/\",\"name\":\"\u00c4lyk\u00e4s ja ilmastoviisas rakentaminen\",\"description\":\"\",\"publisher\":{\"@id\":\"https:\\\/\\\/hankkeet.karelia.fi\\\/alykas-ja-ilmastoviisas-rakentaminen\\\/#organization\"},\"potentialAction\":[{\"@type\":\"SearchAction\",\"target\":{\"@type\":\"EntryPoint\",\"urlTemplate\":\"https:\\\/\\\/hankkeet.karelia.fi\\\/alykas-ja-ilmastoviisas-rakentaminen\\\/?s={search_term_string}\"},\"query-input\":{\"@type\":\"PropertyValueSpecification\",\"valueRequired\":true,\"valueName\":\"search_term_string\"}}],\"inLanguage\":\"fi\"},{\"@type\":\"Organization\",\"@id\":\"https:\\\/\\\/hankkeet.karelia.fi\\\/alykas-ja-ilmastoviisas-rakentaminen\\\/#organization\",\"name\":\"\u00c4lyk\u00e4s ja ilmastoviisas rakentaminen\",\"url\":\"https:\\\/\\\/hankkeet.karelia.fi\\\/alykas-ja-ilmastoviisas-rakentaminen\\\/\",\"logo\":{\"@type\":\"ImageObject\",\"inLanguage\":\"fi\",\"@id\":\"https:\\\/\\\/hankkeet.karelia.fi\\\/alykas-ja-ilmastoviisas-rakentaminen\\\/#\\\/schema\\\/logo\\\/image\\\/\",\"url\":\"https:\\\/\\\/hankkeet.karelia.fi\\\/alykas-ja-ilmastoviisas-rakentaminen\\\/wp-content\\\/uploads\\\/sites\\\/41\\\/2026\\\/03\\\/cropped-cropped-Karelia_AMK_logo_RGB-1.png\",\"contentUrl\":\"https:\\\/\\\/hankkeet.karelia.fi\\\/alykas-ja-ilmastoviisas-rakentaminen\\\/wp-content\\\/uploads\\\/sites\\\/41\\\/2026\\\/03\\\/cropped-cropped-Karelia_AMK_logo_RGB-1.png\",\"width\":427,\"height\":116,\"caption\":\"\u00c4lyk\u00e4s ja ilmastoviisas rakentaminen\"},\"image\":{\"@id\":\"https:\\\/\\\/hankkeet.karelia.fi\\\/alykas-ja-ilmastoviisas-rakentaminen\\\/#\\\/schema\\\/logo\\\/image\\\/\"}}]}<\/script>\n<!-- \/ Yoast SEO plugin. -->","yoast_head_json":{"title":"\u00c4lyk\u00e4s ja ilmastoviisas rakentaminen - \u00c4lyk\u00e4s ja ilmastoviisas rakentaminen","robots":{"index":"index","follow":"follow","max-snippet":"max-snippet:-1","max-image-preview":"max-image-preview:large","max-video-preview":"max-video-preview:-1"},"canonical":"https:\/\/hankkeet.karelia.fi\/alykas-ja-ilmastoviisas-rakentaminen\/","og_locale":"fi_FI","og_type":"article","og_title":"\u00c4lyk\u00e4s ja ilmastoviisas rakentaminen - \u00c4lyk\u00e4s ja ilmastoviisas rakentaminen","og_description":"EU:n tasol\u00adla rak\u00aden\u00adt\u00ada\u00admi\u00adnen kulut\u00adtaa kaik\u00adista luon\u00adnon\u00adva\u00adroista jopa 50 % pain\u00adon mukaanmitat\u00adtuna. Raken\u00adnuk\u00adset kulut\u00adta\u00advat n. 40 % ener\u00adgias\u00adta ja tuot\u00adta\u00advat 36 % hiilid\u00adiok\u00adsidip\u00e4\u00e4st\u00f6ist\u00e4.Lis\u00e4k\u00adsi rak\u00aden\u00adtamisen j\u00e4t\u00adteet ja raken\u00adnusten purku\u00adj\u00e4t\u00adteet tuot\u00adta\u00advat 25\u201330 % kaik\u00adista j\u00e4t\u00adteist\u00e4.Suomen eduskun\u00adta hyv\u00e4ksyi Ymp\u00e4rist\u00f6min\u00adis\u00adter\u00adi\u00f6n esi\u00adtyk\u00adsen uudek\u00adsi raken\u00adnus\u00adlaik\u00adsi kev\u00e4\u00e4l\u00adl\u00e42023 ja sen on m\u00e4\u00e4r\u00e4 tul\u00adla voimaan 1.1.2025. Laki mm. velvoit\u00adtaa \u201draken\u00adnushankkeeseenryhtyv\u00e4\u00e4\u201d laa\u00adti\u00admaan \u201dilmas\u00adto\u00adselvi\u00adtyk\u00adsen\u201d, jol\u00adla tode\u00adtaan raken\u00adnushankkeen [&hellip;]","og_url":"https:\/\/hankkeet.karelia.fi\/alykas-ja-ilmastoviisas-rakentaminen\/","og_site_name":"\u00c4lyk\u00e4s ja ilmastoviisas rakentaminen","twitter_card":"summary_large_image","twitter_misc":{"Arvioitu lukuaika":"2 minuuttia"},"schema":{"@context":"https:\/\/schema.org","@graph":[{"@type":"WebPage","@id":"https:\/\/hankkeet.karelia.fi\/alykas-ja-ilmastoviisas-rakentaminen\/","url":"https:\/\/hankkeet.karelia.fi\/alykas-ja-ilmastoviisas-rakentaminen\/","name":"\u00c4lyk\u00e4s ja ilmastoviisas rakentaminen - \u00c4lyk\u00e4s ja ilmastoviisas rakentaminen","isPartOf":{"@id":"https:\/\/hankkeet.karelia.fi\/alykas-ja-ilmastoviisas-rakentaminen\/#website"},"primaryImageOfPage":{"@id":"https:\/\/hankkeet.karelia.fi\/alykas-ja-ilmastoviisas-rakentaminen\/#primaryimage"},"image":{"@id":"https:\/\/hankkeet.karelia.fi\/alykas-ja-ilmastoviisas-rakentaminen\/#primaryimage"},"thumbnailUrl":"https:\/\/hankkeet.karelia.fi\/alykas-ja-ilmastoviisas-rakentaminen\/wp-content\/uploads\/sites\/41\/2026\/03\/kuvia-suomesta-joona-kotilainen-17-1.jpg","datePublished":"2026-03-17T10:03:25+00:00","breadcrumb":{"@id":"https:\/\/hankkeet.karelia.fi\/alykas-ja-ilmastoviisas-rakentaminen\/#breadcrumb"},"inLanguage":"fi","potentialAction":[{"@type":"ReadAction","target":["https:\/\/hankkeet.karelia.fi\/alykas-ja-ilmastoviisas-rakentaminen\/"]}]},{"@type":"ImageObject","inLanguage":"fi","@id":"https:\/\/hankkeet.karelia.fi\/alykas-ja-ilmastoviisas-rakentaminen\/#primaryimage","url":"https:\/\/hankkeet.karelia.fi\/alykas-ja-ilmastoviisas-rakentaminen\/wp-content\/uploads\/sites\/41\/2026\/03\/kuvia-suomesta-joona-kotilainen-17-1.jpg","contentUrl":"https:\/\/hankkeet.karelia.fi\/alykas-ja-ilmastoviisas-rakentaminen\/wp-content\/uploads\/sites\/41\/2026\/03\/kuvia-suomesta-joona-kotilainen-17-1.jpg","width":2000,"height":1334},{"@type":"BreadcrumbList","@id":"https:\/\/hankkeet.karelia.fi\/alykas-ja-ilmastoviisas-rakentaminen\/#breadcrumb","itemListElement":[{"@type":"ListItem","position":1,"name":"Home","item":"https:\/\/hankkeet.karelia.fi\/alykas-ja-ilmastoviisas-rakentaminen\/alykas-ja-ilmastoviisas-rakentaminen\/"},{"@type":"ListItem","position":2,"name":"\u00c4lyk\u00e4s ja ilmastoviisas rakentaminen"}]},{"@type":"WebSite","@id":"https:\/\/hankkeet.karelia.fi\/alykas-ja-ilmastoviisas-rakentaminen\/#website","url":"https:\/\/hankkeet.karelia.fi\/alykas-ja-ilmastoviisas-rakentaminen\/","name":"\u00c4lyk\u00e4s ja ilmastoviisas rakentaminen","description":"","publisher":{"@id":"https:\/\/hankkeet.karelia.fi\/alykas-ja-ilmastoviisas-rakentaminen\/#organization"},"potentialAction":[{"@type":"SearchAction","target":{"@type":"EntryPoint","urlTemplate":"https:\/\/hankkeet.karelia.fi\/alykas-ja-ilmastoviisas-rakentaminen\/?s={search_term_string}"},"query-input":{"@type":"PropertyValueSpecification","valueRequired":true,"valueName":"search_term_string"}}],"inLanguage":"fi"},{"@type":"Organization","@id":"https:\/\/hankkeet.karelia.fi\/alykas-ja-ilmastoviisas-rakentaminen\/#organization","name":"\u00c4lyk\u00e4s ja ilmastoviisas rakentaminen","url":"https:\/\/hankkeet.karelia.fi\/alykas-ja-ilmastoviisas-rakentaminen\/","logo":{"@type":"ImageObject","inLanguage":"fi","@id":"https:\/\/hankkeet.karelia.fi\/alykas-ja-ilmastoviisas-rakentaminen\/#\/schema\/logo\/image\/","url":"https:\/\/hankkeet.karelia.fi\/alykas-ja-ilmastoviisas-rakentaminen\/wp-content\/uploads\/sites\/41\/2026\/03\/cropped-cropped-Karelia_AMK_logo_RGB-1.png","contentUrl":"https:\/\/hankkeet.karelia.fi\/alykas-ja-ilmastoviisas-rakentaminen\/wp-content\/uploads\/sites\/41\/2026\/03\/cropped-cropped-Karelia_AMK_logo_RGB-1.png","width":427,"height":116,"caption":"\u00c4lyk\u00e4s ja ilmastoviisas rakentaminen"},"image":{"@id":"https:\/\/hankkeet.karelia.fi\/alykas-ja-ilmastoviisas-rakentaminen\/#\/schema\/logo\/image\/"}}]}},"_links":{"self":[{"href":"https:\/\/hankkeet.karelia.fi\/alykas-ja-ilmastoviisas-rakentaminen\/wp-json\/wp\/v2\/pages\/20","targetHints":{"allow":["GET"]}}],"collection":[{"href":"https:\/\/hankkeet.karelia.fi\/alykas-ja-ilmastoviisas-rakentaminen\/wp-json\/wp\/v2\/pages"}],"about":[{"href":"https:\/\/hankkeet.karelia.fi\/alykas-ja-ilmastoviisas-rakentaminen\/wp-json\/wp\/v2\/types\/page"}],"replies":[{"embeddable":true,"href":"https:\/\/hankkeet.karelia.fi\/alykas-ja-ilmastoviisas-rakentaminen\/wp-json\/wp\/v2\/comments?post=20"}],"version-history":[{"count":0,"href":"https:\/\/hankkeet.karelia.fi\/alykas-ja-ilmastoviisas-rakentaminen\/wp-json\/wp\/v2\/pages\/20\/revisions"}],"wp:featuredmedia":[{"embeddable":true,"href":"https:\/\/hankkeet.karelia.fi\/alykas-ja-ilmastoviisas-rakentaminen\/wp-json\/wp\/v2\/media\/17"}],"wp:attachment":[{"href":"https:\/\/hankkeet.karelia.fi\/alykas-ja-ilmastoviisas-rakentaminen\/wp-json\/wp\/v2\/media?parent=20"}],"curies":[{"name":"wp","href":"https:\/\/api.w.org\/{rel}","templated":true}]}}