{"id":20,"date":"2026-03-17T13:50:43","date_gmt":"2026-03-17T11:50:43","guid":{"rendered":"https:\/\/hankkeet.karelia.fi\/digitalisaatio-teollisessa-tyossa\/digitalisaatio-teollisessa-tyossa\/"},"modified":"2026-03-17T13:50:43","modified_gmt":"2026-03-17T11:50:43","slug":"digitalisaatio-teollisessa-tyossa","status":"publish","type":"page","link":"https:\/\/hankkeet.karelia.fi\/digitalisaatio-teollisessa-tyossa\/","title":{"rendered":"Digitalisaatio teollisessa ty\u00f6ss\u00e4"},"content":{"rendered":"\n<figure class=\"wp-block-image size-large\"><img decoding=\"async\" src=\"https:\/\/hankkeet.karelia.fi\/digitalisaatio-teollisessa-tyossa\/wp-content\/uploads\/sites\/55\/2026\/03\/digi-logot-1024x108-1.png\" alt class=\"wp-image-75168\"><\/figure>\n\n\n\n<p>Pohjois-Kar\u00adjalaises\u00adsa teknolo\u00adgia\u00adte\u00adol\u00adlisu\u00adudessa liike\u00advai\u00adh\u00addon sek\u00e4 tuot\u00adtavu\u00adu\u00adden kasvu, ty\u00f6voiman saatavu\u00adu\u00adsongel\u00admat, kohon\u00adneet laatu\u00advaa\u00adtimuk\u00adset ja resurssite\u00adhokku\u00adu\u00adden nos\u00adt\u00ada\u00admi\u00adnen ovat saa\u00adneet mon\u00adet alueen yri\u00adtyk\u00adsist\u00e4 tekem\u00e4\u00e4n investoin\u00adte\u00adja ICT\u2011, IT\u2011, sen\u00adsori- ja automaa\u00adtiotekni\u00adikkaan. Pohjois-Kar\u00adjalan teknolo\u00adgia\u00adte\u00adol\u00adlisu\u00adus on investoin\u00adut tuotan\u00adtoka\u00adp\u00ada\u00adsiteet\u00adti\u00adin ja uusi\u00adin tuotan\u00adto\u00adpros\u00ades\u00adsei\u00adhin viime vuosi\u00adna. Investoin\u00adnit liit\u00adtyv\u00e4t mm. dig\u00adi\u00adtal\u00adisaa\u00adtioon, tiedon ker\u00e4\u00e4miseen, hit\u00adsausautomaa\u00adtioon, roboti\u00adikkaan, koneis\u00adtamiseen, mit\u00adtaamiseen, laatu\u00adtoim\u00adintaan ja verkos\u00adtom\u00adaiseen toim\u00adintat\u00ada\u00adpaan.<\/p>\n\n\n\n<p>Valmis\u00adtavas\u00adsa teol\u00adlisu\u00adudessa investoin\u00adtien ja yri\u00adtys\u00adten omien kehit\u00adt\u00e4mis\u00adtoimen\u00adpitei\u00adden my\u00f6t\u00e4 on syn\u00adtynyt osaamis\u00adva\u00adje toim\u00adimiseen uusis\u00adsa dig\u00adi\u00adtaal\u00adi\u00adsis\u00adsa ja teol\u00adlisu\u00adus 4.0 poh\u00adjai\u00adsis\u00adsa tuotan\u00adtoym\u00adp\u00e4rist\u00f6is\u00ads\u00e4. Osaamis\u00adta\u00adsoa on nos\u00adtet\u00adta\u00adva samaan aikaan tutk\u00adin\u00adtoon johtavas\u00adsa koulu\u00adtuk\u00adses\u00adsa ja ty\u00f6n ohes\u00adsa tapah\u00adtu\u00advas\u00adsa jatku\u00advas\u00adsa oppimises\u00adsa.<\/p>\n\n\n\n<p>Dig\u00adi\u00adtal\u00adisaa\u00adtio teol\u00adlises\u00adsa ty\u00f6ss\u00e4 han\u00adkkeessa koulute\u00adtaan Kare\u00adlian ja River\u00adian uusia dig\u00adi\u00adtal\u00adisaa\u00adtion ja teol\u00adlisu\u00adus 4.0 taito\u00adja ammat\u00adtiosaa\u00adjia insin\u00f6\u00f6ri- ja tuotan\u00adnon\u00adtek\u00adi\u00adj\u00e4\u00adta\u00adsoille. Han\u00adkkeessa kehitet\u00e4\u00e4n pilot\u00adtikurs\u00adsein toim\u00adintat\u00adapo\u00adja ja malle\u00adja jatku\u00advan oppimisen yhteisty\u00f6n kehit\u00adt\u00e4miseen yri\u00adtys\u00adten ja oppi\u00adlaitosten v\u00e4lille. Han\u00adke tukee ja kehit\u00adt\u00e4\u00e4 yht\u00e4aikaises\u00adti uusien tek\u00adnol\u00ado\u00adgis\u00adten kokon\u00adaisuuk\u00adsien (dig\u00adi\u00adtal\u00adisaa\u00adtio ja Teol\u00adlisu\u00adus 4.0 viiteke\u00adhys) jalka\u00adut\u00adtamista ja uusia k\u00e4yt\u00e4n\u00adteit\u00e4 ty\u00f6el\u00e4m\u00e4l\u00e4ht\u00f6isess\u00e4 kehit\u00adt\u00e4misess\u00e4. <\/p>\n\n\n\n<p>Han\u00adkkeen tulok\u00adsia voidaan jatkos\u00adsa hy\u00f6\u00addyn\u00adt\u00e4\u00e4 jatku\u00advan oppimisen pros\u00adessien kehit\u00adt\u00e4misess\u00e4 (lyhytkestoiset koulu\u00adtuk\u00adset ty\u00f6n ohes\u00adsa, p\u00e4tev\u00f6it\u00adt\u00e4v\u00e4t koulu\u00adtuk\u00adset, tutkin\u00adnon osista muo\u00addos\u00adtu\u00advat osaamiskokon\u00adaisu\u00adudet ja erikoistumiskoulutukset).Karelian konetekni\u00adik\u00adka (insin\u00f6\u00f6rik\u00adoulu\u00adtus) on pilo\u00adtoin\u00adut Kare\u00adlian insin\u00f6\u00f6ri\u00adopiske\u00adli\u00adjoille 2021\u20132022 yhdess\u00e4 River\u00adian tuotan\u00adtotekni\u00adikan (ammat\u00adti\u00adtutkin\u00adnon koulu\u00adtus) mah\u00addol\u00adlisu\u00adut\u00adta yhdis\u00adt\u00e4\u00e4 molem\u00adpi\u00aden oppi\u00adlaitosten koulu\u00adtus\u00adsis\u00e4lt\u00f6j\u00e4 hit\u00adsat\u00adtu\u00adjen ja koneis\u00adtet\u00adtu\u00adjen rak\u00aden\u00adtei\u00adden suun\u00adnit\u00adtelu, valmis\u00adtus, mit\u00adtaus ja laadun\u00advarmis\u00adtus\u00adpros\u00ades\u00adseis\u00adsa.<\/p>\n\n\n\n<h2 class=\"wp-block-heading\">Projektin kesto<\/h2>\n\n\n\n<p>1.10.2023 \u2014 30.9.2026<\/p>\n\n\n\n<h2 class=\"wp-block-heading\">Projektip\u00e4\u00e4llikk\u00f6<\/h2>\n\n\n\n<p><strong>Juha V\u00e4yry\u00adnen<\/strong><br>Juha.Vayrynen(a)karelia.fi<\/p>\n\n\n\n<h2 class=\"wp-block-heading\">Rahoitus<\/h2>\n\n\n\n<p>ESR+ ohjel\u00adma<\/p>\n\n\n\n<figure class=\"wp-block-image size-full\"><img decoding=\"async\" src=\"https:\/\/hankkeet.karelia.fi\/digitalisaatio-teollisessa-tyossa\/wp-content\/uploads\/sites\/55\/2026\/03\/kk9_palkki-1.jpg\" alt class=\"wp-image-81548\"><\/figure>\n","protected":false},"excerpt":{"rendered":"<p>Pohjois-Kar\u00ad\u00adjalais\u00ades\u00adsa teknolo\u00adgia\u00adte\u00adol\u00adlisu\u00adudessa liike\u00advai\u00adh\u00addon sek\u00e4 tuot\u00adtavu\u00adu\u00adden kasvu, ty\u00f6voiman saatavu\u00adu\u00adsongel\u00admat, kohon\u00adneet laatu\u00advaa\u00adtimuk\u00adset ja resurssite\u00adhokku\u00adu\u00adden nos\u00adt\u00ada\u00admi\u00adnen ovat saa\u00adneet mon\u00adet alueen yri\u00adtyk\u00adsist\u00e4 tekem\u00e4\u00e4n investoin\u00adte\u00adja ICT\u2011, IT\u2011, sen\u00ad\u00adsori- ja automaa\u00adtiotekni\u00adikkaan. Pohjois-Kar\u00ad\u00adjalan teknolo\u00adgia\u00adte\u00adol\u00adlisu\u00adus on investoin\u00adut tuotan\u00adtoka\u00adp\u00ada\u00adsiteet\u00adti\u00adin ja uusi\u00adin tuotan\u00adto\u00adpros\u00ades\u00adsei\u00adhin viime vuosi\u00adna. Investoin\u00adnit liit\u00adtyv\u00e4t mm. dig\u00adi\u00adtal\u00adisaa\u00adtioon, tiedon ker\u00e4\u00e4miseen, hit\u00adsausautomaa\u00adtioon, roboti\u00adikkaan, koneis\u00adtamiseen, mit\u00adtaamiseen, laatu\u00adtoim\u00adintaan ja verkos\u00adtom\u00adaiseen toim\u00adintat\u00ada\u00adpaan. Valmis\u00adtavas\u00adsa teol\u00adlisu\u00adudessa investoin\u00adtien ja yri\u00adtys\u00adten omien [\u2026]<\/p>\n","protected":false},"author":0,"featured_media":17,"parent":0,"menu_order":0,"comment_status":"closed","ping_status":"closed","template":"","meta":{"inline_featured_image":false,"wp_typography_post_enhancements_disabled":false,"footnotes":""},"class_list":["post-20","page","type-page","status-publish","has-post-thumbnail","hentry"],"yoast_head":"<!-- This site is optimized with the Yoast SEO plugin v27.5 - https:\/\/yoast.com\/product\/yoast-seo-wordpress\/ -->\n<title>Digitalisaatio teollisessa ty\u00f6ss\u00e4 - Digitalisaatio teollisessa ty\u00f6ss\u00e4<\/title>\n<meta name=\"robots\" content=\"index, follow, max-snippet:-1, max-image-preview:large, max-video-preview:-1\" \/>\n<link rel=\"canonical\" href=\"https:\/\/hankkeet.karelia.fi\/digitalisaatio-teollisessa-tyossa\/\" \/>\n<meta property=\"og:locale\" content=\"fi_FI\" \/>\n<meta property=\"og:type\" content=\"article\" \/>\n<meta property=\"og:title\" content=\"Digitalisaatio teollisessa ty\u00f6ss\u00e4 - Digitalisaatio teollisessa ty\u00f6ss\u00e4\" \/>\n<meta property=\"og:description\" content=\"Pohjois-Kar\u00adjalaises\u00adsa teknolo\u00adgia\u00adte\u00adol\u00adlisu\u00adudessa liike\u00advai\u00adh\u00addon sek\u00e4 tuot\u00adtavu\u00adu\u00adden kasvu, ty\u00f6voiman saatavu\u00adu\u00adsongel\u00admat, kohon\u00adneet laatu\u00advaa\u00adtimuk\u00adset ja resurssite\u00adhokku\u00adu\u00adden nos\u00adt\u00ada\u00admi\u00adnen ovat saa\u00adneet mon\u00adet alueen yri\u00adtyk\u00adsist\u00e4 tekem\u00e4\u00e4n investoin\u00adte\u00adja ICT\u2011, IT\u2011, sen\u00adsori- ja automaa\u00adtiotekni\u00adikkaan. Pohjois-Kar\u00adjalan teknolo\u00adgia\u00adte\u00adol\u00adlisu\u00adus on investoin\u00adut tuotan\u00adtoka\u00adp\u00ada\u00adsiteet\u00adti\u00adin ja uusi\u00adin tuotan\u00adto\u00adpros\u00ades\u00adsei\u00adhin viime vuosi\u00adna. Investoin\u00adnit liit\u00adtyv\u00e4t mm. dig\u00adi\u00adtal\u00adisaa\u00adtioon, tiedon ker\u00e4\u00e4miseen, hit\u00adsausautomaa\u00adtioon, roboti\u00adikkaan, koneis\u00adtamiseen, mit\u00adtaamiseen, laatu\u00adtoim\u00adintaan ja verkos\u00adtom\u00adaiseen toim\u00adintat\u00ada\u00adpaan. Valmis\u00adtavas\u00adsa teol\u00adlisu\u00adudessa investoin\u00adtien ja yri\u00adtys\u00adten omien [&hellip;]\" \/>\n<meta property=\"og:url\" content=\"https:\/\/hankkeet.karelia.fi\/digitalisaatio-teollisessa-tyossa\/\" \/>\n<meta property=\"og:site_name\" content=\"Digitalisaatio teollisessa ty\u00f6ss\u00e4\" \/>\n<meta name=\"twitter:card\" content=\"summary_large_image\" \/>\n<meta name=\"twitter:label1\" content=\"Arvioitu lukuaika\" \/>\n\t<meta name=\"twitter:data1\" content=\"1 minuutti\" \/>\n<script type=\"application\/ld+json\" class=\"yoast-schema-graph\">{\"@context\":\"https:\\\/\\\/schema.org\",\"@graph\":[{\"@type\":\"WebPage\",\"@id\":\"https:\\\/\\\/hankkeet.karelia.fi\\\/digitalisaatio-teollisessa-tyossa\\\/\",\"url\":\"https:\\\/\\\/hankkeet.karelia.fi\\\/digitalisaatio-teollisessa-tyossa\\\/\",\"name\":\"Digitalisaatio teollisessa ty\u00f6ss\u00e4 - Digitalisaatio teollisessa ty\u00f6ss\u00e4\",\"isPartOf\":{\"@id\":\"https:\\\/\\\/hankkeet.karelia.fi\\\/digitalisaatio-teollisessa-tyossa\\\/#website\"},\"primaryImageOfPage\":{\"@id\":\"https:\\\/\\\/hankkeet.karelia.fi\\\/digitalisaatio-teollisessa-tyossa\\\/#primaryimage\"},\"image\":{\"@id\":\"https:\\\/\\\/hankkeet.karelia.fi\\\/digitalisaatio-teollisessa-tyossa\\\/#primaryimage\"},\"thumbnailUrl\":\"https:\\\/\\\/hankkeet.karelia.fi\\\/digitalisaatio-teollisessa-tyossa\\\/wp-content\\\/uploads\\\/sites\\\/55\\\/2026\\\/03\\\/alykasautomaationetti.jpg\",\"datePublished\":\"2026-03-17T11:50:43+00:00\",\"breadcrumb\":{\"@id\":\"https:\\\/\\\/hankkeet.karelia.fi\\\/digitalisaatio-teollisessa-tyossa\\\/#breadcrumb\"},\"inLanguage\":\"fi\",\"potentialAction\":[{\"@type\":\"ReadAction\",\"target\":[\"https:\\\/\\\/hankkeet.karelia.fi\\\/digitalisaatio-teollisessa-tyossa\\\/\"]}]},{\"@type\":\"ImageObject\",\"inLanguage\":\"fi\",\"@id\":\"https:\\\/\\\/hankkeet.karelia.fi\\\/digitalisaatio-teollisessa-tyossa\\\/#primaryimage\",\"url\":\"https:\\\/\\\/hankkeet.karelia.fi\\\/digitalisaatio-teollisessa-tyossa\\\/wp-content\\\/uploads\\\/sites\\\/55\\\/2026\\\/03\\\/alykasautomaationetti.jpg\",\"contentUrl\":\"https:\\\/\\\/hankkeet.karelia.fi\\\/digitalisaatio-teollisessa-tyossa\\\/wp-content\\\/uploads\\\/sites\\\/55\\\/2026\\\/03\\\/alykasautomaationetti.jpg\",\"width\":1125,\"height\":468},{\"@type\":\"BreadcrumbList\",\"@id\":\"https:\\\/\\\/hankkeet.karelia.fi\\\/digitalisaatio-teollisessa-tyossa\\\/#breadcrumb\",\"itemListElement\":[{\"@type\":\"ListItem\",\"position\":1,\"name\":\"Home\",\"item\":\"https:\\\/\\\/hankkeet.karelia.fi\\\/digitalisaatio-teollisessa-tyossa\\\/digitalisaatio-teollisessa-tyossa\\\/\"},{\"@type\":\"ListItem\",\"position\":2,\"name\":\"Digitalisaatio teollisessa ty\u00f6ss\u00e4\"}]},{\"@type\":\"WebSite\",\"@id\":\"https:\\\/\\\/hankkeet.karelia.fi\\\/digitalisaatio-teollisessa-tyossa\\\/#website\",\"url\":\"https:\\\/\\\/hankkeet.karelia.fi\\\/digitalisaatio-teollisessa-tyossa\\\/\",\"name\":\"Digitalisaatio teollisessa ty\u00f6ss\u00e4\",\"description\":\"\",\"publisher\":{\"@id\":\"https:\\\/\\\/hankkeet.karelia.fi\\\/digitalisaatio-teollisessa-tyossa\\\/#organization\"},\"potentialAction\":[{\"@type\":\"SearchAction\",\"target\":{\"@type\":\"EntryPoint\",\"urlTemplate\":\"https:\\\/\\\/hankkeet.karelia.fi\\\/digitalisaatio-teollisessa-tyossa\\\/?s={search_term_string}\"},\"query-input\":{\"@type\":\"PropertyValueSpecification\",\"valueRequired\":true,\"valueName\":\"search_term_string\"}}],\"inLanguage\":\"fi\"},{\"@type\":\"Organization\",\"@id\":\"https:\\\/\\\/hankkeet.karelia.fi\\\/digitalisaatio-teollisessa-tyossa\\\/#organization\",\"name\":\"Digitalisaatio teollisessa ty\u00f6ss\u00e4\",\"url\":\"https:\\\/\\\/hankkeet.karelia.fi\\\/digitalisaatio-teollisessa-tyossa\\\/\",\"logo\":{\"@type\":\"ImageObject\",\"inLanguage\":\"fi\",\"@id\":\"https:\\\/\\\/hankkeet.karelia.fi\\\/digitalisaatio-teollisessa-tyossa\\\/#\\\/schema\\\/logo\\\/image\\\/\",\"url\":\"https:\\\/\\\/hankkeet.karelia.fi\\\/digitalisaatio-teollisessa-tyossa\\\/wp-content\\\/uploads\\\/sites\\\/55\\\/2026\\\/03\\\/cropped-cropped-Karelia_AMK_logo_RGB-1.png\",\"contentUrl\":\"https:\\\/\\\/hankkeet.karelia.fi\\\/digitalisaatio-teollisessa-tyossa\\\/wp-content\\\/uploads\\\/sites\\\/55\\\/2026\\\/03\\\/cropped-cropped-Karelia_AMK_logo_RGB-1.png\",\"width\":427,\"height\":116,\"caption\":\"Digitalisaatio teollisessa ty\u00f6ss\u00e4\"},\"image\":{\"@id\":\"https:\\\/\\\/hankkeet.karelia.fi\\\/digitalisaatio-teollisessa-tyossa\\\/#\\\/schema\\\/logo\\\/image\\\/\"}}]}<\/script>\n<!-- \/ Yoast SEO plugin. -->","yoast_head_json":{"title":"Digitalisaatio teollisessa ty\u00f6ss\u00e4 - Digitalisaatio teollisessa ty\u00f6ss\u00e4","robots":{"index":"index","follow":"follow","max-snippet":"max-snippet:-1","max-image-preview":"max-image-preview:large","max-video-preview":"max-video-preview:-1"},"canonical":"https:\/\/hankkeet.karelia.fi\/digitalisaatio-teollisessa-tyossa\/","og_locale":"fi_FI","og_type":"article","og_title":"Digitalisaatio teollisessa ty\u00f6ss\u00e4 - Digitalisaatio teollisessa ty\u00f6ss\u00e4","og_description":"Pohjois-Kar\u00adjalaises\u00adsa teknolo\u00adgia\u00adte\u00adol\u00adlisu\u00adudessa liike\u00advai\u00adh\u00addon sek\u00e4 tuot\u00adtavu\u00adu\u00adden kasvu, ty\u00f6voiman saatavu\u00adu\u00adsongel\u00admat, kohon\u00adneet laatu\u00advaa\u00adtimuk\u00adset ja resurssite\u00adhokku\u00adu\u00adden nos\u00adt\u00ada\u00admi\u00adnen ovat saa\u00adneet mon\u00adet alueen yri\u00adtyk\u00adsist\u00e4 tekem\u00e4\u00e4n investoin\u00adte\u00adja ICT\u2011, IT\u2011, sen\u00adsori- ja automaa\u00adtiotekni\u00adikkaan. Pohjois-Kar\u00adjalan teknolo\u00adgia\u00adte\u00adol\u00adlisu\u00adus on investoin\u00adut tuotan\u00adtoka\u00adp\u00ada\u00adsiteet\u00adti\u00adin ja uusi\u00adin tuotan\u00adto\u00adpros\u00ades\u00adsei\u00adhin viime vuosi\u00adna. Investoin\u00adnit liit\u00adtyv\u00e4t mm. dig\u00adi\u00adtal\u00adisaa\u00adtioon, tiedon ker\u00e4\u00e4miseen, hit\u00adsausautomaa\u00adtioon, roboti\u00adikkaan, koneis\u00adtamiseen, mit\u00adtaamiseen, laatu\u00adtoim\u00adintaan ja verkos\u00adtom\u00adaiseen toim\u00adintat\u00ada\u00adpaan. Valmis\u00adtavas\u00adsa teol\u00adlisu\u00adudessa investoin\u00adtien ja yri\u00adtys\u00adten omien [&hellip;]","og_url":"https:\/\/hankkeet.karelia.fi\/digitalisaatio-teollisessa-tyossa\/","og_site_name":"Digitalisaatio teollisessa ty\u00f6ss\u00e4","twitter_card":"summary_large_image","twitter_misc":{"Arvioitu lukuaika":"1 minuutti"},"schema":{"@context":"https:\/\/schema.org","@graph":[{"@type":"WebPage","@id":"https:\/\/hankkeet.karelia.fi\/digitalisaatio-teollisessa-tyossa\/","url":"https:\/\/hankkeet.karelia.fi\/digitalisaatio-teollisessa-tyossa\/","name":"Digitalisaatio teollisessa ty\u00f6ss\u00e4 - Digitalisaatio teollisessa ty\u00f6ss\u00e4","isPartOf":{"@id":"https:\/\/hankkeet.karelia.fi\/digitalisaatio-teollisessa-tyossa\/#website"},"primaryImageOfPage":{"@id":"https:\/\/hankkeet.karelia.fi\/digitalisaatio-teollisessa-tyossa\/#primaryimage"},"image":{"@id":"https:\/\/hankkeet.karelia.fi\/digitalisaatio-teollisessa-tyossa\/#primaryimage"},"thumbnailUrl":"https:\/\/hankkeet.karelia.fi\/digitalisaatio-teollisessa-tyossa\/wp-content\/uploads\/sites\/55\/2026\/03\/alykasautomaationetti.jpg","datePublished":"2026-03-17T11:50:43+00:00","breadcrumb":{"@id":"https:\/\/hankkeet.karelia.fi\/digitalisaatio-teollisessa-tyossa\/#breadcrumb"},"inLanguage":"fi","potentialAction":[{"@type":"ReadAction","target":["https:\/\/hankkeet.karelia.fi\/digitalisaatio-teollisessa-tyossa\/"]}]},{"@type":"ImageObject","inLanguage":"fi","@id":"https:\/\/hankkeet.karelia.fi\/digitalisaatio-teollisessa-tyossa\/#primaryimage","url":"https:\/\/hankkeet.karelia.fi\/digitalisaatio-teollisessa-tyossa\/wp-content\/uploads\/sites\/55\/2026\/03\/alykasautomaationetti.jpg","contentUrl":"https:\/\/hankkeet.karelia.fi\/digitalisaatio-teollisessa-tyossa\/wp-content\/uploads\/sites\/55\/2026\/03\/alykasautomaationetti.jpg","width":1125,"height":468},{"@type":"BreadcrumbList","@id":"https:\/\/hankkeet.karelia.fi\/digitalisaatio-teollisessa-tyossa\/#breadcrumb","itemListElement":[{"@type":"ListItem","position":1,"name":"Home","item":"https:\/\/hankkeet.karelia.fi\/digitalisaatio-teollisessa-tyossa\/digitalisaatio-teollisessa-tyossa\/"},{"@type":"ListItem","position":2,"name":"Digitalisaatio teollisessa ty\u00f6ss\u00e4"}]},{"@type":"WebSite","@id":"https:\/\/hankkeet.karelia.fi\/digitalisaatio-teollisessa-tyossa\/#website","url":"https:\/\/hankkeet.karelia.fi\/digitalisaatio-teollisessa-tyossa\/","name":"Digitalisaatio teollisessa ty\u00f6ss\u00e4","description":"","publisher":{"@id":"https:\/\/hankkeet.karelia.fi\/digitalisaatio-teollisessa-tyossa\/#organization"},"potentialAction":[{"@type":"SearchAction","target":{"@type":"EntryPoint","urlTemplate":"https:\/\/hankkeet.karelia.fi\/digitalisaatio-teollisessa-tyossa\/?s={search_term_string}"},"query-input":{"@type":"PropertyValueSpecification","valueRequired":true,"valueName":"search_term_string"}}],"inLanguage":"fi"},{"@type":"Organization","@id":"https:\/\/hankkeet.karelia.fi\/digitalisaatio-teollisessa-tyossa\/#organization","name":"Digitalisaatio teollisessa ty\u00f6ss\u00e4","url":"https:\/\/hankkeet.karelia.fi\/digitalisaatio-teollisessa-tyossa\/","logo":{"@type":"ImageObject","inLanguage":"fi","@id":"https:\/\/hankkeet.karelia.fi\/digitalisaatio-teollisessa-tyossa\/#\/schema\/logo\/image\/","url":"https:\/\/hankkeet.karelia.fi\/digitalisaatio-teollisessa-tyossa\/wp-content\/uploads\/sites\/55\/2026\/03\/cropped-cropped-Karelia_AMK_logo_RGB-1.png","contentUrl":"https:\/\/hankkeet.karelia.fi\/digitalisaatio-teollisessa-tyossa\/wp-content\/uploads\/sites\/55\/2026\/03\/cropped-cropped-Karelia_AMK_logo_RGB-1.png","width":427,"height":116,"caption":"Digitalisaatio teollisessa ty\u00f6ss\u00e4"},"image":{"@id":"https:\/\/hankkeet.karelia.fi\/digitalisaatio-teollisessa-tyossa\/#\/schema\/logo\/image\/"}}]}},"_links":{"self":[{"href":"https:\/\/hankkeet.karelia.fi\/digitalisaatio-teollisessa-tyossa\/wp-json\/wp\/v2\/pages\/20","targetHints":{"allow":["GET"]}}],"collection":[{"href":"https:\/\/hankkeet.karelia.fi\/digitalisaatio-teollisessa-tyossa\/wp-json\/wp\/v2\/pages"}],"about":[{"href":"https:\/\/hankkeet.karelia.fi\/digitalisaatio-teollisessa-tyossa\/wp-json\/wp\/v2\/types\/page"}],"replies":[{"embeddable":true,"href":"https:\/\/hankkeet.karelia.fi\/digitalisaatio-teollisessa-tyossa\/wp-json\/wp\/v2\/comments?post=20"}],"version-history":[{"count":0,"href":"https:\/\/hankkeet.karelia.fi\/digitalisaatio-teollisessa-tyossa\/wp-json\/wp\/v2\/pages\/20\/revisions"}],"wp:featuredmedia":[{"embeddable":true,"href":"https:\/\/hankkeet.karelia.fi\/digitalisaatio-teollisessa-tyossa\/wp-json\/wp\/v2\/media\/17"}],"wp:attachment":[{"href":"https:\/\/hankkeet.karelia.fi\/digitalisaatio-teollisessa-tyossa\/wp-json\/wp\/v2\/media?parent=20"}],"curies":[{"name":"wp","href":"https:\/\/api.w.org\/{rel}","templated":true}]}}