{"id":20,"date":"2026-03-17T09:54:04","date_gmt":"2026-03-17T07:54:04","guid":{"rendered":"https:\/\/hankkeet.karelia.fi\/energiavirrat-talteen-ja-kiertoon-evita\/energiavirrat-talteen-ja-kiertoon-evita\/"},"modified":"2026-03-17T09:54:04","modified_gmt":"2026-03-17T07:54:04","slug":"energiavirrat-talteen-ja-kiertoon-evita","status":"publish","type":"page","link":"https:\/\/hankkeet.karelia.fi\/evita\/","title":{"rendered":"Energiavirrat talteen ja kiertoon \u2013 EVITA"},"content":{"rendered":"\n<figure class=\"wp-block-image size-full is-resized\"><img decoding=\"async\" src=\"https:\/\/hankkeet.karelia.fi\/energiavirrat-talteen-ja-kiertoon-evita\/wp-content\/uploads\/sites\/24\/2026\/03\/evita_palkki.jpg\" alt class=\"wp-image-75951\" style=\"width:578px;height:auto\"><\/figure>\n\n\n\n<p>EVI\u00adTA-han\u00adke kehit\u00adt\u00e4\u00e4 ja konkreti\u00adsoi hukkal\u00e4m\u00adp\u00f6\u00adjen hy\u00f6\u00addyn\u00adt\u00e4miskeino\u00adja k\u00e4yt\u00e4n\u00adn\u00f6n tapaus\u00adtutkimusten kaut\u00adta edis\u00adt\u00e4en toim\u00adi\u00adjoiden investoin\u00adti\u00advalmiuk\u00adsia moni\u00adalais\u00ades\u00adti.<\/p>\n\n\n\n<p>Han\u00adkkeen toim\u00adinta rak\u00aden\u00adtuu p\u00e4\u00e4asial\u00adlis\u00ades\u00adti nelj\u00e4n eri\u00adlaisen hukkal\u00e4m\u00adp\u00f6\u00adjen l\u00e4m\u00adm\u00f6n\u00adtal\u00adteeno\u00adton ja hy\u00f6\u00addyn\u00adt\u00e4misen tapaus\u00adtutkimuk\u00adsen ymp\u00e4rille. N\u00e4it\u00e4 tapauk\u00adsia tarkastel\u00adlaan omis\u00adsa ty\u00f6\u00adpaketeis\u00adsaan esisu\u00adun\u00adnit\u00adtelus\u00adta aina investoidun toteu\u00adtuk\u00adsen tiedonkeru\u00aduseen asti.<\/p>\n\n\n\n<p>Yri\u00adtyk\u00adsil\u00adl\u00e4 ja kun\u00adnal\u00adlisil\u00adla organ\u00adisaa\u00adtioil\u00adla on tarve v\u00e4hen\u00adt\u00e4\u00e4 ja tehostaa kiin\u00adteist\u00f6\u00adjen\u00ads\u00e4 ener\u00adgian k\u00e4yt\u00adt\u00f6\u00e4, mut\u00adta p\u00e4\u00e4t\u00f6sten teossa tarvit\u00adtavaa tietoa ei aina ole saatavil\u00adla. Han\u00adkkeen tavoit\u00adteena on tuot\u00adtaa ratkaisu\u00adja ja tietoa tarkasteltavien esimerkki\u00adta\u00adpausten ja \u2011kohtei\u00adden avul\u00adla. Han\u00adke tuot\u00adtaa tietoa, jota voidaan hy\u00f6\u00addyn\u00adt\u00e4\u00e4 laa\u00adjasti eri\u00adlais\u00adten yri\u00adtys\u00adten ja kiin\u00adteist\u00f6\u00adjen ener\u00adgiate\u00adhokku\u00adut\u00adta paran\u00adtavien investoin\u00adtip\u00e4\u00e4t\u00f6sten tuke\u00adna. Han\u00adkkeessa toteutetaan teol\u00adlisu\u00adu\u00adden, kasvi\u00adhuonevil\u00adje\u00adlyn ja kun\u00adtaki\u00adin\u00adteist\u00f6\u00adjen ener\u00adgiate\u00adhokku\u00adut\u00adta edis\u00adt\u00e4vi\u00e4 ratkaisui\u00adta ja<br>l\u00e4m\u00adp\u00f6en\u00ader\u00adgian lyhy\u00adtaikaisvaras\u00adtoin\u00adtia, sek\u00e4 uusi\u00adu\u00adtu\u00advan ener\u00adgian k\u00e4yt\u00f6n lis\u00e4\u00e4mist\u00e4. <\/p>\n\n\n\n<p>Tulok\u00adse\u00adna saadaan vaikut\u00adtavia ja skaalau\u00adtu\u00advia ratkaisu\u00adja, joil\u00adla on laa\u00adjaa hy\u00f6\u00addyn\u00adnet\u00adt\u00e4vyyt\u00adt\u00e4. Vaik\u00adka han\u00adkkeessa ei suo\u00adranais\u00ades\u00adti tarkastel\u00adla asuin- ja palvelu\u00adraken\u00adnuk\u00adsia, ovat han\u00adkkeen tulok\u00adset suo\u00adraan hy\u00f6\u00addyn\u00adnet\u00adt\u00e4vis\u00ads\u00e4 my\u00f6s n\u00e4i\u00adhin kiin\u00adteist\u00f6i\u00adhin.<\/p>\n\n\n\n<p>Han\u00adke on saanut EU- tukea 272 977 \u20ac.<\/p>\n\n\n\n<p><\/p>\n\n\n\n<h2 class=\"wp-block-heading\">Projektin kesto<\/h2>\n\n\n\n<p>1.1.2025 \u2014 30.6.2027<\/p>\n\n\n\n<h2 class=\"wp-block-heading\">Projektip\u00e4\u00e4llikk\u00f6<\/h2>\n\n\n\n<p><strong>Anssi Kokko\u00adnen<\/strong><br>Anssi.Kokkonen(a)karelia.fi<\/p>\n\n\n\n<h2 class=\"wp-block-heading\">Rahoitus<\/h2>\n\n\n\n<p>EAKR-ohjel\u00adma<\/p>\n\n\n\n<h2 class=\"wp-block-heading\">Julkaisut<\/h2>\n\n\n\n<p>LinkedIn:<\/p>\n\n\n\n<p><a href=\"https:\/\/www.linkedin.com\/company\/evita-energiavirrat-talteen-ja-kiertoon\">https:\/\/www.linkedin.com\/company\/evita-energiavirrat-talteen-ja-kiertoon<\/a><\/p>\n\n\n\n<p>Artikke\u00adlit<\/p>\n\n\n\n<figure class=\"wp-block-embed is-type-wp-embed is-provider-karelia-ammattikorkeakoulu wp-block-embed-karelia-ammattikorkeakoulu\"><div class=\"wp-block-embed__wrapper\">\n<blockquote class=\"wp-embedded-content\" data-secret=\"S31R4fMeQ2\"><a href=\"https:\/\/www.karelia.fi\/2025\/11\/lampoverkot-energiamullistuksen-mahdollistajana\/\">L\u00e4m\u00adp\u00f6verkot ener\u00adgia\u00admullis\u00adtuk\u00adsen mah\u00addol\u00adlis\u00adta\u00adjana<\/a><\/blockquote><iframe loading=\"lazy\" class=\"wp-embedded-content\" sandbox=\"allow-scripts\" security=\"restricted\" style=\"position: absolute; visibility: hidden;\" title=\"\u201dL\u00e4mp\u00f6verkot energiamullistuksen mahdollistajana\u201d \u2014 Karelia-ammattikorkeakoulu\" src=\"https:\/\/www.karelia.fi\/2025\/11\/lampoverkot-energiamullistuksen-mahdollistajana\/embed\/#?secret=BVTrqmno2Z#?secret=S31R4fMeQ2\" data-secret=\"S31R4fMeQ2\" width=\"500\" height=\"282\" frameborder=\"0\" marginwidth=\"0\" marginheight=\"0\" scrolling=\"no\"><\/iframe>\n<\/div><\/figure>\n\n\n\n<p>Pod\u00adcastit:<\/p>\n\n\n\n<figure class=\"wp-block-embed is-type-rich is-provider-spotify wp-block-embed-spotify wp-embed-aspect-21-9 wp-has-aspect-ratio\"><div class=\"wp-block-embed__wrapper\">\n<iframe title=\"Spotify Embed: Hukkal\u00e4mm\u00f6n j\u00e4ljill\u00e4 - EVITA - Kausi 1, Jakso 1\" style=\"border-radius: 12px\" width=\"100%\" height=\"152\" frameborder=\"0\" allowfullscreen allow=\"autoplay; clipboard-write; encrypted-media; fullscreen; picture-in-picture\" loading=\"lazy\" src=\"https:\/\/open.spotify.com\/embed\/episode\/1gytQK4z0Ix6va0tAVW5jQ?si=TZ_0qfsETeWivA4YnYn9RA&amp;utm_source=oembed\"><\/iframe>\n<\/div><\/figure>\n\n\n\n<p>Infoko\u00adr\u00adtit:<\/p>\n\n\n\n<p><a href=\"https:\/\/tinyurl.com\/EVITA-infokortti1\">Infoko\u00adrt\u00adti \u2014 Vir\u00adtaus\u00admit\u00adtaus<\/a><\/p>\n\n\n\n<p><a href=\"https:\/\/www.karelia.fi\/wp-content\/uploads\/2025\/12\/EVITA-infokortti-2.-Datan-keruu.pdf\">Infoko\u00adrt\u00adti \u2014 Datan keruu hukkal\u00e4m\u00adm\u00f6n hy\u00f6\u00addyn\u00adt\u00e4misess\u00e4<\/a><\/p>\n\n\n\n<p>Pre\u00adsen\u00adtaa\u00adtiot:<\/p>\n\n\n\n<p><a href=\"https:\/\/www.karelia.fi\/wp-content\/uploads\/2025\/12\/Evita_seminaari_2025_presentaatiot.pdf\">Evi\u00adta \u2014 Sem\u00adi\u00adnaari 2025 pre\u00adsen\u00adtaa\u00adtiot<\/a><\/p>\n\n\n\n<p>Opin\u00adn\u00e4yte\u00adty\u00f6t:<\/p>\n\n\n\n<p><a href=\"https:\/\/www.theseus.fi\/handle\/10024\/886793\">Kaukol\u00e4m\u00adm\u00f6n tuotan\u00adnon kan\u00adnat\u00adtavu\u00adus ilmavesil\u00e4m\u00adp\u00f6pumpun ja hukkal\u00e4m\u00adm\u00f6n avul\u00adla<\/a><\/p>\n\n\n\n<figure class=\"wp-block-image size-full\"><img decoding=\"async\" src=\"https:\/\/hankkeet.karelia.fi\/energiavirrat-talteen-ja-kiertoon-evita\/wp-content\/uploads\/sites\/24\/2026\/03\/evita_kk.jpg\" alt class=\"wp-image-75956\"><\/figure>\n","protected":false},"excerpt":{"rendered":"<p>EVI\u00ad\u00adTA-han\u00adke kehit\u00adt\u00e4\u00e4 ja konkreti\u00adsoi hukkal\u00e4m\u00adp\u00f6\u00adjen hy\u00f6\u00addyn\u00adt\u00e4miskeino\u00adja k\u00e4yt\u00e4n\u00adn\u00f6n tapaus\u00adtutkimusten kaut\u00adta edis\u00adt\u00e4en toim\u00adi\u00adjoiden investoin\u00adti\u00advalmiuk\u00adsia moni\u00adalais\u00ades\u00adti. Han\u00adkkeen toim\u00adinta rak\u00aden\u00adtuu p\u00e4\u00e4asial\u00adlis\u00ades\u00adti nelj\u00e4n eri\u00adlaisen hukkal\u00e4m\u00adp\u00f6\u00adjen l\u00e4m\u00adm\u00f6n\u00adtal\u00adteeno\u00adton ja hy\u00f6\u00addyn\u00adt\u00e4misen tapaus\u00adtutkimuk\u00adsen ymp\u00e4rille. N\u00e4it\u00e4 tapauk\u00adsia tarkastel\u00adlaan omis\u00adsa ty\u00f6\u00adpaketeis\u00adsaan esisu\u00adun\u00adnit\u00adtelus\u00adta aina investoidun toteu\u00adtuk\u00adsen tiedonkeru\u00aduseen asti. Yri\u00adtyk\u00adsil\u00adl\u00e4 ja kun\u00adnal\u00adlisil\u00adla organ\u00adisaa\u00adtioil\u00adla on tarve v\u00e4hen\u00adt\u00e4\u00e4 ja tehostaa kiin\u00adteist\u00f6\u00adjen\u00ads\u00e4 ener\u00adgian k\u00e4yt\u00adt\u00f6\u00e4, mut\u00adta p\u00e4\u00e4t\u00f6sten teossa tarvit\u00adtavaa tietoa ei aina [\u2026]<\/p>\n","protected":false},"author":0,"featured_media":17,"parent":0,"menu_order":0,"comment_status":"closed","ping_status":"closed","template":"","meta":{"inline_featured_image":false,"wp_typography_post_enhancements_disabled":false,"footnotes":""},"class_list":["post-20","page","type-page","status-publish","has-post-thumbnail","hentry"],"yoast_head":"<!-- This site is optimized with the Yoast SEO plugin v27.5 - https:\/\/yoast.com\/product\/yoast-seo-wordpress\/ -->\n<title>Energiavirrat talteen ja kiertoon &#8211; EVITA - Energiavirrat talteen ja kiertoon &#8211; EVITA<\/title>\n<meta name=\"robots\" content=\"index, follow, max-snippet:-1, max-image-preview:large, max-video-preview:-1\" \/>\n<link rel=\"canonical\" href=\"https:\/\/hankkeet.karelia.fi\/evita\/\" \/>\n<meta property=\"og:locale\" content=\"fi_FI\" \/>\n<meta property=\"og:type\" content=\"article\" \/>\n<meta property=\"og:title\" content=\"Energiavirrat talteen ja kiertoon &#8211; EVITA - Energiavirrat talteen ja kiertoon &#8211; EVITA\" \/>\n<meta property=\"og:description\" content=\"EVI\u00adTA-han\u00adke kehit\u00adt\u00e4\u00e4 ja konkreti\u00adsoi hukkal\u00e4m\u00adp\u00f6\u00adjen hy\u00f6\u00addyn\u00adt\u00e4miskeino\u00adja k\u00e4yt\u00e4n\u00adn\u00f6n tapaus\u00adtutkimusten kaut\u00adta edis\u00adt\u00e4en toim\u00adi\u00adjoiden investoin\u00adti\u00advalmiuk\u00adsia moni\u00adalais\u00ades\u00adti. Han\u00adkkeen toim\u00adinta rak\u00aden\u00adtuu p\u00e4\u00e4asial\u00adlis\u00ades\u00adti nelj\u00e4n eri\u00adlaisen hukkal\u00e4m\u00adp\u00f6\u00adjen l\u00e4m\u00adm\u00f6n\u00adtal\u00adteeno\u00adton ja hy\u00f6\u00addyn\u00adt\u00e4misen tapaus\u00adtutkimuk\u00adsen ymp\u00e4rille. N\u00e4it\u00e4 tapauk\u00adsia tarkastel\u00adlaan omis\u00adsa ty\u00f6\u00adpaketeis\u00adsaan esisu\u00adun\u00adnit\u00adtelus\u00adta aina investoidun toteu\u00adtuk\u00adsen tiedonkeru\u00aduseen asti. Yri\u00adtyk\u00adsil\u00adl\u00e4 ja kun\u00adnal\u00adlisil\u00adla organ\u00adisaa\u00adtioil\u00adla on tarve v\u00e4hen\u00adt\u00e4\u00e4 ja tehostaa kiin\u00adteist\u00f6\u00adjen\u00ads\u00e4 ener\u00adgian k\u00e4yt\u00adt\u00f6\u00e4, mut\u00adta p\u00e4\u00e4t\u00f6sten teossa tarvit\u00adtavaa tietoa ei aina [&hellip;]\" \/>\n<meta property=\"og:url\" content=\"https:\/\/hankkeet.karelia.fi\/evita\/\" \/>\n<meta property=\"og:site_name\" content=\"Energiavirrat talteen ja kiertoon &#8211; EVITA\" \/>\n<meta property=\"og:image\" content=\"https:\/\/hankkeet.karelia.fi\/evita\/wp-content\/uploads\/sites\/24\/2026\/03\/AdobeStock_825538309-scaled-1.jpeg\" \/>\n\t<meta property=\"og:image:width\" content=\"2560\" \/>\n\t<meta property=\"og:image:height\" content=\"1097\" \/>\n\t<meta property=\"og:image:type\" content=\"image\/jpeg\" \/>\n<meta name=\"twitter:card\" content=\"summary_large_image\" \/>\n<meta name=\"twitter:label1\" content=\"Arvioitu lukuaika\" \/>\n\t<meta name=\"twitter:data1\" content=\"1 minuutti\" \/>\n<script type=\"application\/ld+json\" class=\"yoast-schema-graph\">{\"@context\":\"https:\\\/\\\/schema.org\",\"@graph\":[{\"@type\":\"WebPage\",\"@id\":\"https:\\\/\\\/hankkeet.karelia.fi\\\/evita\\\/\",\"url\":\"https:\\\/\\\/hankkeet.karelia.fi\\\/evita\\\/\",\"name\":\"Energiavirrat talteen ja kiertoon &#8211; EVITA - Energiavirrat talteen ja kiertoon &#8211; EVITA\",\"isPartOf\":{\"@id\":\"https:\\\/\\\/hankkeet.karelia.fi\\\/evita\\\/#website\"},\"primaryImageOfPage\":{\"@id\":\"https:\\\/\\\/hankkeet.karelia.fi\\\/evita\\\/#primaryimage\"},\"image\":{\"@id\":\"https:\\\/\\\/hankkeet.karelia.fi\\\/evita\\\/#primaryimage\"},\"thumbnailUrl\":\"https:\\\/\\\/hankkeet.karelia.fi\\\/evita\\\/wp-content\\\/uploads\\\/sites\\\/24\\\/2026\\\/03\\\/AdobeStock_825538309-scaled-1.jpeg\",\"datePublished\":\"2026-03-17T07:54:04+00:00\",\"breadcrumb\":{\"@id\":\"https:\\\/\\\/hankkeet.karelia.fi\\\/evita\\\/#breadcrumb\"},\"inLanguage\":\"fi\",\"potentialAction\":[{\"@type\":\"ReadAction\",\"target\":[\"https:\\\/\\\/hankkeet.karelia.fi\\\/evita\\\/\"]}]},{\"@type\":\"ImageObject\",\"inLanguage\":\"fi\",\"@id\":\"https:\\\/\\\/hankkeet.karelia.fi\\\/evita\\\/#primaryimage\",\"url\":\"https:\\\/\\\/hankkeet.karelia.fi\\\/evita\\\/wp-content\\\/uploads\\\/sites\\\/24\\\/2026\\\/03\\\/AdobeStock_825538309-scaled-1.jpeg\",\"contentUrl\":\"https:\\\/\\\/hankkeet.karelia.fi\\\/evita\\\/wp-content\\\/uploads\\\/sites\\\/24\\\/2026\\\/03\\\/AdobeStock_825538309-scaled-1.jpeg\",\"width\":2560,\"height\":1097,\"caption\":\"Architectural model with ambient lighting. A hand interacts with the miniature cityscape, illustrating urban planning and design concepts.\"},{\"@type\":\"BreadcrumbList\",\"@id\":\"https:\\\/\\\/hankkeet.karelia.fi\\\/evita\\\/#breadcrumb\",\"itemListElement\":[{\"@type\":\"ListItem\",\"position\":1,\"name\":\"Home\",\"item\":\"https:\\\/\\\/hankkeet.karelia.fi\\\/evita\\\/\"},{\"@type\":\"ListItem\",\"position\":2,\"name\":\"Energiavirrat talteen ja kiertoon &#8211; EVITA\"}]},{\"@type\":\"WebSite\",\"@id\":\"https:\\\/\\\/hankkeet.karelia.fi\\\/evita\\\/#website\",\"url\":\"https:\\\/\\\/hankkeet.karelia.fi\\\/evita\\\/\",\"name\":\"Energiavirrat talteen ja kiertoon &#8211; EVITA\",\"description\":\"\",\"publisher\":{\"@id\":\"https:\\\/\\\/hankkeet.karelia.fi\\\/evita\\\/#organization\"},\"potentialAction\":[{\"@type\":\"SearchAction\",\"target\":{\"@type\":\"EntryPoint\",\"urlTemplate\":\"https:\\\/\\\/hankkeet.karelia.fi\\\/evita\\\/?s={search_term_string}\"},\"query-input\":{\"@type\":\"PropertyValueSpecification\",\"valueRequired\":true,\"valueName\":\"search_term_string\"}}],\"inLanguage\":\"fi\"},{\"@type\":\"Organization\",\"@id\":\"https:\\\/\\\/hankkeet.karelia.fi\\\/evita\\\/#organization\",\"name\":\"Energiavirrat talteen ja kiertoon &#8211; EVITA\",\"url\":\"https:\\\/\\\/hankkeet.karelia.fi\\\/evita\\\/\",\"logo\":{\"@type\":\"ImageObject\",\"inLanguage\":\"fi\",\"@id\":\"https:\\\/\\\/hankkeet.karelia.fi\\\/evita\\\/#\\\/schema\\\/logo\\\/image\\\/\",\"url\":\"https:\\\/\\\/hankkeet.karelia.fi\\\/evita\\\/wp-content\\\/uploads\\\/sites\\\/24\\\/2026\\\/03\\\/cropped-cropped-Karelia_AMK_logo_RGB-1.png\",\"contentUrl\":\"https:\\\/\\\/hankkeet.karelia.fi\\\/evita\\\/wp-content\\\/uploads\\\/sites\\\/24\\\/2026\\\/03\\\/cropped-cropped-Karelia_AMK_logo_RGB-1.png\",\"width\":427,\"height\":116,\"caption\":\"Energiavirrat talteen ja kiertoon &#8211; EVITA\"},\"image\":{\"@id\":\"https:\\\/\\\/hankkeet.karelia.fi\\\/evita\\\/#\\\/schema\\\/logo\\\/image\\\/\"}}]}<\/script>\n<!-- \/ Yoast SEO plugin. -->","yoast_head_json":{"title":"Energiavirrat talteen ja kiertoon &#8211; EVITA - Energiavirrat talteen ja kiertoon &#8211; EVITA","robots":{"index":"index","follow":"follow","max-snippet":"max-snippet:-1","max-image-preview":"max-image-preview:large","max-video-preview":"max-video-preview:-1"},"canonical":"https:\/\/hankkeet.karelia.fi\/evita\/","og_locale":"fi_FI","og_type":"article","og_title":"Energiavirrat talteen ja kiertoon &#8211; EVITA - Energiavirrat talteen ja kiertoon &#8211; EVITA","og_description":"EVI\u00adTA-han\u00adke kehit\u00adt\u00e4\u00e4 ja konkreti\u00adsoi hukkal\u00e4m\u00adp\u00f6\u00adjen hy\u00f6\u00addyn\u00adt\u00e4miskeino\u00adja k\u00e4yt\u00e4n\u00adn\u00f6n tapaus\u00adtutkimusten kaut\u00adta edis\u00adt\u00e4en toim\u00adi\u00adjoiden investoin\u00adti\u00advalmiuk\u00adsia moni\u00adalais\u00ades\u00adti. Han\u00adkkeen toim\u00adinta rak\u00aden\u00adtuu p\u00e4\u00e4asial\u00adlis\u00ades\u00adti nelj\u00e4n eri\u00adlaisen hukkal\u00e4m\u00adp\u00f6\u00adjen l\u00e4m\u00adm\u00f6n\u00adtal\u00adteeno\u00adton ja hy\u00f6\u00addyn\u00adt\u00e4misen tapaus\u00adtutkimuk\u00adsen ymp\u00e4rille. N\u00e4it\u00e4 tapauk\u00adsia tarkastel\u00adlaan omis\u00adsa ty\u00f6\u00adpaketeis\u00adsaan esisu\u00adun\u00adnit\u00adtelus\u00adta aina investoidun toteu\u00adtuk\u00adsen tiedonkeru\u00aduseen asti. Yri\u00adtyk\u00adsil\u00adl\u00e4 ja kun\u00adnal\u00adlisil\u00adla organ\u00adisaa\u00adtioil\u00adla on tarve v\u00e4hen\u00adt\u00e4\u00e4 ja tehostaa kiin\u00adteist\u00f6\u00adjen\u00ads\u00e4 ener\u00adgian k\u00e4yt\u00adt\u00f6\u00e4, mut\u00adta p\u00e4\u00e4t\u00f6sten teossa tarvit\u00adtavaa tietoa ei aina [&hellip;]","og_url":"https:\/\/hankkeet.karelia.fi\/evita\/","og_site_name":"Energiavirrat talteen ja kiertoon &#8211; EVITA","og_image":[{"width":2560,"height":1097,"url":"https:\/\/hankkeet.karelia.fi\/evita\/wp-content\/uploads\/sites\/24\/2026\/03\/AdobeStock_825538309-scaled-1.jpeg","type":"image\/jpeg"}],"twitter_card":"summary_large_image","twitter_misc":{"Arvioitu lukuaika":"1 minuutti"},"schema":{"@context":"https:\/\/schema.org","@graph":[{"@type":"WebPage","@id":"https:\/\/hankkeet.karelia.fi\/evita\/","url":"https:\/\/hankkeet.karelia.fi\/evita\/","name":"Energiavirrat talteen ja kiertoon &#8211; EVITA - Energiavirrat talteen ja kiertoon &#8211; EVITA","isPartOf":{"@id":"https:\/\/hankkeet.karelia.fi\/evita\/#website"},"primaryImageOfPage":{"@id":"https:\/\/hankkeet.karelia.fi\/evita\/#primaryimage"},"image":{"@id":"https:\/\/hankkeet.karelia.fi\/evita\/#primaryimage"},"thumbnailUrl":"https:\/\/hankkeet.karelia.fi\/evita\/wp-content\/uploads\/sites\/24\/2026\/03\/AdobeStock_825538309-scaled-1.jpeg","datePublished":"2026-03-17T07:54:04+00:00","breadcrumb":{"@id":"https:\/\/hankkeet.karelia.fi\/evita\/#breadcrumb"},"inLanguage":"fi","potentialAction":[{"@type":"ReadAction","target":["https:\/\/hankkeet.karelia.fi\/evita\/"]}]},{"@type":"ImageObject","inLanguage":"fi","@id":"https:\/\/hankkeet.karelia.fi\/evita\/#primaryimage","url":"https:\/\/hankkeet.karelia.fi\/evita\/wp-content\/uploads\/sites\/24\/2026\/03\/AdobeStock_825538309-scaled-1.jpeg","contentUrl":"https:\/\/hankkeet.karelia.fi\/evita\/wp-content\/uploads\/sites\/24\/2026\/03\/AdobeStock_825538309-scaled-1.jpeg","width":2560,"height":1097,"caption":"Architectural model with ambient lighting. A hand interacts with the miniature cityscape, illustrating urban planning and design concepts."},{"@type":"BreadcrumbList","@id":"https:\/\/hankkeet.karelia.fi\/evita\/#breadcrumb","itemListElement":[{"@type":"ListItem","position":1,"name":"Home","item":"https:\/\/hankkeet.karelia.fi\/evita\/"},{"@type":"ListItem","position":2,"name":"Energiavirrat talteen ja kiertoon &#8211; EVITA"}]},{"@type":"WebSite","@id":"https:\/\/hankkeet.karelia.fi\/evita\/#website","url":"https:\/\/hankkeet.karelia.fi\/evita\/","name":"Energiavirrat talteen ja kiertoon &#8211; EVITA","description":"","publisher":{"@id":"https:\/\/hankkeet.karelia.fi\/evita\/#organization"},"potentialAction":[{"@type":"SearchAction","target":{"@type":"EntryPoint","urlTemplate":"https:\/\/hankkeet.karelia.fi\/evita\/?s={search_term_string}"},"query-input":{"@type":"PropertyValueSpecification","valueRequired":true,"valueName":"search_term_string"}}],"inLanguage":"fi"},{"@type":"Organization","@id":"https:\/\/hankkeet.karelia.fi\/evita\/#organization","name":"Energiavirrat talteen ja kiertoon &#8211; EVITA","url":"https:\/\/hankkeet.karelia.fi\/evita\/","logo":{"@type":"ImageObject","inLanguage":"fi","@id":"https:\/\/hankkeet.karelia.fi\/evita\/#\/schema\/logo\/image\/","url":"https:\/\/hankkeet.karelia.fi\/evita\/wp-content\/uploads\/sites\/24\/2026\/03\/cropped-cropped-Karelia_AMK_logo_RGB-1.png","contentUrl":"https:\/\/hankkeet.karelia.fi\/evita\/wp-content\/uploads\/sites\/24\/2026\/03\/cropped-cropped-Karelia_AMK_logo_RGB-1.png","width":427,"height":116,"caption":"Energiavirrat talteen ja kiertoon &#8211; EVITA"},"image":{"@id":"https:\/\/hankkeet.karelia.fi\/evita\/#\/schema\/logo\/image\/"}}]}},"_links":{"self":[{"href":"https:\/\/hankkeet.karelia.fi\/evita\/wp-json\/wp\/v2\/pages\/20","targetHints":{"allow":["GET"]}}],"collection":[{"href":"https:\/\/hankkeet.karelia.fi\/evita\/wp-json\/wp\/v2\/pages"}],"about":[{"href":"https:\/\/hankkeet.karelia.fi\/evita\/wp-json\/wp\/v2\/types\/page"}],"replies":[{"embeddable":true,"href":"https:\/\/hankkeet.karelia.fi\/evita\/wp-json\/wp\/v2\/comments?post=20"}],"version-history":[{"count":0,"href":"https:\/\/hankkeet.karelia.fi\/evita\/wp-json\/wp\/v2\/pages\/20\/revisions"}],"wp:featuredmedia":[{"embeddable":true,"href":"https:\/\/hankkeet.karelia.fi\/evita\/wp-json\/wp\/v2\/media\/17"}],"wp:attachment":[{"href":"https:\/\/hankkeet.karelia.fi\/evita\/wp-json\/wp\/v2\/media?parent=20"}],"curies":[{"name":"wp","href":"https:\/\/api.w.org\/{rel}","templated":true}]}}