{"id":19,"date":"2026-03-17T16:09:07","date_gmt":"2026-03-17T14:09:07","guid":{"rendered":"https:\/\/hankkeet.karelia.fi\/hyvinvointialan-kumppanuuksilla-vaikuttaviin-palveluihin\/hyvinvointialan-kumppanuuksilla-vaikuttaviin-palveluihin\/"},"modified":"2026-03-17T16:09:07","modified_gmt":"2026-03-17T14:09:07","slug":"hyvinvointialan-kumppanuuksilla-vaikuttaviin-palveluihin","status":"publish","type":"page","link":"https:\/\/hankkeet.karelia.fi\/hyvinvointialan-kumppanuuksilla-vaikuttaviin-palveluihin\/","title":{"rendered":"Hyvinvointialan kumppanuuksilla vaikuttaviin palveluihin"},"content":{"rendered":"\n<figure class=\"wp-block-image size-full\"><img decoding=\"async\" src=\"https:\/\/hankkeet.karelia.fi\/hyvinvointialan-kumppanuuksilla-vaikuttaviin-palveluihin\/wp-content\/uploads\/sites\/72\/2026\/03\/Logokoonti-VaPa-valkoinen-1-1024x205-1.webp\" alt class=\"wp-image-64254\"><\/figure>\n\n\n\n<p>VaPa-han\u00adke on hyv\u00adin\u00advoin\u00adtialan toim\u00adi\u00adjoille suun\u00adnat\u00adtu han\u00adke, joka t\u00e4ht\u00e4\u00e4 uusien asi\u00adakasl\u00e4ht\u00f6is\u00adten palvelu\u00adiden luomiseen hyv\u00adin\u00advoin\u00adtialalle. Uusia palvelui\u00adta ja palvelupolku\u00adja luo\u00addaan hyv\u00adin\u00advoin\u00adtialan yri\u00adtys\u00adten ja muiden toim\u00adi\u00adjoiden muo\u00addostamis\u00adsa verkos\u00adtois\u00adsa. Samal\u00adla han\u00adke tar\u00adjoaa apua yri\u00adtys\u00adten uud\u00adis\u00adtu\u00admiseen esimerkik\u00adsi palvelu\u00admuo\u00adtoilun, dig\u00adi\u00adtaal\u00adis\u00adten palvelukokeilu\u00adjen ja johtamisen sar\u00adal\u00adla.<\/p>\n\n\n\n<h2 class=\"wp-block-heading\">Uudistumisen apua hyvinvointialalle<\/h2>\n\n\n\n<p>Hyv\u00adin\u00advoin\u00adtialan kump\u00adpanuuk\u00adsil\u00adla vaikut\u00adtavi\u00adin palvelui\u00adhin, eli tut\u00adtaval\u00adlisem\u00admin VaPa-han\u00adke on hyv\u00adin\u00advoin\u00adtialan toim\u00adi\u00adjoille suun\u00adnat\u00adtu han\u00adke, joka jatkuu helmiku\u00adun lop\u00adpu\u00adun 2023. Mukaan ovat siis ter\u00adve\u00adtullei\u00adta niin yri\u00adtyk\u00adset, yhteis\u00f6t kuin alalle yri\u00adtys\u00adtoim\u00adintaa suun\u00adnit\u00adtel\u00ade\u00advat yksi\u00adty\u00adishenkil\u00f6tkin. Han\u00adkkeen tarkoituk\u00adse\u00adna on luo\u00adda uusia verkos\u00adto\u00adja ja yhteisty\u00f6n muo\u00adto\u00adja hyv\u00adin\u00advoin\u00adtialalle, sek\u00e4 kehit\u00adt\u00e4\u00e4 alan liike\u00adtoim\u00adintaa. Asi\u00adakasl\u00e4ht\u00f6is\u00adten palvelu\u00adiden kehit\u00adt\u00e4misek\u00adsi kootaan ennakkoin\u00adti\u00adti\u00adetoa.<\/p>\n\n\n\n<p>Han\u00adkkeen osal\u00adlis\u00adtu\u00adjat p\u00e4\u00e4\u00adsev\u00e4t tutus\u00adtu\u00admaan esimerkik\u00adsi palvelu\u00admuo\u00adtoilu\u00adun, sopimusjuridi\u00adikkaan, inno\u00advaa\u00adtioi\u00adhin, ty\u00f6hyv\u00adin\u00advoin\u00adti\u00adin, johtamiseen ja alan dig\u00adi\u00adtaal\u00adisi\u00adin apu\u00adv\u00e4\u00adlineisi\u00adin. Osal\u00adlis\u00adtu\u00adjien on my\u00f6s mah\u00addol\u00adlista osal\u00adlis\u00adtua dig\u00adi\u00adtaal\u00adisi\u00adin palvelukokeilui\u00adhin, sek\u00e4 tilanteen sal\u00adlies\u00adsa l\u00e4hte\u00e4 mukaamme bench\u00admark\u00ading- tai mes\u00adsumatkalle.<\/p>\n\n\n\n<p>Han\u00adket\u00adta toteut\u00adta\u00advat Kare\u00adlia-ammat\u00adtiko\u00adrkeak\u00adoulu ja Kes\u00adki-Kar\u00adjalan kehi\u00adtysy\u00adhti\u00f6 KETI.<\/p>\n\n\n\n<h3 class=\"wp-block-heading\"><strong>Ty\u00f6paketit<\/strong><\/h3>\n\n\n\n<p>1. Kootaan ja analysoidaan ole\u00admas\u00adsa ole\u00adva ennakoin\u00adti\u00adti\u00adeto hyv\u00adin\u00advoin\u00adtialan mega\u00adtren\u00addeist\u00e4 ja hil\u00adjai\u00adsista sig\u00adnaaleista kehit\u00adt\u00e4misty\u00f6n tuek\u00adsi<\/p>\n\n\n\n<p>2. Hyv\u00adin\u00advoin\u00adtialan palvelun\u00adtuot\u00adta\u00adjille j\u00e4r\u00adjestet\u00e4\u00e4n koulu\u00adtus- ja verkos\u00adtoi\u00adtu\u00admisti\u00adlaisuuk\u00adsia, jois\u00adsa raken\u00adnetaan kump\u00adpanuuk\u00adsia ja kehitet\u00e4\u00e4n verkos\u00adtoy\u00adhteisty\u00f6t\u00e4 sek\u00e4 siihen liit\u00adtyv\u00e4\u00e4 ymm\u00e4r\u00adryst\u00e4 ja osaamista.<\/p>\n\n\n\n<p>3. Vahvis\u00adte\u00adtaan johtamis\u2011, kehitt\u00e4mis\u2011, dig\u00adi\u00adtal\u00adisaa\u00adtio- ja verkos\u00adtoi\u00adtu\u00admisosaamista toim\u00adi\u00adjako\u00adhtais\u00adten tarpei\u00adden poh\u00adjal\u00adta liike\u00adtoimin\u00adnan edis\u00adt\u00e4misek\u00adsi ja ty\u00f6hyv\u00adin\u00advoin\u00adnin paran\u00adtamisek\u00adsi.<a href=\"https:\/\/www.addtoany.com\/share#url=https%3A%2F%2Fvapahanke.karelia.fi%2Fhankkeen-esittely%2F&amp;title=Hankkeen%20esittely\"><\/a><\/p>\n\n\n\n<p>Han\u00adkkeen toim\u00adinta-aika on 1.9.2020\u201328.2.2023. Han\u00adket\u00adta rahoit\u00adtaa Euroopan Union\u00adin Alueke\u00adhi\u00adtys\u00adra\u00adhas\u00adto EAKR\/Po\u00adhjois-Kar\u00adjalan maakun\u00adtali\u00adit\u00adto.<\/p>\n\n\n\n<h3 class=\"wp-block-heading\">Lis\u00e4tietoja<\/h3>\n\n\n\n<p><em>Pro\u00adjek\u00adti\u00adasiantun\u00adti\u00adja<\/em><br><strong>Juha Jalo\u00advaara<\/strong><br><em>juha.jalovaara@karelia.fi<\/em><br>+358 50 401 7485<\/p>\n\n\n\n<figure class=\"wp-block-embed is-type-video is-provider-youtube wp-block-embed-youtube wp-embed-aspect-16-9 wp-has-aspect-ratio\"><div class=\"wp-block-embed__wrapper\">\n<iframe loading=\"lazy\" title=\"Vapa-hanke: Hyvinvointialan kumppanuuksilla vaikuttaviin palveluihin\" width=\"500\" height=\"281\" src=\"https:\/\/www.youtube.com\/embed\/zZcYbfkADnM?feature=oembed\" frameborder=\"0\" allow=\"accelerometer; autoplay; clipboard-write; encrypted-media; gyroscope; picture-in-picture; web-share\" referrerpolicy=\"strict-origin-when-cross-origin\" allowfullscreen><\/iframe>\n<\/div><\/figure>\n\n\n\n<h3 class=\"wp-block-heading\">Hankkeessa mukana olevat hyvinvointialan toimijat<\/h3>\n\n\n\n<ul class=\"wp-block-list\">\n<li>Annalakodit<\/li>\n\n\n\n<li>Fys\u00adioter\u00adapia Joki\u00adnen<\/li>\n\n\n\n<li>Fys\u00adioter\u00adapi\u00ada\u00adpalvelu Leila Sirvi\u00f6<\/li>\n\n\n\n<li>Fysio-Voimala<\/li>\n\n\n\n<li>Fysio- ja Lym\u00adfat\u00ader\u00adapia Raisa Muho\u00adnen \/ Joen Fys\u00adi\u00adoLym\u00adfa<\/li>\n\n\n\n<li>Her\u00admoratahiero\u00adja Sinikka Haara\u00adnen<\/li>\n\n\n\n<li>Hierontapiste Mervi Heiska\u00adnen<\/li>\n\n\n\n<li>Hierontapiste Peukalon Voima<\/li>\n\n\n\n<li>Hoitokoti Aatos Oy<\/li>\n\n\n\n<li>Hoitokoti Ukon\u00adhat\u00adtu<\/li>\n\n\n\n<li>Ilona Oy<\/li>\n\n\n\n<li>It\u00e4-Suomen Koti\u00adhoito Hymynkare<\/li>\n\n\n\n<li>Joen\u00adHalt<\/li>\n\n\n\n<li>Kiteen evanke\u00adli\u00adnen kansanopis\u00adto<\/li>\n\n\n\n<li>Liek\u00adsan Orto\u00adfy\u00adsio<\/li>\n\n\n\n<li>Liikun\u00adta- ja hyv\u00adin\u00advoin\u00adtipalvelu Luja &amp; Lem\u00adpe\u00e4<\/li>\n\n\n\n<li>Kan\u00adnus\u00adta\u00admo<\/li>\n\n\n\n<li>Mie\u00adlenkaari<\/li>\n\n\n\n<li>M\u00e4n\u00adtyniemen Iki\u00adhon\u00adka<\/li>\n\n\n\n<li>Nurmek\u00adsen Opti\u00adik\u00adka<\/li>\n\n\n\n<li>Ondrus<\/li>\n\n\n\n<li>OMT Fysio Joen\u00adsuu<\/li>\n\n\n\n<li>PDGE<\/li>\n\n\n\n<li>Rei\u00adjolan Fys\u00adioter\u00adapia<\/li>\n\n\n\n<li>Rhi\u00adan\u00adnon<\/li>\n\n\n\n<li>Fysikaa\u00adli\u00adnen hoito\u00adla Ter\u00adhak\u00adka<\/li>\n\n\n\n<li>Tui\u00adja Koso\u00adnen<\/li>\n\n\n\n<li>Kun\u00adtokeskus Ener\u00adgy<\/li>\n\n\n\n<li>Fysikaa\u00adli\u00adnen hoito\u00adlaitos Fys\u00adiodag<\/li>\n\n\n\n<li>Kun\u00adto\u00adhelp<\/li>\n\n\n\n<li>Kotikar\u00adtanoy\u00adhdis\u00adtys<\/li>\n\n\n\n<li>Psykoter\u00adapia Kaisa K\u00e4hk\u00f6\u00adnen<\/li>\n\n\n\n<li>Hyv\u00adin\u00advoin\u00adti- ja val\u00admen\u00adnus\u00adpalve\u00adlut Aal\u00adlon\u00adVoima<\/li>\n\n\n\n<li>Enon Fysikaa\u00adli\u00adnen hoito\u00adlaitos<\/li>\n\n\n\n<li>Koti\u00adsairaan\u00adhoitopalve\u00adlut Sa-Tu V\u00e4is\u00e4\u00adnen<\/li>\n\n\n\n<li>Kun\u00adtoase\u00adma R\u00e4s\u00e4\u00adnen<\/li>\n\n\n\n<li>Rantakyl\u00e4n Fysikaa\u00adli\u00adnen Hoito\u00adlaitos<\/li>\n\n\n\n<li>Fys\u00adioter\u00adapia Sulavi<\/li>\n\n\n\n<li>Secu\u00adran\u00adga<\/li>\n\n\n\n<li>Per\u00adson\u00adal Train\u00ader Mart\u00adti<\/li>\n\n\n\n<li>Tui\u00adja Rani\u00adnen Train\u00ading<\/li>\n\n\n\n<li>Viva Bal\u00adan\u00adsia<\/li>\n\n\n\n<li>AiLin puap\u00ado\u00adla<\/li>\n<\/ul>\n","protected":false},"excerpt":{"rendered":"<p>VaPa-han\u00adke on hyv\u00adin\u00advoin\u00adtialan toim\u00adi\u00adjoille suun\u00adnat\u00adtu han\u00adke, joka t\u00e4ht\u00e4\u00e4 uusien asi\u00adakasl\u00e4ht\u00f6is\u00adten palvelu\u00adiden luomiseen hyv\u00adin\u00advoin\u00adtialalle. Uusia palvelui\u00adta ja palvelupolku\u00adja luo\u00addaan hyv\u00adin\u00advoin\u00adtialan yri\u00adtys\u00adten ja muiden toim\u00adi\u00adjoiden muo\u00addostamis\u00adsa verkos\u00adtois\u00adsa. Samal\u00adla han\u00adke tar\u00adjoaa apua yri\u00adtys\u00adten uud\u00adis\u00adtu\u00admiseen esimerkik\u00adsi palvelu\u00admuo\u00adtoilun, dig\u00adi\u00adtaal\u00adis\u00adten palvelukokeilu\u00adjen ja johtamisen sar\u00adal\u00adla. Uud\u00adis\u00adtu\u00admisen apua hyv\u00adin\u00advoin\u00adtialalle Hyv\u00adin\u00advoin\u00adtialan kump\u00adpanuuk\u00adsil\u00adla vaikut\u00adtavi\u00adin palvelui\u00adhin, eli tut\u00adtaval\u00adlisem\u00admin VaPa-han\u00adke on hyv\u00adin\u00advoin\u00adtialan toim\u00adi\u00adjoille suun\u00adnat\u00adtu han\u00adke, joka jatkuu [\u2026]<\/p>\n","protected":false},"author":0,"featured_media":17,"parent":0,"menu_order":0,"comment_status":"closed","ping_status":"closed","template":"","meta":{"inline_featured_image":false,"wp_typography_post_enhancements_disabled":false,"footnotes":""},"class_list":["post-19","page","type-page","status-publish","has-post-thumbnail","hentry"],"yoast_head":"<!-- This site is optimized with the Yoast SEO plugin v27.5 - https:\/\/yoast.com\/product\/yoast-seo-wordpress\/ -->\n<title>Hyvinvointialan kumppanuuksilla vaikuttaviin palveluihin - Hyvinvointialan kumppanuuksilla vaikuttaviin palveluihin<\/title>\n<meta name=\"robots\" content=\"index, follow, max-snippet:-1, max-image-preview:large, max-video-preview:-1\" \/>\n<link rel=\"canonical\" href=\"https:\/\/hankkeet.karelia.fi\/hyvinvointialan-kumppanuuksilla-vaikuttaviin-palveluihin\/\" \/>\n<meta property=\"og:locale\" content=\"fi_FI\" \/>\n<meta property=\"og:type\" content=\"article\" \/>\n<meta property=\"og:title\" content=\"Hyvinvointialan kumppanuuksilla vaikuttaviin palveluihin - Hyvinvointialan kumppanuuksilla vaikuttaviin palveluihin\" \/>\n<meta property=\"og:description\" content=\"VaPa-han\u00adke on hyv\u00adin\u00advoin\u00adtialan toim\u00adi\u00adjoille suun\u00adnat\u00adtu han\u00adke, joka t\u00e4ht\u00e4\u00e4 uusien asi\u00adakasl\u00e4ht\u00f6is\u00adten palvelu\u00adiden luomiseen hyv\u00adin\u00advoin\u00adtialalle. Uusia palvelui\u00adta ja palvelupolku\u00adja luo\u00addaan hyv\u00adin\u00advoin\u00adtialan yri\u00adtys\u00adten ja muiden toim\u00adi\u00adjoiden muo\u00addostamis\u00adsa verkos\u00adtois\u00adsa. Samal\u00adla han\u00adke tar\u00adjoaa apua yri\u00adtys\u00adten uud\u00adis\u00adtu\u00admiseen esimerkik\u00adsi palvelu\u00admuo\u00adtoilun, dig\u00adi\u00adtaal\u00adis\u00adten palvelukokeilu\u00adjen ja johtamisen sar\u00adal\u00adla. Uudistumisen apua hyvinvointialalle Hyv\u00adin\u00advoin\u00adtialan kump\u00adpanuuk\u00adsil\u00adla vaikut\u00adtavi\u00adin palvelui\u00adhin, eli tut\u00adtaval\u00adlisem\u00admin VaPa-han\u00adke on hyv\u00adin\u00advoin\u00adtialan toim\u00adi\u00adjoille suun\u00adnat\u00adtu han\u00adke, joka jatkuu [&hellip;]\" \/>\n<meta property=\"og:url\" content=\"https:\/\/hankkeet.karelia.fi\/hyvinvointialan-kumppanuuksilla-vaikuttaviin-palveluihin\/\" \/>\n<meta property=\"og:site_name\" content=\"Hyvinvointialan kumppanuuksilla vaikuttaviin palveluihin\" \/>\n<meta name=\"twitter:card\" content=\"summary_large_image\" \/>\n<meta name=\"twitter:label1\" content=\"Arvioitu lukuaika\" \/>\n\t<meta name=\"twitter:data1\" content=\"2 minuuttia\" \/>\n<script type=\"application\/ld+json\" class=\"yoast-schema-graph\">{\"@context\":\"https:\\\/\\\/schema.org\",\"@graph\":[{\"@type\":\"WebPage\",\"@id\":\"https:\\\/\\\/hankkeet.karelia.fi\\\/hyvinvointialan-kumppanuuksilla-vaikuttaviin-palveluihin\\\/\",\"url\":\"https:\\\/\\\/hankkeet.karelia.fi\\\/hyvinvointialan-kumppanuuksilla-vaikuttaviin-palveluihin\\\/\",\"name\":\"Hyvinvointialan kumppanuuksilla vaikuttaviin palveluihin - Hyvinvointialan kumppanuuksilla vaikuttaviin palveluihin\",\"isPartOf\":{\"@id\":\"https:\\\/\\\/hankkeet.karelia.fi\\\/hyvinvointialan-kumppanuuksilla-vaikuttaviin-palveluihin\\\/#website\"},\"primaryImageOfPage\":{\"@id\":\"https:\\\/\\\/hankkeet.karelia.fi\\\/hyvinvointialan-kumppanuuksilla-vaikuttaviin-palveluihin\\\/#primaryimage\"},\"image\":{\"@id\":\"https:\\\/\\\/hankkeet.karelia.fi\\\/hyvinvointialan-kumppanuuksilla-vaikuttaviin-palveluihin\\\/#primaryimage\"},\"thumbnailUrl\":\"https:\\\/\\\/hankkeet.karelia.fi\\\/hyvinvointialan-kumppanuuksilla-vaikuttaviin-palveluihin\\\/wp-content\\\/uploads\\\/sites\\\/72\\\/2026\\\/03\\\/vapa.png\",\"datePublished\":\"2026-03-17T14:09:07+00:00\",\"breadcrumb\":{\"@id\":\"https:\\\/\\\/hankkeet.karelia.fi\\\/hyvinvointialan-kumppanuuksilla-vaikuttaviin-palveluihin\\\/#breadcrumb\"},\"inLanguage\":\"fi\",\"potentialAction\":[{\"@type\":\"ReadAction\",\"target\":[\"https:\\\/\\\/hankkeet.karelia.fi\\\/hyvinvointialan-kumppanuuksilla-vaikuttaviin-palveluihin\\\/\"]}]},{\"@type\":\"ImageObject\",\"inLanguage\":\"fi\",\"@id\":\"https:\\\/\\\/hankkeet.karelia.fi\\\/hyvinvointialan-kumppanuuksilla-vaikuttaviin-palveluihin\\\/#primaryimage\",\"url\":\"https:\\\/\\\/hankkeet.karelia.fi\\\/hyvinvointialan-kumppanuuksilla-vaikuttaviin-palveluihin\\\/wp-content\\\/uploads\\\/sites\\\/72\\\/2026\\\/03\\\/vapa.png\",\"contentUrl\":\"https:\\\/\\\/hankkeet.karelia.fi\\\/hyvinvointialan-kumppanuuksilla-vaikuttaviin-palveluihin\\\/wp-content\\\/uploads\\\/sites\\\/72\\\/2026\\\/03\\\/vapa.png\",\"width\":1160,\"height\":500},{\"@type\":\"BreadcrumbList\",\"@id\":\"https:\\\/\\\/hankkeet.karelia.fi\\\/hyvinvointialan-kumppanuuksilla-vaikuttaviin-palveluihin\\\/#breadcrumb\",\"itemListElement\":[{\"@type\":\"ListItem\",\"position\":1,\"name\":\"Home\",\"item\":\"https:\\\/\\\/hankkeet.karelia.fi\\\/hyvinvointialan-kumppanuuksilla-vaikuttaviin-palveluihin\\\/hyvinvointialan-kumppanuuksilla-vaikuttaviin-palveluihin\\\/\"},{\"@type\":\"ListItem\",\"position\":2,\"name\":\"Hyvinvointialan kumppanuuksilla vaikuttaviin palveluihin\"}]},{\"@type\":\"WebSite\",\"@id\":\"https:\\\/\\\/hankkeet.karelia.fi\\\/hyvinvointialan-kumppanuuksilla-vaikuttaviin-palveluihin\\\/#website\",\"url\":\"https:\\\/\\\/hankkeet.karelia.fi\\\/hyvinvointialan-kumppanuuksilla-vaikuttaviin-palveluihin\\\/\",\"name\":\"Hyvinvointialan kumppanuuksilla vaikuttaviin palveluihin\",\"description\":\"\",\"publisher\":{\"@id\":\"https:\\\/\\\/hankkeet.karelia.fi\\\/hyvinvointialan-kumppanuuksilla-vaikuttaviin-palveluihin\\\/#organization\"},\"potentialAction\":[{\"@type\":\"SearchAction\",\"target\":{\"@type\":\"EntryPoint\",\"urlTemplate\":\"https:\\\/\\\/hankkeet.karelia.fi\\\/hyvinvointialan-kumppanuuksilla-vaikuttaviin-palveluihin\\\/?s={search_term_string}\"},\"query-input\":{\"@type\":\"PropertyValueSpecification\",\"valueRequired\":true,\"valueName\":\"search_term_string\"}}],\"inLanguage\":\"fi\"},{\"@type\":\"Organization\",\"@id\":\"https:\\\/\\\/hankkeet.karelia.fi\\\/hyvinvointialan-kumppanuuksilla-vaikuttaviin-palveluihin\\\/#organization\",\"name\":\"Hyvinvointialan kumppanuuksilla vaikuttaviin palveluihin\",\"url\":\"https:\\\/\\\/hankkeet.karelia.fi\\\/hyvinvointialan-kumppanuuksilla-vaikuttaviin-palveluihin\\\/\",\"logo\":{\"@type\":\"ImageObject\",\"inLanguage\":\"fi\",\"@id\":\"https:\\\/\\\/hankkeet.karelia.fi\\\/hyvinvointialan-kumppanuuksilla-vaikuttaviin-palveluihin\\\/#\\\/schema\\\/logo\\\/image\\\/\",\"url\":\"https:\\\/\\\/hankkeet.karelia.fi\\\/hyvinvointialan-kumppanuuksilla-vaikuttaviin-palveluihin\\\/wp-content\\\/uploads\\\/sites\\\/72\\\/2026\\\/03\\\/cropped-cropped-Karelia_AMK_logo_RGB-1.png\",\"contentUrl\":\"https:\\\/\\\/hankkeet.karelia.fi\\\/hyvinvointialan-kumppanuuksilla-vaikuttaviin-palveluihin\\\/wp-content\\\/uploads\\\/sites\\\/72\\\/2026\\\/03\\\/cropped-cropped-Karelia_AMK_logo_RGB-1.png\",\"width\":427,\"height\":116,\"caption\":\"Hyvinvointialan kumppanuuksilla vaikuttaviin palveluihin\"},\"image\":{\"@id\":\"https:\\\/\\\/hankkeet.karelia.fi\\\/hyvinvointialan-kumppanuuksilla-vaikuttaviin-palveluihin\\\/#\\\/schema\\\/logo\\\/image\\\/\"}}]}<\/script>\n<!-- \/ Yoast SEO plugin. -->","yoast_head_json":{"title":"Hyvinvointialan kumppanuuksilla vaikuttaviin palveluihin - Hyvinvointialan kumppanuuksilla vaikuttaviin palveluihin","robots":{"index":"index","follow":"follow","max-snippet":"max-snippet:-1","max-image-preview":"max-image-preview:large","max-video-preview":"max-video-preview:-1"},"canonical":"https:\/\/hankkeet.karelia.fi\/hyvinvointialan-kumppanuuksilla-vaikuttaviin-palveluihin\/","og_locale":"fi_FI","og_type":"article","og_title":"Hyvinvointialan kumppanuuksilla vaikuttaviin palveluihin - Hyvinvointialan kumppanuuksilla vaikuttaviin palveluihin","og_description":"VaPa-han\u00adke on hyv\u00adin\u00advoin\u00adtialan toim\u00adi\u00adjoille suun\u00adnat\u00adtu han\u00adke, joka t\u00e4ht\u00e4\u00e4 uusien asi\u00adakasl\u00e4ht\u00f6is\u00adten palvelu\u00adiden luomiseen hyv\u00adin\u00advoin\u00adtialalle. Uusia palvelui\u00adta ja palvelupolku\u00adja luo\u00addaan hyv\u00adin\u00advoin\u00adtialan yri\u00adtys\u00adten ja muiden toim\u00adi\u00adjoiden muo\u00addostamis\u00adsa verkos\u00adtois\u00adsa. Samal\u00adla han\u00adke tar\u00adjoaa apua yri\u00adtys\u00adten uud\u00adis\u00adtu\u00admiseen esimerkik\u00adsi palvelu\u00admuo\u00adtoilun, dig\u00adi\u00adtaal\u00adis\u00adten palvelukokeilu\u00adjen ja johtamisen sar\u00adal\u00adla. Uudistumisen apua hyvinvointialalle Hyv\u00adin\u00advoin\u00adtialan kump\u00adpanuuk\u00adsil\u00adla vaikut\u00adtavi\u00adin palvelui\u00adhin, eli tut\u00adtaval\u00adlisem\u00admin VaPa-han\u00adke on hyv\u00adin\u00advoin\u00adtialan toim\u00adi\u00adjoille suun\u00adnat\u00adtu han\u00adke, joka jatkuu [&hellip;]","og_url":"https:\/\/hankkeet.karelia.fi\/hyvinvointialan-kumppanuuksilla-vaikuttaviin-palveluihin\/","og_site_name":"Hyvinvointialan kumppanuuksilla vaikuttaviin palveluihin","twitter_card":"summary_large_image","twitter_misc":{"Arvioitu lukuaika":"2 minuuttia"},"schema":{"@context":"https:\/\/schema.org","@graph":[{"@type":"WebPage","@id":"https:\/\/hankkeet.karelia.fi\/hyvinvointialan-kumppanuuksilla-vaikuttaviin-palveluihin\/","url":"https:\/\/hankkeet.karelia.fi\/hyvinvointialan-kumppanuuksilla-vaikuttaviin-palveluihin\/","name":"Hyvinvointialan kumppanuuksilla vaikuttaviin palveluihin - Hyvinvointialan kumppanuuksilla vaikuttaviin palveluihin","isPartOf":{"@id":"https:\/\/hankkeet.karelia.fi\/hyvinvointialan-kumppanuuksilla-vaikuttaviin-palveluihin\/#website"},"primaryImageOfPage":{"@id":"https:\/\/hankkeet.karelia.fi\/hyvinvointialan-kumppanuuksilla-vaikuttaviin-palveluihin\/#primaryimage"},"image":{"@id":"https:\/\/hankkeet.karelia.fi\/hyvinvointialan-kumppanuuksilla-vaikuttaviin-palveluihin\/#primaryimage"},"thumbnailUrl":"https:\/\/hankkeet.karelia.fi\/hyvinvointialan-kumppanuuksilla-vaikuttaviin-palveluihin\/wp-content\/uploads\/sites\/72\/2026\/03\/vapa.png","datePublished":"2026-03-17T14:09:07+00:00","breadcrumb":{"@id":"https:\/\/hankkeet.karelia.fi\/hyvinvointialan-kumppanuuksilla-vaikuttaviin-palveluihin\/#breadcrumb"},"inLanguage":"fi","potentialAction":[{"@type":"ReadAction","target":["https:\/\/hankkeet.karelia.fi\/hyvinvointialan-kumppanuuksilla-vaikuttaviin-palveluihin\/"]}]},{"@type":"ImageObject","inLanguage":"fi","@id":"https:\/\/hankkeet.karelia.fi\/hyvinvointialan-kumppanuuksilla-vaikuttaviin-palveluihin\/#primaryimage","url":"https:\/\/hankkeet.karelia.fi\/hyvinvointialan-kumppanuuksilla-vaikuttaviin-palveluihin\/wp-content\/uploads\/sites\/72\/2026\/03\/vapa.png","contentUrl":"https:\/\/hankkeet.karelia.fi\/hyvinvointialan-kumppanuuksilla-vaikuttaviin-palveluihin\/wp-content\/uploads\/sites\/72\/2026\/03\/vapa.png","width":1160,"height":500},{"@type":"BreadcrumbList","@id":"https:\/\/hankkeet.karelia.fi\/hyvinvointialan-kumppanuuksilla-vaikuttaviin-palveluihin\/#breadcrumb","itemListElement":[{"@type":"ListItem","position":1,"name":"Home","item":"https:\/\/hankkeet.karelia.fi\/hyvinvointialan-kumppanuuksilla-vaikuttaviin-palveluihin\/hyvinvointialan-kumppanuuksilla-vaikuttaviin-palveluihin\/"},{"@type":"ListItem","position":2,"name":"Hyvinvointialan kumppanuuksilla vaikuttaviin palveluihin"}]},{"@type":"WebSite","@id":"https:\/\/hankkeet.karelia.fi\/hyvinvointialan-kumppanuuksilla-vaikuttaviin-palveluihin\/#website","url":"https:\/\/hankkeet.karelia.fi\/hyvinvointialan-kumppanuuksilla-vaikuttaviin-palveluihin\/","name":"Hyvinvointialan kumppanuuksilla vaikuttaviin palveluihin","description":"","publisher":{"@id":"https:\/\/hankkeet.karelia.fi\/hyvinvointialan-kumppanuuksilla-vaikuttaviin-palveluihin\/#organization"},"potentialAction":[{"@type":"SearchAction","target":{"@type":"EntryPoint","urlTemplate":"https:\/\/hankkeet.karelia.fi\/hyvinvointialan-kumppanuuksilla-vaikuttaviin-palveluihin\/?s={search_term_string}"},"query-input":{"@type":"PropertyValueSpecification","valueRequired":true,"valueName":"search_term_string"}}],"inLanguage":"fi"},{"@type":"Organization","@id":"https:\/\/hankkeet.karelia.fi\/hyvinvointialan-kumppanuuksilla-vaikuttaviin-palveluihin\/#organization","name":"Hyvinvointialan kumppanuuksilla vaikuttaviin palveluihin","url":"https:\/\/hankkeet.karelia.fi\/hyvinvointialan-kumppanuuksilla-vaikuttaviin-palveluihin\/","logo":{"@type":"ImageObject","inLanguage":"fi","@id":"https:\/\/hankkeet.karelia.fi\/hyvinvointialan-kumppanuuksilla-vaikuttaviin-palveluihin\/#\/schema\/logo\/image\/","url":"https:\/\/hankkeet.karelia.fi\/hyvinvointialan-kumppanuuksilla-vaikuttaviin-palveluihin\/wp-content\/uploads\/sites\/72\/2026\/03\/cropped-cropped-Karelia_AMK_logo_RGB-1.png","contentUrl":"https:\/\/hankkeet.karelia.fi\/hyvinvointialan-kumppanuuksilla-vaikuttaviin-palveluihin\/wp-content\/uploads\/sites\/72\/2026\/03\/cropped-cropped-Karelia_AMK_logo_RGB-1.png","width":427,"height":116,"caption":"Hyvinvointialan kumppanuuksilla vaikuttaviin palveluihin"},"image":{"@id":"https:\/\/hankkeet.karelia.fi\/hyvinvointialan-kumppanuuksilla-vaikuttaviin-palveluihin\/#\/schema\/logo\/image\/"}}]}},"_links":{"self":[{"href":"https:\/\/hankkeet.karelia.fi\/hyvinvointialan-kumppanuuksilla-vaikuttaviin-palveluihin\/wp-json\/wp\/v2\/pages\/19","targetHints":{"allow":["GET"]}}],"collection":[{"href":"https:\/\/hankkeet.karelia.fi\/hyvinvointialan-kumppanuuksilla-vaikuttaviin-palveluihin\/wp-json\/wp\/v2\/pages"}],"about":[{"href":"https:\/\/hankkeet.karelia.fi\/hyvinvointialan-kumppanuuksilla-vaikuttaviin-palveluihin\/wp-json\/wp\/v2\/types\/page"}],"replies":[{"embeddable":true,"href":"https:\/\/hankkeet.karelia.fi\/hyvinvointialan-kumppanuuksilla-vaikuttaviin-palveluihin\/wp-json\/wp\/v2\/comments?post=19"}],"version-history":[{"count":0,"href":"https:\/\/hankkeet.karelia.fi\/hyvinvointialan-kumppanuuksilla-vaikuttaviin-palveluihin\/wp-json\/wp\/v2\/pages\/19\/revisions"}],"wp:featuredmedia":[{"embeddable":true,"href":"https:\/\/hankkeet.karelia.fi\/hyvinvointialan-kumppanuuksilla-vaikuttaviin-palveluihin\/wp-json\/wp\/v2\/media\/17"}],"wp:attachment":[{"href":"https:\/\/hankkeet.karelia.fi\/hyvinvointialan-kumppanuuksilla-vaikuttaviin-palveluihin\/wp-json\/wp\/v2\/media?parent=19"}],"curies":[{"name":"wp","href":"https:\/\/api.w.org\/{rel}","templated":true}]}}