{"id":19,"date":"2026-03-17T14:19:35","date_gmt":"2026-03-17T12:19:35","guid":{"rendered":"https:\/\/hankkeet.karelia.fi\/ict-konesali-investointi-ja-integraatiot-oppimislaboratorioihin\/ict-konesali-investointi-ja-integraatiot-oppimislaboratorioihin\/"},"modified":"2026-03-17T14:19:35","modified_gmt":"2026-03-17T12:19:35","slug":"ict-konesali-investointi-ja-integraatiot-oppimislaboratorioihin","status":"publish","type":"page","link":"https:\/\/hankkeet.karelia.fi\/ict-konesali-investointi-ja-integraatiot-oppimislaboratorioihin\/","title":{"rendered":"ICT-konesali investointi ja integraatiot oppimislaboratorioihin"},"content":{"rendered":"\n<figure class=\"wp-block-image size-large is-resized\"><img decoding=\"async\" src=\"https:\/\/hankkeet.karelia.fi\/ict-konesali-investointi-ja-integraatiot-oppimislaboratorioihin\/wp-content\/uploads\/sites\/59\/2026\/03\/eu-osarahoitus-ja-maakuntaliitto-1024x136-1.jpg\" alt class=\"wp-image-69692\" style=\"width:515px;height:auto\"><\/figure>\n\n\n\n<p>\u00c4lykam\u00adpus on Kare\u00adlia-ammat\u00adtiko\u00adrkeak\u00adoulun strate\u00adgi\u00adnen tutkimusym\u00adp\u00e4rist\u00f6\u00adjen kehit\u00adt\u00e4miso\u00adhjel\u00adma, joka vas\u00adtaa alueen yri\u00adtys\u00adten tule\u00advaisu\u00adu\u00adden haasteisi\u00adin vihre\u00e4n siir\u00adtym\u00e4n kon\u00adtek\u00adstis\u00adsa. Han\u00adkkeessa toteutetaan Kare\u00adlian ICT-kone\u00adsalin ja lab\u00ado\u00adra\u00adto\u00adri\u00adon investoin\u00adti ja sit\u00e4 tuke\u00adva kehit\u00adt\u00e4mis\u00adhanke. ICT-kone\u00adsalin tukee maakun\u00adnan yksi\u00adty\u00adisi\u00e4 ja julk\u00adisia organ\u00adisaa\u00adtioi\u00adta dig\u00adi\u00adtaalises\u00adsa siir\u00adtym\u00e4ss\u00e4 ja datan k\u00e4sit\u00adtelyss\u00e4, hallinnoin\u00adnis\u00adsa, julkaisemises\u00adsa, kump\u00adpaniverkos\u00adton datan hy\u00f6\u00addyn\u00adt\u00e4misess\u00e4, dig\u00adi\u00adtaal\u00adis\u00adten kump\u00adpanuuk\u00adsien rak\u00aden\u00adtamises\u00adsa ja inno\u00advaa\u00adtioiden kehit\u00adt\u00e4misess\u00e4. <\/p>\n\n\n\n<p>Han\u00adkkeen kehit\u00adt\u00e4miso\u00adsios\u00adsa pilo\u00adtoidaan Kajaanin CSC:n Lumi-super\u00adti\u00adetokoneen hy\u00f6\u00addyn\u00adt\u00e4mist\u00e4. Lis\u00e4k\u00adsi selvitel\u00adl\u00e4\u00e4n ICT-alal\u00adla sovel\u00adletun ekosys\u00adteemil\u00e4h\u00adestymis\u00adta\u00advan hy\u00f6\u00addyn\u00adt\u00e4mist\u00e4 alueel\u00adlises\u00adsa kehit\u00adt\u00e4misess\u00e4 (esim. ARIA S.p.A. Azien\u00adda Regionale per l\u2019In\u00adno\u00advazione e gli Acquisti, Lom\u00adbar\u00addia, Italia).<\/p>\n\n\n\n<p>Han\u00adke tukee Pohjois-Kar\u00adjalan \u00e4lykk\u00e4\u00e4n erikois\u00adtu\u00admisen strate\u00adgiaa, eri\u00adtyis\u00ades\u00adti ICT-osaamisen kehit\u00adt\u00e4misen osalta.<\/p>\n\n\n\n<h2 class=\"wp-block-heading\">Toteutusaika <\/h2>\n\n\n\n<p>1.1.2024 \u2013 31.5.2026<\/p>\n\n\n\n<h2 class=\"wp-block-heading\">Yhteyshenkil\u00f6<\/h2>\n\n\n\n<p>FM Petri Laiti\u00adnen, <a href=\"mailto:petri.laitinen@karelia.fi\">petri.laitinen@karelia.fi<\/a>, puh. 050&nbsp;913 1668<\/p>\n","protected":false},"excerpt":{"rendered":"<p>\u00c4lykam\u00adpus on Kare\u00adlia-ammat\u00adtiko\u00adrkeak\u00adoulun strate\u00adgi\u00adnen tutkimusym\u00adp\u00e4rist\u00f6\u00adjen kehit\u00adt\u00e4miso\u00adhjel\u00adma, joka vas\u00adtaa alueen yri\u00adtys\u00adten tule\u00advaisu\u00adu\u00adden haasteisi\u00adin vihre\u00e4n siir\u00adtym\u00e4n kon\u00adtek\u00adstis\u00adsa. Han\u00adkkeessa toteutetaan Kare\u00adlian ICT-kone\u00adsalin ja lab\u00ado\u00adra\u00adto\u00adri\u00adon investoin\u00adti ja sit\u00e4 tuke\u00adva kehit\u00adt\u00e4mis\u00adhanke. ICT-kone\u00adsalin tukee maakun\u00adnan yksi\u00adty\u00adisi\u00e4 ja julk\u00adisia organ\u00adisaa\u00adtioi\u00adta dig\u00adi\u00adtaalises\u00adsa siir\u00adtym\u00e4ss\u00e4 ja datan k\u00e4sit\u00adtelyss\u00e4, hallinnoin\u00adnis\u00adsa, julkaisemises\u00adsa, kump\u00adpaniverkos\u00adton datan hy\u00f6\u00addyn\u00adt\u00e4misess\u00e4, dig\u00adi\u00adtaal\u00adis\u00adten kump\u00adpanuuk\u00adsien rak\u00aden\u00adtamises\u00adsa ja inno\u00advaa\u00adtioiden kehit\u00adt\u00e4misess\u00e4. Han\u00adkkeen kehit\u00adt\u00e4miso\u00adsios\u00adsa pilo\u00adtoidaan Kajaanin CSC:n Lumi-super\u00adti\u00ade\u00adtokoneen [\u2026]<\/p>\n","protected":false},"author":0,"featured_media":17,"parent":0,"menu_order":0,"comment_status":"closed","ping_status":"closed","template":"","meta":{"inline_featured_image":false,"wp_typography_post_enhancements_disabled":false,"footnotes":""},"class_list":["post-19","page","type-page","status-publish","has-post-thumbnail","hentry"],"yoast_head":"<!-- This site is optimized with the Yoast SEO plugin v27.5 - https:\/\/yoast.com\/product\/yoast-seo-wordpress\/ -->\n<title>ICT-konesali investointi ja integraatiot oppimislaboratorioihin - ICT-konesali investointi ja integraatiot oppimislaboratorioihin<\/title>\n<meta name=\"robots\" content=\"index, follow, max-snippet:-1, max-image-preview:large, max-video-preview:-1\" \/>\n<link rel=\"canonical\" href=\"https:\/\/hankkeet.karelia.fi\/ict-konesali-investointi-ja-integraatiot-oppimislaboratorioihin\/\" \/>\n<meta property=\"og:locale\" content=\"fi_FI\" \/>\n<meta property=\"og:type\" content=\"article\" \/>\n<meta property=\"og:title\" content=\"ICT-konesali investointi ja integraatiot oppimislaboratorioihin - ICT-konesali investointi ja integraatiot oppimislaboratorioihin\" \/>\n<meta property=\"og:description\" content=\"\u00c4lykam\u00adpus on Kare\u00adlia-ammat\u00adtiko\u00adrkeak\u00adoulun strate\u00adgi\u00adnen tutkimusym\u00adp\u00e4rist\u00f6\u00adjen kehit\u00adt\u00e4miso\u00adhjel\u00adma, joka vas\u00adtaa alueen yri\u00adtys\u00adten tule\u00advaisu\u00adu\u00adden haasteisi\u00adin vihre\u00e4n siir\u00adtym\u00e4n kon\u00adtek\u00adstis\u00adsa. Han\u00adkkeessa toteutetaan Kare\u00adlian ICT-kone\u00adsalin ja lab\u00ado\u00adra\u00adto\u00adri\u00adon investoin\u00adti ja sit\u00e4 tuke\u00adva kehit\u00adt\u00e4mis\u00adhanke. ICT-kone\u00adsalin tukee maakun\u00adnan yksi\u00adty\u00adisi\u00e4 ja julk\u00adisia organ\u00adisaa\u00adtioi\u00adta dig\u00adi\u00adtaalises\u00adsa siir\u00adtym\u00e4ss\u00e4 ja datan k\u00e4sit\u00adtelyss\u00e4, hallinnoin\u00adnis\u00adsa, julkaisemises\u00adsa, kump\u00adpaniverkos\u00adton datan hy\u00f6\u00addyn\u00adt\u00e4misess\u00e4, dig\u00adi\u00adtaal\u00adis\u00adten kump\u00adpanuuk\u00adsien rak\u00aden\u00adtamises\u00adsa ja inno\u00advaa\u00adtioiden kehit\u00adt\u00e4misess\u00e4. Han\u00adkkeen kehit\u00adt\u00e4miso\u00adsios\u00adsa pilo\u00adtoidaan Kajaanin CSC:n Lumi-super\u00adti\u00adetokoneen [&hellip;]\" \/>\n<meta property=\"og:url\" content=\"https:\/\/hankkeet.karelia.fi\/ict-konesali-investointi-ja-integraatiot-oppimislaboratorioihin\/\" \/>\n<meta property=\"og:site_name\" content=\"ICT-konesali investointi ja integraatiot oppimislaboratorioihin\" \/>\n<meta name=\"twitter:card\" content=\"summary_large_image\" \/>\n<meta name=\"twitter:label1\" content=\"Arvioitu lukuaika\" \/>\n\t<meta name=\"twitter:data1\" content=\"1 minuutti\" \/>\n<script type=\"application\/ld+json\" class=\"yoast-schema-graph\">{\"@context\":\"https:\\\/\\\/schema.org\",\"@graph\":[{\"@type\":\"WebPage\",\"@id\":\"https:\\\/\\\/hankkeet.karelia.fi\\\/ict-konesali-investointi-ja-integraatiot-oppimislaboratorioihin\\\/\",\"url\":\"https:\\\/\\\/hankkeet.karelia.fi\\\/ict-konesali-investointi-ja-integraatiot-oppimislaboratorioihin\\\/\",\"name\":\"ICT-konesali investointi ja integraatiot oppimislaboratorioihin - ICT-konesali investointi ja integraatiot oppimislaboratorioihin\",\"isPartOf\":{\"@id\":\"https:\\\/\\\/hankkeet.karelia.fi\\\/ict-konesali-investointi-ja-integraatiot-oppimislaboratorioihin\\\/#website\"},\"primaryImageOfPage\":{\"@id\":\"https:\\\/\\\/hankkeet.karelia.fi\\\/ict-konesali-investointi-ja-integraatiot-oppimislaboratorioihin\\\/#primaryimage\"},\"image\":{\"@id\":\"https:\\\/\\\/hankkeet.karelia.fi\\\/ict-konesali-investointi-ja-integraatiot-oppimislaboratorioihin\\\/#primaryimage\"},\"thumbnailUrl\":\"https:\\\/\\\/hankkeet.karelia.fi\\\/ict-konesali-investointi-ja-integraatiot-oppimislaboratorioihin\\\/wp-content\\\/uploads\\\/sites\\\/59\\\/2026\\\/03\\\/tietojenkasittely-kuva.jpg\",\"datePublished\":\"2026-03-17T12:19:35+00:00\",\"breadcrumb\":{\"@id\":\"https:\\\/\\\/hankkeet.karelia.fi\\\/ict-konesali-investointi-ja-integraatiot-oppimislaboratorioihin\\\/#breadcrumb\"},\"inLanguage\":\"fi\",\"potentialAction\":[{\"@type\":\"ReadAction\",\"target\":[\"https:\\\/\\\/hankkeet.karelia.fi\\\/ict-konesali-investointi-ja-integraatiot-oppimislaboratorioihin\\\/\"]}]},{\"@type\":\"ImageObject\",\"inLanguage\":\"fi\",\"@id\":\"https:\\\/\\\/hankkeet.karelia.fi\\\/ict-konesali-investointi-ja-integraatiot-oppimislaboratorioihin\\\/#primaryimage\",\"url\":\"https:\\\/\\\/hankkeet.karelia.fi\\\/ict-konesali-investointi-ja-integraatiot-oppimislaboratorioihin\\\/wp-content\\\/uploads\\\/sites\\\/59\\\/2026\\\/03\\\/tietojenkasittely-kuva.jpg\",\"contentUrl\":\"https:\\\/\\\/hankkeet.karelia.fi\\\/ict-konesali-investointi-ja-integraatiot-oppimislaboratorioihin\\\/wp-content\\\/uploads\\\/sites\\\/59\\\/2026\\\/03\\\/tietojenkasittely-kuva.jpg\",\"width\":850,\"height\":350},{\"@type\":\"BreadcrumbList\",\"@id\":\"https:\\\/\\\/hankkeet.karelia.fi\\\/ict-konesali-investointi-ja-integraatiot-oppimislaboratorioihin\\\/#breadcrumb\",\"itemListElement\":[{\"@type\":\"ListItem\",\"position\":1,\"name\":\"Home\",\"item\":\"https:\\\/\\\/hankkeet.karelia.fi\\\/ict-konesali-investointi-ja-integraatiot-oppimislaboratorioihin\\\/ict-konesali-investointi-ja-integraatiot-oppimislaboratorioihin\\\/\"},{\"@type\":\"ListItem\",\"position\":2,\"name\":\"ICT-konesali investointi ja integraatiot oppimislaboratorioihin\"}]},{\"@type\":\"WebSite\",\"@id\":\"https:\\\/\\\/hankkeet.karelia.fi\\\/ict-konesali-investointi-ja-integraatiot-oppimislaboratorioihin\\\/#website\",\"url\":\"https:\\\/\\\/hankkeet.karelia.fi\\\/ict-konesali-investointi-ja-integraatiot-oppimislaboratorioihin\\\/\",\"name\":\"ICT-konesali investointi ja integraatiot oppimislaboratorioihin\",\"description\":\"\",\"publisher\":{\"@id\":\"https:\\\/\\\/hankkeet.karelia.fi\\\/ict-konesali-investointi-ja-integraatiot-oppimislaboratorioihin\\\/#organization\"},\"potentialAction\":[{\"@type\":\"SearchAction\",\"target\":{\"@type\":\"EntryPoint\",\"urlTemplate\":\"https:\\\/\\\/hankkeet.karelia.fi\\\/ict-konesali-investointi-ja-integraatiot-oppimislaboratorioihin\\\/?s={search_term_string}\"},\"query-input\":{\"@type\":\"PropertyValueSpecification\",\"valueRequired\":true,\"valueName\":\"search_term_string\"}}],\"inLanguage\":\"fi\"},{\"@type\":\"Organization\",\"@id\":\"https:\\\/\\\/hankkeet.karelia.fi\\\/ict-konesali-investointi-ja-integraatiot-oppimislaboratorioihin\\\/#organization\",\"name\":\"ICT-konesali investointi ja integraatiot oppimislaboratorioihin\",\"url\":\"https:\\\/\\\/hankkeet.karelia.fi\\\/ict-konesali-investointi-ja-integraatiot-oppimislaboratorioihin\\\/\",\"logo\":{\"@type\":\"ImageObject\",\"inLanguage\":\"fi\",\"@id\":\"https:\\\/\\\/hankkeet.karelia.fi\\\/ict-konesali-investointi-ja-integraatiot-oppimislaboratorioihin\\\/#\\\/schema\\\/logo\\\/image\\\/\",\"url\":\"https:\\\/\\\/hankkeet.karelia.fi\\\/ict-konesali-investointi-ja-integraatiot-oppimislaboratorioihin\\\/wp-content\\\/uploads\\\/sites\\\/59\\\/2026\\\/03\\\/cropped-cropped-Karelia_AMK_logo_RGB-1.png\",\"contentUrl\":\"https:\\\/\\\/hankkeet.karelia.fi\\\/ict-konesali-investointi-ja-integraatiot-oppimislaboratorioihin\\\/wp-content\\\/uploads\\\/sites\\\/59\\\/2026\\\/03\\\/cropped-cropped-Karelia_AMK_logo_RGB-1.png\",\"width\":427,\"height\":116,\"caption\":\"ICT-konesali investointi ja integraatiot oppimislaboratorioihin\"},\"image\":{\"@id\":\"https:\\\/\\\/hankkeet.karelia.fi\\\/ict-konesali-investointi-ja-integraatiot-oppimislaboratorioihin\\\/#\\\/schema\\\/logo\\\/image\\\/\"}}]}<\/script>\n<!-- \/ Yoast SEO plugin. -->","yoast_head_json":{"title":"ICT-konesali investointi ja integraatiot oppimislaboratorioihin - ICT-konesali investointi ja integraatiot oppimislaboratorioihin","robots":{"index":"index","follow":"follow","max-snippet":"max-snippet:-1","max-image-preview":"max-image-preview:large","max-video-preview":"max-video-preview:-1"},"canonical":"https:\/\/hankkeet.karelia.fi\/ict-konesali-investointi-ja-integraatiot-oppimislaboratorioihin\/","og_locale":"fi_FI","og_type":"article","og_title":"ICT-konesali investointi ja integraatiot oppimislaboratorioihin - ICT-konesali investointi ja integraatiot oppimislaboratorioihin","og_description":"\u00c4lykam\u00adpus on Kare\u00adlia-ammat\u00adtiko\u00adrkeak\u00adoulun strate\u00adgi\u00adnen tutkimusym\u00adp\u00e4rist\u00f6\u00adjen kehit\u00adt\u00e4miso\u00adhjel\u00adma, joka vas\u00adtaa alueen yri\u00adtys\u00adten tule\u00advaisu\u00adu\u00adden haasteisi\u00adin vihre\u00e4n siir\u00adtym\u00e4n kon\u00adtek\u00adstis\u00adsa. Han\u00adkkeessa toteutetaan Kare\u00adlian ICT-kone\u00adsalin ja lab\u00ado\u00adra\u00adto\u00adri\u00adon investoin\u00adti ja sit\u00e4 tuke\u00adva kehit\u00adt\u00e4mis\u00adhanke. ICT-kone\u00adsalin tukee maakun\u00adnan yksi\u00adty\u00adisi\u00e4 ja julk\u00adisia organ\u00adisaa\u00adtioi\u00adta dig\u00adi\u00adtaalises\u00adsa siir\u00adtym\u00e4ss\u00e4 ja datan k\u00e4sit\u00adtelyss\u00e4, hallinnoin\u00adnis\u00adsa, julkaisemises\u00adsa, kump\u00adpaniverkos\u00adton datan hy\u00f6\u00addyn\u00adt\u00e4misess\u00e4, dig\u00adi\u00adtaal\u00adis\u00adten kump\u00adpanuuk\u00adsien rak\u00aden\u00adtamises\u00adsa ja inno\u00advaa\u00adtioiden kehit\u00adt\u00e4misess\u00e4. Han\u00adkkeen kehit\u00adt\u00e4miso\u00adsios\u00adsa pilo\u00adtoidaan Kajaanin CSC:n Lumi-super\u00adti\u00adetokoneen [&hellip;]","og_url":"https:\/\/hankkeet.karelia.fi\/ict-konesali-investointi-ja-integraatiot-oppimislaboratorioihin\/","og_site_name":"ICT-konesali investointi ja integraatiot oppimislaboratorioihin","twitter_card":"summary_large_image","twitter_misc":{"Arvioitu lukuaika":"1 minuutti"},"schema":{"@context":"https:\/\/schema.org","@graph":[{"@type":"WebPage","@id":"https:\/\/hankkeet.karelia.fi\/ict-konesali-investointi-ja-integraatiot-oppimislaboratorioihin\/","url":"https:\/\/hankkeet.karelia.fi\/ict-konesali-investointi-ja-integraatiot-oppimislaboratorioihin\/","name":"ICT-konesali investointi ja integraatiot oppimislaboratorioihin - ICT-konesali investointi ja integraatiot oppimislaboratorioihin","isPartOf":{"@id":"https:\/\/hankkeet.karelia.fi\/ict-konesali-investointi-ja-integraatiot-oppimislaboratorioihin\/#website"},"primaryImageOfPage":{"@id":"https:\/\/hankkeet.karelia.fi\/ict-konesali-investointi-ja-integraatiot-oppimislaboratorioihin\/#primaryimage"},"image":{"@id":"https:\/\/hankkeet.karelia.fi\/ict-konesali-investointi-ja-integraatiot-oppimislaboratorioihin\/#primaryimage"},"thumbnailUrl":"https:\/\/hankkeet.karelia.fi\/ict-konesali-investointi-ja-integraatiot-oppimislaboratorioihin\/wp-content\/uploads\/sites\/59\/2026\/03\/tietojenkasittely-kuva.jpg","datePublished":"2026-03-17T12:19:35+00:00","breadcrumb":{"@id":"https:\/\/hankkeet.karelia.fi\/ict-konesali-investointi-ja-integraatiot-oppimislaboratorioihin\/#breadcrumb"},"inLanguage":"fi","potentialAction":[{"@type":"ReadAction","target":["https:\/\/hankkeet.karelia.fi\/ict-konesali-investointi-ja-integraatiot-oppimislaboratorioihin\/"]}]},{"@type":"ImageObject","inLanguage":"fi","@id":"https:\/\/hankkeet.karelia.fi\/ict-konesali-investointi-ja-integraatiot-oppimislaboratorioihin\/#primaryimage","url":"https:\/\/hankkeet.karelia.fi\/ict-konesali-investointi-ja-integraatiot-oppimislaboratorioihin\/wp-content\/uploads\/sites\/59\/2026\/03\/tietojenkasittely-kuva.jpg","contentUrl":"https:\/\/hankkeet.karelia.fi\/ict-konesali-investointi-ja-integraatiot-oppimislaboratorioihin\/wp-content\/uploads\/sites\/59\/2026\/03\/tietojenkasittely-kuva.jpg","width":850,"height":350},{"@type":"BreadcrumbList","@id":"https:\/\/hankkeet.karelia.fi\/ict-konesali-investointi-ja-integraatiot-oppimislaboratorioihin\/#breadcrumb","itemListElement":[{"@type":"ListItem","position":1,"name":"Home","item":"https:\/\/hankkeet.karelia.fi\/ict-konesali-investointi-ja-integraatiot-oppimislaboratorioihin\/ict-konesali-investointi-ja-integraatiot-oppimislaboratorioihin\/"},{"@type":"ListItem","position":2,"name":"ICT-konesali investointi ja integraatiot oppimislaboratorioihin"}]},{"@type":"WebSite","@id":"https:\/\/hankkeet.karelia.fi\/ict-konesali-investointi-ja-integraatiot-oppimislaboratorioihin\/#website","url":"https:\/\/hankkeet.karelia.fi\/ict-konesali-investointi-ja-integraatiot-oppimislaboratorioihin\/","name":"ICT-konesali investointi ja integraatiot oppimislaboratorioihin","description":"","publisher":{"@id":"https:\/\/hankkeet.karelia.fi\/ict-konesali-investointi-ja-integraatiot-oppimislaboratorioihin\/#organization"},"potentialAction":[{"@type":"SearchAction","target":{"@type":"EntryPoint","urlTemplate":"https:\/\/hankkeet.karelia.fi\/ict-konesali-investointi-ja-integraatiot-oppimislaboratorioihin\/?s={search_term_string}"},"query-input":{"@type":"PropertyValueSpecification","valueRequired":true,"valueName":"search_term_string"}}],"inLanguage":"fi"},{"@type":"Organization","@id":"https:\/\/hankkeet.karelia.fi\/ict-konesali-investointi-ja-integraatiot-oppimislaboratorioihin\/#organization","name":"ICT-konesali investointi ja integraatiot oppimislaboratorioihin","url":"https:\/\/hankkeet.karelia.fi\/ict-konesali-investointi-ja-integraatiot-oppimislaboratorioihin\/","logo":{"@type":"ImageObject","inLanguage":"fi","@id":"https:\/\/hankkeet.karelia.fi\/ict-konesali-investointi-ja-integraatiot-oppimislaboratorioihin\/#\/schema\/logo\/image\/","url":"https:\/\/hankkeet.karelia.fi\/ict-konesali-investointi-ja-integraatiot-oppimislaboratorioihin\/wp-content\/uploads\/sites\/59\/2026\/03\/cropped-cropped-Karelia_AMK_logo_RGB-1.png","contentUrl":"https:\/\/hankkeet.karelia.fi\/ict-konesali-investointi-ja-integraatiot-oppimislaboratorioihin\/wp-content\/uploads\/sites\/59\/2026\/03\/cropped-cropped-Karelia_AMK_logo_RGB-1.png","width":427,"height":116,"caption":"ICT-konesali investointi ja integraatiot oppimislaboratorioihin"},"image":{"@id":"https:\/\/hankkeet.karelia.fi\/ict-konesali-investointi-ja-integraatiot-oppimislaboratorioihin\/#\/schema\/logo\/image\/"}}]}},"_links":{"self":[{"href":"https:\/\/hankkeet.karelia.fi\/ict-konesali-investointi-ja-integraatiot-oppimislaboratorioihin\/wp-json\/wp\/v2\/pages\/19","targetHints":{"allow":["GET"]}}],"collection":[{"href":"https:\/\/hankkeet.karelia.fi\/ict-konesali-investointi-ja-integraatiot-oppimislaboratorioihin\/wp-json\/wp\/v2\/pages"}],"about":[{"href":"https:\/\/hankkeet.karelia.fi\/ict-konesali-investointi-ja-integraatiot-oppimislaboratorioihin\/wp-json\/wp\/v2\/types\/page"}],"replies":[{"embeddable":true,"href":"https:\/\/hankkeet.karelia.fi\/ict-konesali-investointi-ja-integraatiot-oppimislaboratorioihin\/wp-json\/wp\/v2\/comments?post=19"}],"version-history":[{"count":0,"href":"https:\/\/hankkeet.karelia.fi\/ict-konesali-investointi-ja-integraatiot-oppimislaboratorioihin\/wp-json\/wp\/v2\/pages\/19\/revisions"}],"wp:featuredmedia":[{"embeddable":true,"href":"https:\/\/hankkeet.karelia.fi\/ict-konesali-investointi-ja-integraatiot-oppimislaboratorioihin\/wp-json\/wp\/v2\/media\/17"}],"wp:attachment":[{"href":"https:\/\/hankkeet.karelia.fi\/ict-konesali-investointi-ja-integraatiot-oppimislaboratorioihin\/wp-json\/wp\/v2\/media?parent=19"}],"curies":[{"name":"wp","href":"https:\/\/api.w.org\/{rel}","templated":true}]}}