{"id":20,"date":"2026-03-17T09:15:22","date_gmt":"2026-03-17T07:15:22","guid":{"rendered":"https:\/\/hankkeet.karelia.fi\/investointi-inno-pohjois-karjala-sote-ja-hyvinvointialan-kestavat-palvelut-ja-innovaatiot\/investointi-inno-pohjois-karjala-sote-ja-hyvinvointialan-kestavat-palvelut-ja-innovaatiot\/"},"modified":"2026-04-23T13:03:07","modified_gmt":"2026-04-23T10:03:07","slug":"investointi-inno-pohjois-karjala-sote-ja-hyvinvointialan-kestavat-palvelut-ja-innovaatiot","status":"publish","type":"page","link":"https:\/\/hankkeet.karelia.fi\/investointi-inno-pohjois-karjala-sote-ja-hyvinvointialan-kestavat-palvelut-ja-innovaatiot\/","title":{"rendered":"INVESTOINTI INNO Pohjois-Karjala \u2011sote- ja hyvinvointialan kest\u00e4v\u00e4t palvelut ja innovaatiot"},"content":{"rendered":"\n<figure class=\"wp-block-image size-full is-resized\"><img decoding=\"async\" src=\"https:\/\/hankkeet.karelia.fi\/investointi-inno-pohjois-karjala-sote-ja-hyvinvointialan-kestavat-palvelut-ja-innovaatiot\/wp-content\/uploads\/sites\/19\/2026\/03\/inno_investointi_logot.png\" alt class=\"wp-image-78345\" style=\"width:796px;height:auto\"><\/figure>\n\n\n\n<p>Pohjois-Kar\u00adjalan alueke\u00adhit\u00adt\u00e4misen haastei\u00adta ovat v\u00e4est\u00f6n ik\u00e4\u00e4n\u00adtymi\u00adnen, ty\u00f6voiman saatavu\u00adus, korkea sairas\u00adtavu\u00adus sek\u00e4 sosioekonomiset ongel\u00admat. Maakun\u00adnas\u00adsa on kyvykkyyt\u00adt\u00e4 hakea n\u00e4i\u00adhin haasteisi\u00adin inno\u00advati\u00adivisia ja kest\u00e4vi\u00e4 ratkaisu\u00adja. Pohjois-Kar\u00adjalan \u00c4lykk\u00e4\u00e4n erikois\u00adtu\u00admisen strate\u00adgias\u00adsa tun\u00adnis\u00adte\u00adtaan kest\u00e4vien palvelu\u00adiden kehit\u00adt\u00e4mis\u00adtarpeet ja eri alo\u00adjen osaamisen ja tek\u00adnol\u00ado\u00adgis\u00adten inno\u00advaa\u00adtioiden yhdis\u00adt\u00e4misen mah\u00addol\u00adlisu\u00adudet. Strate\u00adgia korostaa, ett\u00e4 julkisen sek\u00adtorin tulee ennakoi\u00adda kasvumah\u00addol\u00adlisuuk\u00adsia ja tar\u00adjo\u00adta hyv\u00e4 toim\u00adintaym\u00adp\u00e4rist\u00f6 eri\u00adlaisille kokeiluille sek\u00e4 palvelu\u00adjen kehit\u00adtymiselle. Kehit\u00adtyneet teknolo\u00adgiat tar\u00adjoa\u00advat merkit\u00adt\u00e4v\u00e4n mah\u00addol\u00adlisu\u00adu\u00adden maakun\u00adnan palve\u00adlu\u00adtar\u00adjon\u00adnan kehit\u00adt\u00e4miseen, uusien inno\u00advaa\u00adtioiden ja kest\u00e4vien palvelu\u00adiden luomiseen sek\u00e4 kau\u00adpal\u00adlis\u00adtamis\u00admah\u00addol\u00adlisuuk\u00adsien tun\u00adnistamiseen.<\/p>\n\n\n\n<p>Pohjois-Kar\u00adjalas\u00adta puut\u00adtuvat inno\u00advaa\u00adtioym\u00adp\u00e4rist\u00f6t, jot\u00adka keskit\u00adtyv\u00e4t ratkaise\u00admaan sote- ja hyv\u00adin\u00advoin\u00adtialan kehit\u00adt\u00e4mis\u00adtarpei\u00adta sek\u00e4 maakun\u00adnan yhteisi\u00e4 hyv\u00adin\u00advoin\u00adti\u00adhaastei\u00adta. Alueel\u00adlis\u00adten haastei\u00adden ratkaisemisek\u00adsi tarvi\u00adtaan moni\u00adalaista inno\u00advaa\u00adtiotoim\u00adintaa, joka yhdis\u00adt\u00e4\u00e4 oppi\u00adlaitok\u00adset sek\u00e4 ty\u00f6- ja elinkei\u00adnoel\u00e4m\u00e4n toim\u00adi\u00adjat. T\u00e4m\u00e4 mah\u00addol\u00adlis\u00adtaa tiedon ja osaamisen siir\u00adron avul\u00adla uusien inno\u00advaa\u00adtioiden ja liike\u00adtoim\u00adintamah\u00addol\u00adlisuuk\u00adsien syn\u00adtymisen maakun\u00adnas\u00adsa. N\u00e4i\u00adhin haasteisi\u00adin pyrit\u00e4\u00e4n vas\u00adtaa\u00admaan Inno Pohjois-Kar\u00adjala \u2014 kehit\u00adt\u00e4mis- ja investoin\u00adti\u00adhankkeis\u00adsa.<\/p>\n\n\n\n<p>T\u00e4m\u00e4n ryh\u00adm\u00e4hankkeena Karelia-amk:n ja River\u00adian kanssa yhteisty\u00f6ss\u00e4 toteutet\u00adta\u00advan investoin\u00adti\u00adhankkeen tavoit\u00adteena:<\/p>\n\n\n\n<p>1. on luo\u00adda inno\u00advaa\u00adtioym\u00adp\u00e4rist\u00f6t, jot\u00adka tuke\u00advat oppi\u00adlaitosten ja ty\u00f6el\u00e4m\u00e4n yhteist\u00e4 inno\u00advaa\u00adtiotoim\u00adintaa ja \u2011ekosys\u00adteemi\u00e4<br>2. lis\u00e4t\u00e4 liike\u00adtoim\u00adintamah\u00addol\u00adlisuuk\u00adsia ja uusien teknolo\u00adgioiden tes\u00adtaus\u00adta ja k\u00e4yt\u00adt\u00f6\u00f6not\u00adtoa maakun\u00adnas\u00adsa<br><br>Ryh\u00adm\u00e4hankkeessa teht\u00e4v\u00e4t investoin\u00adnit sijoite\u00adtaan Kare\u00adlia-ammat\u00adtiko\u00adrkeak\u00adoulun Tikkar\u00adin\u00adteen kam\u00adpuk\u00adselle ja River\u00adian Pel\u00adtolan kam\u00adpuk\u00adselle.<\/p>\n\n\n\n<p>Investoin\u00adtien tulok\u00adse\u00adna:<br>1. Rak\u00aden\u00adtuu moni\u00adalainen alus\u00adta yri\u00adtys\u00adten, j\u00e4r\u00adjest\u00f6\u00adjen, kuntien\/kaupunkien ja koulu\u00adtus- ja tutkimu\u00adsor\u00adgan\u00adisaa\u00adtioiden yhteisty\u00f6lle<br>2. Uusia, kest\u00e4vi\u00e4 palvelu\u00adja ja inno\u00advati\u00adivisia kokeilu\u00adja<br>3. Opiske\u00adli\u00adjayrit\u00adt\u00e4jyyt\u00adt\u00e4 ja opiske\u00adli\u00adjal\u00e4ht\u00f6ist\u00e4 inno\u00advaa\u00adtiotoim\u00adintaa yhteisty\u00f6ss\u00e4 alueen eri toim\u00adi\u00adjoiden kanssa<br>4. Moni\u00adalaisen toim\u00adi\u00adja\u00adjoukon teknolo\u00adgiaosaamisen kasvua<\/p>\n\n\n\n<p>Han\u00adke vas\u00adtaa Pohjois-Kar\u00adjalan \u00e4lykk\u00e4\u00e4n erikois\u00adtu\u00admisen strate\u00adgian tavoit\u00adteiseen inno\u00advati\u00adiviset ja kest\u00e4v\u00e4sti tuote\u00adtut palve\u00adlut sek\u00e4 Pohjois-Kar\u00adjalan maakun\u00adtao\u00adhjel\u00adman tavoit\u00adteisi\u00adin hyv\u00e4 olo \u2013 hyv\u00adin\u00advoivat, ter\u00adveet ja osal\u00adliset asukkaat sek\u00e4 kas\u00adva\u00adva elin\u00advoima ja alueen vahvu\u00adudet.<\/p>\n\n\n\n<p>T\u00e4m\u00e4n investoin\u00adti\u00adhankkeen kanssa rin\u00adnakkain toteutetaan kehit\u00adt\u00e4mis\u00adhanke, jon\u00adka p\u00e4\u00e4\u00adtavoit\u00adteena on k\u00e4yn\u00adnist\u00e4\u00e4 oppi\u00adlaitosten ja ty\u00f6- ja elinkei\u00adnoel\u00e4m\u00e4n yhteinen inno\u00advaa\u00adtiotoim\u00adinta ja \u2014 ekosys\u00adtee\u00admi tuke\u00admaan sote- ja hyv\u00adin\u00advoin\u00adtialan kehi\u00adtys\u00adtarpei\u00adta ja liike\u00adtoim\u00adintamah\u00addol\u00adlisuuk\u00adsia.<\/p>\n\n\n\n<p>Ryh\u00adm\u00e4hankkeen rahoi\u00adtus:<br>Euroopan alueke\u00adhi\u00adtys\u00adra\u00adhas\u00adto (EAKR)<br>Kare\u00adlian osato\u00adteu\u00adtuk\u00adsen bud\u00adjet\u00adti on 507 500 euroa, jos\u00adta tuen osu\u00adus on enin\u00adt\u00e4\u00e4n 355 250 euroa.<br>Koko ryh\u00adm\u00e4hankkeen bud\u00adjet\u00adti on 546 070, jos\u00adta tuen osu\u00adus on enin\u00adt\u00e4\u00e4n 382 249 euroa.<\/p>\n\n\n\n<h2 class=\"wp-block-heading\">Projektin kesto<\/h2>\n\n\n\n<p>1.1.2025 \u2014 31.12.2026<\/p>\n\n\n\n<h2 class=\"wp-block-heading\">Projektip\u00e4\u00e4llikk\u00f6<\/h2>\n\n\n\n<p><strong>Jaana Kur\u00adki<\/strong><br>jaana.kurki(a)karelia.fi<\/p>\n\n\n\n<h2 class=\"wp-block-heading\">Rahoitus<\/h2>\n\n\n\n<p>EAKR-ohjel\u00adma<\/p>\n\n\n\n<figure class=\"wp-block-image size-full is-resized\"><img decoding=\"async\" src=\"https:\/\/hankkeet.karelia.fi\/investointi-inno-pohjois-karjala-sote-ja-hyvinvointialan-kestavat-palvelut-ja-innovaatiot\/wp-content\/uploads\/sites\/19\/2026\/03\/kk3_palkki.png\" alt class=\"wp-image-78344\" style=\"width:829px;height:auto\"><\/figure>\n","protected":false},"excerpt":{"rendered":"<p>Pohjois-Kar\u00ad\u00adjalan alueke\u00adhit\u00adt\u00e4misen haastei\u00adta ovat v\u00e4est\u00f6n ik\u00e4\u00e4n\u00adtymi\u00adnen, ty\u00f6voiman saatavu\u00adus, korkea sairas\u00adtavu\u00adus sek\u00e4 sosioekonomiset ongel\u00admat. Maakun\u00adnas\u00adsa on kyvykkyyt\u00adt\u00e4 hakea n\u00e4i\u00adhin haasteisi\u00adin inno\u00advati\u00adivisia ja kest\u00e4vi\u00e4 ratkaisu\u00adja. Pohjois-Kar\u00ad\u00adjalan \u00c4lykk\u00e4\u00e4n erikois\u00adtu\u00admisen strate\u00adgias\u00adsa tun\u00adnis\u00adte\u00adtaan kest\u00e4vien palvelu\u00adiden kehit\u00adt\u00e4mis\u00adtarpeet ja eri alo\u00adjen osaamisen ja tek\u00adnol\u00ado\u00adgis\u00adten inno\u00advaa\u00adtioiden yhdis\u00adt\u00e4misen mah\u00addol\u00adlisu\u00adudet. Strate\u00adgia korostaa, ett\u00e4 julkisen sek\u00adtorin tulee ennakoi\u00adda kasvumah\u00addol\u00adlisuuk\u00adsia ja tar\u00adjo\u00adta hyv\u00e4 toim\u00adintaym\u00adp\u00e4rist\u00f6 eri\u00adlaisille kokeiluille sek\u00e4 [\u2026]<\/p>\n","protected":false},"author":10,"featured_media":17,"parent":0,"menu_order":0,"comment_status":"closed","ping_status":"closed","template":"","meta":{"inline_featured_image":false,"wp_typography_post_enhancements_disabled":false,"footnotes":""},"class_list":["post-20","page","type-page","status-publish","has-post-thumbnail","hentry"],"yoast_head":"<!-- This site is optimized with the Yoast SEO plugin v27.5 - https:\/\/yoast.com\/product\/yoast-seo-wordpress\/ -->\n<title>INVESTOINTI INNO Pohjois-Karjala -sote- ja hyvinvointialan kest\u00e4v\u00e4t palvelut ja innovaatiot - INVESTOINTI INNO Pohjois-Karjala -sote- ja hyvinvointialan kest\u00e4v\u00e4t palvelut ja innovaatiot<\/title>\n<meta name=\"robots\" content=\"index, follow, max-snippet:-1, max-image-preview:large, max-video-preview:-1\" \/>\n<link rel=\"canonical\" href=\"https:\/\/hankkeet.karelia.fi\/investointi-inno-pohjois-karjala-sote-ja-hyvinvointialan-kestavat-palvelut-ja-innovaatiot\/\" \/>\n<meta property=\"og:locale\" content=\"fi_FI\" \/>\n<meta property=\"og:type\" content=\"article\" \/>\n<meta property=\"og:title\" content=\"INVESTOINTI INNO Pohjois-Karjala -sote- ja hyvinvointialan kest\u00e4v\u00e4t palvelut ja innovaatiot - INVESTOINTI INNO Pohjois-Karjala -sote- ja hyvinvointialan kest\u00e4v\u00e4t palvelut ja innovaatiot\" \/>\n<meta property=\"og:description\" content=\"Pohjois-Kar\u00adjalan alueke\u00adhit\u00adt\u00e4misen haastei\u00adta ovat v\u00e4est\u00f6n ik\u00e4\u00e4n\u00adtymi\u00adnen, ty\u00f6voiman saatavu\u00adus, korkea sairas\u00adtavu\u00adus sek\u00e4 sosioekonomiset ongel\u00admat. Maakun\u00adnas\u00adsa on kyvykkyyt\u00adt\u00e4 hakea n\u00e4i\u00adhin haasteisi\u00adin inno\u00advati\u00adivisia ja kest\u00e4vi\u00e4 ratkaisu\u00adja. Pohjois-Kar\u00adjalan \u00c4lykk\u00e4\u00e4n erikois\u00adtu\u00admisen strate\u00adgias\u00adsa tun\u00adnis\u00adte\u00adtaan kest\u00e4vien palvelu\u00adiden kehit\u00adt\u00e4mis\u00adtarpeet ja eri alo\u00adjen osaamisen ja tek\u00adnol\u00ado\u00adgis\u00adten inno\u00advaa\u00adtioiden yhdis\u00adt\u00e4misen mah\u00addol\u00adlisu\u00adudet. Strate\u00adgia korostaa, ett\u00e4 julkisen sek\u00adtorin tulee ennakoi\u00adda kasvumah\u00addol\u00adlisuuk\u00adsia ja tar\u00adjo\u00adta hyv\u00e4 toim\u00adintaym\u00adp\u00e4rist\u00f6 eri\u00adlaisille kokeiluille sek\u00e4 [&hellip;]\" \/>\n<meta property=\"og:url\" content=\"https:\/\/hankkeet.karelia.fi\/investointi-inno-pohjois-karjala-sote-ja-hyvinvointialan-kestavat-palvelut-ja-innovaatiot\/\" \/>\n<meta property=\"og:site_name\" content=\"INVESTOINTI INNO Pohjois-Karjala -sote- ja hyvinvointialan kest\u00e4v\u00e4t palvelut ja innovaatiot\" \/>\n<meta property=\"article:modified_time\" content=\"2026-04-23T10:03:07+00:00\" \/>\n<meta property=\"og:image\" content=\"https:\/\/hankkeet.karelia.fi\/investointi-inno-pohjois-karjala-sote-ja-hyvinvointialan-kestavat-palvelut-ja-innovaatiot\/wp-content\/uploads\/sites\/19\/2026\/03\/AdobeStock_281210800-scaled-1.jpeg\" \/>\n\t<meta property=\"og:image:width\" content=\"2560\" \/>\n\t<meta property=\"og:image:height\" content=\"1095\" \/>\n\t<meta property=\"og:image:type\" content=\"image\/jpeg\" \/>\n<meta name=\"twitter:card\" content=\"summary_large_image\" \/>\n<meta name=\"twitter:label1\" content=\"Arvioitu lukuaika\" \/>\n\t<meta name=\"twitter:data1\" content=\"3 minuuttia\" \/>\n<script type=\"application\/ld+json\" class=\"yoast-schema-graph\">{\"@context\":\"https:\\\/\\\/schema.org\",\"@graph\":[{\"@type\":\"WebPage\",\"@id\":\"https:\\\/\\\/hankkeet.karelia.fi\\\/investointi-inno-pohjois-karjala-sote-ja-hyvinvointialan-kestavat-palvelut-ja-innovaatiot\\\/\",\"url\":\"https:\\\/\\\/hankkeet.karelia.fi\\\/investointi-inno-pohjois-karjala-sote-ja-hyvinvointialan-kestavat-palvelut-ja-innovaatiot\\\/\",\"name\":\"INVESTOINTI INNO Pohjois-Karjala -sote- ja hyvinvointialan kest\u00e4v\u00e4t palvelut ja innovaatiot - INVESTOINTI INNO Pohjois-Karjala -sote- ja hyvinvointialan kest\u00e4v\u00e4t palvelut ja innovaatiot\",\"isPartOf\":{\"@id\":\"https:\\\/\\\/hankkeet.karelia.fi\\\/investointi-inno-pohjois-karjala-sote-ja-hyvinvointialan-kestavat-palvelut-ja-innovaatiot\\\/#website\"},\"primaryImageOfPage\":{\"@id\":\"https:\\\/\\\/hankkeet.karelia.fi\\\/investointi-inno-pohjois-karjala-sote-ja-hyvinvointialan-kestavat-palvelut-ja-innovaatiot\\\/#primaryimage\"},\"image\":{\"@id\":\"https:\\\/\\\/hankkeet.karelia.fi\\\/investointi-inno-pohjois-karjala-sote-ja-hyvinvointialan-kestavat-palvelut-ja-innovaatiot\\\/#primaryimage\"},\"thumbnailUrl\":\"https:\\\/\\\/hankkeet.karelia.fi\\\/investointi-inno-pohjois-karjala-sote-ja-hyvinvointialan-kestavat-palvelut-ja-innovaatiot\\\/wp-content\\\/uploads\\\/sites\\\/19\\\/2026\\\/03\\\/AdobeStock_281210800-scaled-1.jpeg\",\"datePublished\":\"2026-03-17T07:15:22+00:00\",\"dateModified\":\"2026-04-23T10:03:07+00:00\",\"breadcrumb\":{\"@id\":\"https:\\\/\\\/hankkeet.karelia.fi\\\/investointi-inno-pohjois-karjala-sote-ja-hyvinvointialan-kestavat-palvelut-ja-innovaatiot\\\/#breadcrumb\"},\"inLanguage\":\"fi\",\"potentialAction\":[{\"@type\":\"ReadAction\",\"target\":[\"https:\\\/\\\/hankkeet.karelia.fi\\\/investointi-inno-pohjois-karjala-sote-ja-hyvinvointialan-kestavat-palvelut-ja-innovaatiot\\\/\"]}]},{\"@type\":\"ImageObject\",\"inLanguage\":\"fi\",\"@id\":\"https:\\\/\\\/hankkeet.karelia.fi\\\/investointi-inno-pohjois-karjala-sote-ja-hyvinvointialan-kestavat-palvelut-ja-innovaatiot\\\/#primaryimage\",\"url\":\"https:\\\/\\\/hankkeet.karelia.fi\\\/investointi-inno-pohjois-karjala-sote-ja-hyvinvointialan-kestavat-palvelut-ja-innovaatiot\\\/wp-content\\\/uploads\\\/sites\\\/19\\\/2026\\\/03\\\/AdobeStock_281210800-scaled-1.jpeg\",\"contentUrl\":\"https:\\\/\\\/hankkeet.karelia.fi\\\/investointi-inno-pohjois-karjala-sote-ja-hyvinvointialan-kestavat-palvelut-ja-innovaatiot\\\/wp-content\\\/uploads\\\/sites\\\/19\\\/2026\\\/03\\\/AdobeStock_281210800-scaled-1.jpeg\",\"width\":2560,\"height\":1095},{\"@type\":\"BreadcrumbList\",\"@id\":\"https:\\\/\\\/hankkeet.karelia.fi\\\/investointi-inno-pohjois-karjala-sote-ja-hyvinvointialan-kestavat-palvelut-ja-innovaatiot\\\/#breadcrumb\",\"itemListElement\":[{\"@type\":\"ListItem\",\"position\":1,\"name\":\"Home\",\"item\":\"https:\\\/\\\/hankkeet.karelia.fi\\\/investointi-inno-pohjois-karjala-sote-ja-hyvinvointialan-kestavat-palvelut-ja-innovaatiot\\\/\"},{\"@type\":\"ListItem\",\"position\":2,\"name\":\"INVESTOINTI INNO Pohjois-Karjala -sote- ja hyvinvointialan kest\u00e4v\u00e4t palvelut ja innovaatiot\"}]},{\"@type\":\"WebSite\",\"@id\":\"https:\\\/\\\/hankkeet.karelia.fi\\\/investointi-inno-pohjois-karjala-sote-ja-hyvinvointialan-kestavat-palvelut-ja-innovaatiot\\\/#website\",\"url\":\"https:\\\/\\\/hankkeet.karelia.fi\\\/investointi-inno-pohjois-karjala-sote-ja-hyvinvointialan-kestavat-palvelut-ja-innovaatiot\\\/\",\"name\":\"INVESTOINTI INNO Pohjois-Karjala -sote- ja hyvinvointialan kest\u00e4v\u00e4t palvelut ja innovaatiot\",\"description\":\"\",\"publisher\":{\"@id\":\"https:\\\/\\\/hankkeet.karelia.fi\\\/investointi-inno-pohjois-karjala-sote-ja-hyvinvointialan-kestavat-palvelut-ja-innovaatiot\\\/#organization\"},\"potentialAction\":[{\"@type\":\"SearchAction\",\"target\":{\"@type\":\"EntryPoint\",\"urlTemplate\":\"https:\\\/\\\/hankkeet.karelia.fi\\\/investointi-inno-pohjois-karjala-sote-ja-hyvinvointialan-kestavat-palvelut-ja-innovaatiot\\\/?s={search_term_string}\"},\"query-input\":{\"@type\":\"PropertyValueSpecification\",\"valueRequired\":true,\"valueName\":\"search_term_string\"}}],\"inLanguage\":\"fi\"},{\"@type\":\"Organization\",\"@id\":\"https:\\\/\\\/hankkeet.karelia.fi\\\/investointi-inno-pohjois-karjala-sote-ja-hyvinvointialan-kestavat-palvelut-ja-innovaatiot\\\/#organization\",\"name\":\"INVESTOINTI INNO Pohjois-Karjala -sote- ja hyvinvointialan kest\u00e4v\u00e4t palvelut ja innovaatiot\",\"url\":\"https:\\\/\\\/hankkeet.karelia.fi\\\/investointi-inno-pohjois-karjala-sote-ja-hyvinvointialan-kestavat-palvelut-ja-innovaatiot\\\/\",\"logo\":{\"@type\":\"ImageObject\",\"inLanguage\":\"fi\",\"@id\":\"https:\\\/\\\/hankkeet.karelia.fi\\\/investointi-inno-pohjois-karjala-sote-ja-hyvinvointialan-kestavat-palvelut-ja-innovaatiot\\\/#\\\/schema\\\/logo\\\/image\\\/\",\"url\":\"https:\\\/\\\/hankkeet.karelia.fi\\\/investointi-inno-pohjois-karjala-sote-ja-hyvinvointialan-kestavat-palvelut-ja-innovaatiot\\\/wp-content\\\/uploads\\\/sites\\\/19\\\/2026\\\/03\\\/cropped-cropped-Karelia_AMK_logo_RGB-1.png\",\"contentUrl\":\"https:\\\/\\\/hankkeet.karelia.fi\\\/investointi-inno-pohjois-karjala-sote-ja-hyvinvointialan-kestavat-palvelut-ja-innovaatiot\\\/wp-content\\\/uploads\\\/sites\\\/19\\\/2026\\\/03\\\/cropped-cropped-Karelia_AMK_logo_RGB-1.png\",\"width\":427,\"height\":116,\"caption\":\"INVESTOINTI INNO Pohjois-Karjala -sote- ja hyvinvointialan kest\u00e4v\u00e4t palvelut ja innovaatiot\"},\"image\":{\"@id\":\"https:\\\/\\\/hankkeet.karelia.fi\\\/investointi-inno-pohjois-karjala-sote-ja-hyvinvointialan-kestavat-palvelut-ja-innovaatiot\\\/#\\\/schema\\\/logo\\\/image\\\/\"}}]}<\/script>\n<!-- \/ Yoast SEO plugin. -->","yoast_head_json":{"title":"INVESTOINTI INNO Pohjois-Karjala -sote- ja hyvinvointialan kest\u00e4v\u00e4t palvelut ja innovaatiot - INVESTOINTI INNO Pohjois-Karjala -sote- ja hyvinvointialan kest\u00e4v\u00e4t palvelut ja innovaatiot","robots":{"index":"index","follow":"follow","max-snippet":"max-snippet:-1","max-image-preview":"max-image-preview:large","max-video-preview":"max-video-preview:-1"},"canonical":"https:\/\/hankkeet.karelia.fi\/investointi-inno-pohjois-karjala-sote-ja-hyvinvointialan-kestavat-palvelut-ja-innovaatiot\/","og_locale":"fi_FI","og_type":"article","og_title":"INVESTOINTI INNO Pohjois-Karjala -sote- ja hyvinvointialan kest\u00e4v\u00e4t palvelut ja innovaatiot - INVESTOINTI INNO Pohjois-Karjala -sote- ja hyvinvointialan kest\u00e4v\u00e4t palvelut ja innovaatiot","og_description":"Pohjois-Kar\u00adjalan alueke\u00adhit\u00adt\u00e4misen haastei\u00adta ovat v\u00e4est\u00f6n ik\u00e4\u00e4n\u00adtymi\u00adnen, ty\u00f6voiman saatavu\u00adus, korkea sairas\u00adtavu\u00adus sek\u00e4 sosioekonomiset ongel\u00admat. Maakun\u00adnas\u00adsa on kyvykkyyt\u00adt\u00e4 hakea n\u00e4i\u00adhin haasteisi\u00adin inno\u00advati\u00adivisia ja kest\u00e4vi\u00e4 ratkaisu\u00adja. Pohjois-Kar\u00adjalan \u00c4lykk\u00e4\u00e4n erikois\u00adtu\u00admisen strate\u00adgias\u00adsa tun\u00adnis\u00adte\u00adtaan kest\u00e4vien palvelu\u00adiden kehit\u00adt\u00e4mis\u00adtarpeet ja eri alo\u00adjen osaamisen ja tek\u00adnol\u00ado\u00adgis\u00adten inno\u00advaa\u00adtioiden yhdis\u00adt\u00e4misen mah\u00addol\u00adlisu\u00adudet. Strate\u00adgia korostaa, ett\u00e4 julkisen sek\u00adtorin tulee ennakoi\u00adda kasvumah\u00addol\u00adlisuuk\u00adsia ja tar\u00adjo\u00adta hyv\u00e4 toim\u00adintaym\u00adp\u00e4rist\u00f6 eri\u00adlaisille kokeiluille sek\u00e4 [&hellip;]","og_url":"https:\/\/hankkeet.karelia.fi\/investointi-inno-pohjois-karjala-sote-ja-hyvinvointialan-kestavat-palvelut-ja-innovaatiot\/","og_site_name":"INVESTOINTI INNO Pohjois-Karjala -sote- ja hyvinvointialan kest\u00e4v\u00e4t palvelut ja innovaatiot","article_modified_time":"2026-04-23T10:03:07+00:00","og_image":[{"width":2560,"height":1095,"url":"https:\/\/hankkeet.karelia.fi\/investointi-inno-pohjois-karjala-sote-ja-hyvinvointialan-kestavat-palvelut-ja-innovaatiot\/wp-content\/uploads\/sites\/19\/2026\/03\/AdobeStock_281210800-scaled-1.jpeg","type":"image\/jpeg"}],"twitter_card":"summary_large_image","twitter_misc":{"Arvioitu lukuaika":"3 minuuttia"},"schema":{"@context":"https:\/\/schema.org","@graph":[{"@type":"WebPage","@id":"https:\/\/hankkeet.karelia.fi\/investointi-inno-pohjois-karjala-sote-ja-hyvinvointialan-kestavat-palvelut-ja-innovaatiot\/","url":"https:\/\/hankkeet.karelia.fi\/investointi-inno-pohjois-karjala-sote-ja-hyvinvointialan-kestavat-palvelut-ja-innovaatiot\/","name":"INVESTOINTI INNO Pohjois-Karjala -sote- ja hyvinvointialan kest\u00e4v\u00e4t palvelut ja innovaatiot - INVESTOINTI INNO Pohjois-Karjala -sote- ja hyvinvointialan kest\u00e4v\u00e4t palvelut ja innovaatiot","isPartOf":{"@id":"https:\/\/hankkeet.karelia.fi\/investointi-inno-pohjois-karjala-sote-ja-hyvinvointialan-kestavat-palvelut-ja-innovaatiot\/#website"},"primaryImageOfPage":{"@id":"https:\/\/hankkeet.karelia.fi\/investointi-inno-pohjois-karjala-sote-ja-hyvinvointialan-kestavat-palvelut-ja-innovaatiot\/#primaryimage"},"image":{"@id":"https:\/\/hankkeet.karelia.fi\/investointi-inno-pohjois-karjala-sote-ja-hyvinvointialan-kestavat-palvelut-ja-innovaatiot\/#primaryimage"},"thumbnailUrl":"https:\/\/hankkeet.karelia.fi\/investointi-inno-pohjois-karjala-sote-ja-hyvinvointialan-kestavat-palvelut-ja-innovaatiot\/wp-content\/uploads\/sites\/19\/2026\/03\/AdobeStock_281210800-scaled-1.jpeg","datePublished":"2026-03-17T07:15:22+00:00","dateModified":"2026-04-23T10:03:07+00:00","breadcrumb":{"@id":"https:\/\/hankkeet.karelia.fi\/investointi-inno-pohjois-karjala-sote-ja-hyvinvointialan-kestavat-palvelut-ja-innovaatiot\/#breadcrumb"},"inLanguage":"fi","potentialAction":[{"@type":"ReadAction","target":["https:\/\/hankkeet.karelia.fi\/investointi-inno-pohjois-karjala-sote-ja-hyvinvointialan-kestavat-palvelut-ja-innovaatiot\/"]}]},{"@type":"ImageObject","inLanguage":"fi","@id":"https:\/\/hankkeet.karelia.fi\/investointi-inno-pohjois-karjala-sote-ja-hyvinvointialan-kestavat-palvelut-ja-innovaatiot\/#primaryimage","url":"https:\/\/hankkeet.karelia.fi\/investointi-inno-pohjois-karjala-sote-ja-hyvinvointialan-kestavat-palvelut-ja-innovaatiot\/wp-content\/uploads\/sites\/19\/2026\/03\/AdobeStock_281210800-scaled-1.jpeg","contentUrl":"https:\/\/hankkeet.karelia.fi\/investointi-inno-pohjois-karjala-sote-ja-hyvinvointialan-kestavat-palvelut-ja-innovaatiot\/wp-content\/uploads\/sites\/19\/2026\/03\/AdobeStock_281210800-scaled-1.jpeg","width":2560,"height":1095},{"@type":"BreadcrumbList","@id":"https:\/\/hankkeet.karelia.fi\/investointi-inno-pohjois-karjala-sote-ja-hyvinvointialan-kestavat-palvelut-ja-innovaatiot\/#breadcrumb","itemListElement":[{"@type":"ListItem","position":1,"name":"Home","item":"https:\/\/hankkeet.karelia.fi\/investointi-inno-pohjois-karjala-sote-ja-hyvinvointialan-kestavat-palvelut-ja-innovaatiot\/"},{"@type":"ListItem","position":2,"name":"INVESTOINTI INNO Pohjois-Karjala -sote- ja hyvinvointialan kest\u00e4v\u00e4t palvelut ja innovaatiot"}]},{"@type":"WebSite","@id":"https:\/\/hankkeet.karelia.fi\/investointi-inno-pohjois-karjala-sote-ja-hyvinvointialan-kestavat-palvelut-ja-innovaatiot\/#website","url":"https:\/\/hankkeet.karelia.fi\/investointi-inno-pohjois-karjala-sote-ja-hyvinvointialan-kestavat-palvelut-ja-innovaatiot\/","name":"INVESTOINTI INNO Pohjois-Karjala -sote- ja hyvinvointialan kest\u00e4v\u00e4t palvelut ja innovaatiot","description":"","publisher":{"@id":"https:\/\/hankkeet.karelia.fi\/investointi-inno-pohjois-karjala-sote-ja-hyvinvointialan-kestavat-palvelut-ja-innovaatiot\/#organization"},"potentialAction":[{"@type":"SearchAction","target":{"@type":"EntryPoint","urlTemplate":"https:\/\/hankkeet.karelia.fi\/investointi-inno-pohjois-karjala-sote-ja-hyvinvointialan-kestavat-palvelut-ja-innovaatiot\/?s={search_term_string}"},"query-input":{"@type":"PropertyValueSpecification","valueRequired":true,"valueName":"search_term_string"}}],"inLanguage":"fi"},{"@type":"Organization","@id":"https:\/\/hankkeet.karelia.fi\/investointi-inno-pohjois-karjala-sote-ja-hyvinvointialan-kestavat-palvelut-ja-innovaatiot\/#organization","name":"INVESTOINTI INNO Pohjois-Karjala -sote- ja hyvinvointialan kest\u00e4v\u00e4t palvelut ja innovaatiot","url":"https:\/\/hankkeet.karelia.fi\/investointi-inno-pohjois-karjala-sote-ja-hyvinvointialan-kestavat-palvelut-ja-innovaatiot\/","logo":{"@type":"ImageObject","inLanguage":"fi","@id":"https:\/\/hankkeet.karelia.fi\/investointi-inno-pohjois-karjala-sote-ja-hyvinvointialan-kestavat-palvelut-ja-innovaatiot\/#\/schema\/logo\/image\/","url":"https:\/\/hankkeet.karelia.fi\/investointi-inno-pohjois-karjala-sote-ja-hyvinvointialan-kestavat-palvelut-ja-innovaatiot\/wp-content\/uploads\/sites\/19\/2026\/03\/cropped-cropped-Karelia_AMK_logo_RGB-1.png","contentUrl":"https:\/\/hankkeet.karelia.fi\/investointi-inno-pohjois-karjala-sote-ja-hyvinvointialan-kestavat-palvelut-ja-innovaatiot\/wp-content\/uploads\/sites\/19\/2026\/03\/cropped-cropped-Karelia_AMK_logo_RGB-1.png","width":427,"height":116,"caption":"INVESTOINTI INNO Pohjois-Karjala -sote- ja hyvinvointialan kest\u00e4v\u00e4t palvelut ja innovaatiot"},"image":{"@id":"https:\/\/hankkeet.karelia.fi\/investointi-inno-pohjois-karjala-sote-ja-hyvinvointialan-kestavat-palvelut-ja-innovaatiot\/#\/schema\/logo\/image\/"}}]}},"_links":{"self":[{"href":"https:\/\/hankkeet.karelia.fi\/investointi-inno-pohjois-karjala-sote-ja-hyvinvointialan-kestavat-palvelut-ja-innovaatiot\/wp-json\/wp\/v2\/pages\/20","targetHints":{"allow":["GET"]}}],"collection":[{"href":"https:\/\/hankkeet.karelia.fi\/investointi-inno-pohjois-karjala-sote-ja-hyvinvointialan-kestavat-palvelut-ja-innovaatiot\/wp-json\/wp\/v2\/pages"}],"about":[{"href":"https:\/\/hankkeet.karelia.fi\/investointi-inno-pohjois-karjala-sote-ja-hyvinvointialan-kestavat-palvelut-ja-innovaatiot\/wp-json\/wp\/v2\/types\/page"}],"author":[{"embeddable":true,"href":"https:\/\/hankkeet.karelia.fi\/investointi-inno-pohjois-karjala-sote-ja-hyvinvointialan-kestavat-palvelut-ja-innovaatiot\/wp-json\/wp\/v2\/users\/10"}],"replies":[{"embeddable":true,"href":"https:\/\/hankkeet.karelia.fi\/investointi-inno-pohjois-karjala-sote-ja-hyvinvointialan-kestavat-palvelut-ja-innovaatiot\/wp-json\/wp\/v2\/comments?post=20"}],"version-history":[{"count":1,"href":"https:\/\/hankkeet.karelia.fi\/investointi-inno-pohjois-karjala-sote-ja-hyvinvointialan-kestavat-palvelut-ja-innovaatiot\/wp-json\/wp\/v2\/pages\/20\/revisions"}],"predecessor-version":[{"id":38,"href":"https:\/\/hankkeet.karelia.fi\/investointi-inno-pohjois-karjala-sote-ja-hyvinvointialan-kestavat-palvelut-ja-innovaatiot\/wp-json\/wp\/v2\/pages\/20\/revisions\/38"}],"wp:featuredmedia":[{"embeddable":true,"href":"https:\/\/hankkeet.karelia.fi\/investointi-inno-pohjois-karjala-sote-ja-hyvinvointialan-kestavat-palvelut-ja-innovaatiot\/wp-json\/wp\/v2\/media\/17"}],"wp:attachment":[{"href":"https:\/\/hankkeet.karelia.fi\/investointi-inno-pohjois-karjala-sote-ja-hyvinvointialan-kestavat-palvelut-ja-innovaatiot\/wp-json\/wp\/v2\/media?parent=20"}],"curies":[{"name":"wp","href":"https:\/\/api.w.org\/{rel}","templated":true}]}}