{"id":20,"date":"2026-03-17T10:55:50","date_gmt":"2026-03-17T08:55:50","guid":{"rendered":"https:\/\/hankkeet.karelia.fi\/karelian-opettajat-tyoelamajaksoilla-2-0\/karelian-opettajat-tyoelamajaksoilla-2-0\/"},"modified":"2026-04-07T14:04:09","modified_gmt":"2026-04-07T11:04:09","slug":"karelian-opettajat-tyoelamajaksoilla-2-0","status":"publish","type":"page","link":"https:\/\/hankkeet.karelia.fi\/karelian-opettajat-tyoelamajaksoilla-2-0\/","title":{"rendered":"Karelian opettajat ty\u00f6el\u00e4m\u00e4jaksoilla 2.0"},"content":{"rendered":"\n<figure class=\"wp-block-image size-full is-resized\"><img decoding=\"async\" src=\"https:\/\/hankkeet.karelia.fi\/karelian-opettajat-tyoelamajaksoilla-2-0\/wp-content\/uploads\/sites\/32\/2026\/03\/karelia-otsakorpi.jpg\" alt class=\"wp-image-69644\" style=\"width:381px;height:auto\"><\/figure>\n\n\n\n<p>Ope\u00adtushenkil\u00f6st\u00f6n ty\u00f6el\u00e4m\u00e4\u00adjak\u00adsot ovat yksi Kare\u00adlian ty\u00f6u\u00adrao\u00adhjel\u00admaan valit\u00adtu osaamisen kehit\u00adt\u00e4misen menetelm\u00e4. Ty\u00f6u\u00adrao\u00adhjel\u00adma on osa Kare\u00adlian strate\u00adgista henkil\u00f6st\u00f6\u00adsu\u00adun\u00adnitel\u00admaa ja perus\u00adtuu Kare\u00adlia 2030 \u2013strate\u00adgiaan. Ope\u00adtushenkil\u00f6st\u00f6n ty\u00f6el\u00e4m\u00e4\u00adjak\u00adsot palvel\u00ade\u00advat organ\u00adisaa\u00adtion osaamisen p\u00e4ivit\u00adt\u00e4misen lis\u00e4k\u00adsi my\u00f6s Kare\u00adlian kump\u00adpanu\u00adusy\u00adhteisty\u00f6t\u00e4 alueen organ\u00adisaa\u00adtiois\u00adsa. Opet\u00adta\u00adja laa\u00adjen\u00adtaa ty\u00f6el\u00e4m\u00e4\u00adjak\u00adsol\u00adla oman alansa verkos\u00adto\u00adja ja kehit\u00adt\u00e4\u00e4 Kare\u00adlian kump\u00adpanuuk\u00adsia.<\/p>\n\n\n\n<p>Han\u00adkkeen tavoit\u00adteena on:<br>1. vaki\u00adin\u00adnut\u00adtaa ope\u00adtushenkil\u00f6st\u00f6n ty\u00f6el\u00e4m\u00e4\u00adjak\u00adsot keskeisek\u00adsi osak\u00adsi Kare\u00adlian ope\u00adtushenkil\u00f6st\u00f6n osaamisen kehit\u00adt\u00e4misen keino\u00adva\u00adlikoimaa ja kas\u00advat\u00adtaa merkit\u00adt\u00e4v\u00e4sti ty\u00f6el\u00e4m\u00e4\u00adjak\u00adso\u00adjen m\u00e4\u00e4r\u00e4\u00e4<br>2. ennakoi\u00adda Kare\u00adlian osaamisen kehit\u00adt\u00e4misen vaatei\u00adta ja vas\u00adta\u00adta niil\u00adl\u00e4 alan muut\u00adtuvi\u00adin osaamis\u00adtarpeisi\u00adin opetuk\u00adsen n\u00e4k\u00f6kul\u00admas\u00adta.<\/p>\n\n\n\n<p>Lis\u00e4k\u00adsi ty\u00f6el\u00e4m\u00e4\u00adjak\u00adsot lis\u00e4\u00e4v\u00e4t ja syven\u00adt\u00e4v\u00e4t Kare\u00adlian ty\u00f6el\u00e4m\u00e4y\u00adhteyk\u00adsi\u00e4 maakun\u00adnas\u00adsa ja vahvis\u00adta\u00advat sit\u00e4 kaut\u00adta yhteiskun\u00adnal\u00adlista vaikut\u00adtavu\u00adut\u00adta ja opiske\u00adli\u00adjoiden harjoittelu\u2011, opin\u00adn\u00e4yte\u00adty\u00f6 ja ty\u00f6l\u00adlistymis\u00admah\u00addol\u00adlisuuk\u00adsia.<\/p>\n\n\n\n<p>Han\u00adkkeen tulok\u00adse\u00adna Kare\u00adlias\u00adsa syn\u00adtyy vaki\u00adin\u00adtunut ope\u00adtushenkil\u00f6st\u00f6n ty\u00f6el\u00e4m\u00e4\u00adjak\u00adso\u00adma\u00adlli, joka on luon\u00adtainen ja vuosit\u00adtainen osa ope\u00adtushenkil\u00f6st\u00f6n osaamisen kehit\u00adt\u00e4mist\u00e4.<\/p>\n\n\n\n<h2 class=\"wp-block-heading\">Projektin kesto<\/h2>\n\n\n\n<p>1.9.2024 \u2014 31.7.2027<\/p>\n\n\n\n<h2 class=\"wp-block-heading\">Projektip\u00e4\u00e4llikk\u00f6<\/h2>\n\n\n\n<p>Lau\u00adra Kek\u00e4le, laura.kekale@karelia.fi <\/p>\n\n\n\n<h2 class=\"wp-block-heading\">Rahoitus<\/h2>\n\n\n\n<p>William ja Ester Otsako\u00adr\u00adven s\u00e4\u00e4ti\u00f6<\/p>\n\n\n\n<figure class=\"wp-block-image size-full\"><img decoding=\"async\" src=\"https:\/\/hankkeet.karelia.fi\/karelian-opettajat-tyoelamajaksoilla-2-0\/wp-content\/uploads\/sites\/32\/2026\/03\/kk-palkki-4.png\" alt class=\"wp-image-81562\"><\/figure>\n","protected":false},"excerpt":{"rendered":"<p>Ope\u00adtushenkil\u00f6st\u00f6n ty\u00f6el\u00e4m\u00e4\u00adjak\u00adsot ovat yksi Kare\u00adlian ty\u00f6u\u00adrao\u00adhjel\u00admaan valit\u00adtu osaamisen kehit\u00adt\u00e4misen menetelm\u00e4. Ty\u00f6u\u00adrao\u00adhjel\u00adma on osa Kare\u00adlian strate\u00adgista henkil\u00f6st\u00f6\u00adsu\u00adun\u00adnitel\u00admaa ja perus\u00adtuu Kare\u00adlia 2030 \u2013strate\u00adgiaan. Ope\u00adtushenkil\u00f6st\u00f6n ty\u00f6el\u00e4m\u00e4\u00adjak\u00adsot palvel\u00ade\u00advat organ\u00adisaa\u00adtion osaamisen p\u00e4ivit\u00adt\u00e4misen lis\u00e4k\u00adsi my\u00f6s Kare\u00adlian kump\u00adpanu\u00adusy\u00adhteisty\u00f6t\u00e4 alueen organ\u00adisaa\u00adtiois\u00adsa. Opet\u00adta\u00adja laa\u00adjen\u00adtaa ty\u00f6el\u00e4m\u00e4\u00adjak\u00adsol\u00adla oman alansa verkos\u00adto\u00adja ja kehit\u00adt\u00e4\u00e4 Kare\u00adlian kump\u00adpanuuk\u00adsia. Han\u00adkkeen tavoit\u00adteena on:1. vaki\u00adin\u00adnut\u00adtaa ope\u00adtushenkil\u00f6st\u00f6n ty\u00f6el\u00e4m\u00e4\u00adjak\u00adsot keskeisek\u00adsi osak\u00adsi Kare\u00adlian ope\u00adtushenkil\u00f6st\u00f6n osaamisen kehit\u00adt\u00e4misen [\u2026]<\/p>\n","protected":false},"author":10,"featured_media":17,"parent":0,"menu_order":0,"comment_status":"closed","ping_status":"closed","template":"","meta":{"inline_featured_image":false,"wp_typography_post_enhancements_disabled":false,"footnotes":""},"class_list":["post-20","page","type-page","status-publish","has-post-thumbnail","hentry"],"yoast_head":"<!-- This site is optimized with the Yoast SEO plugin v27.5 - https:\/\/yoast.com\/product\/yoast-seo-wordpress\/ -->\n<title>Karelian opettajat ty\u00f6el\u00e4m\u00e4jaksoilla 2.0 - Karelian opettajat ty\u00f6el\u00e4m\u00e4jaksoilla 2.0<\/title>\n<meta name=\"robots\" content=\"index, follow, max-snippet:-1, max-image-preview:large, max-video-preview:-1\" \/>\n<link rel=\"canonical\" href=\"https:\/\/hankkeet.karelia.fi\/karelian-opettajat-tyoelamajaksoilla-2-0\/\" \/>\n<meta property=\"og:locale\" content=\"fi_FI\" \/>\n<meta property=\"og:type\" content=\"article\" \/>\n<meta property=\"og:title\" content=\"Karelian opettajat ty\u00f6el\u00e4m\u00e4jaksoilla 2.0 - Karelian opettajat ty\u00f6el\u00e4m\u00e4jaksoilla 2.0\" \/>\n<meta property=\"og:description\" content=\"Ope\u00adtushenkil\u00f6st\u00f6n ty\u00f6el\u00e4m\u00e4\u00adjak\u00adsot ovat yksi Kare\u00adlian ty\u00f6u\u00adrao\u00adhjel\u00admaan valit\u00adtu osaamisen kehit\u00adt\u00e4misen menetelm\u00e4. Ty\u00f6u\u00adrao\u00adhjel\u00adma on osa Kare\u00adlian strate\u00adgista henkil\u00f6st\u00f6\u00adsu\u00adun\u00adnitel\u00admaa ja perus\u00adtuu Kare\u00adlia 2030 \u2013strate\u00adgiaan. Ope\u00adtushenkil\u00f6st\u00f6n ty\u00f6el\u00e4m\u00e4\u00adjak\u00adsot palvel\u00ade\u00advat organ\u00adisaa\u00adtion osaamisen p\u00e4ivit\u00adt\u00e4misen lis\u00e4k\u00adsi my\u00f6s Kare\u00adlian kump\u00adpanu\u00adusy\u00adhteisty\u00f6t\u00e4 alueen organ\u00adisaa\u00adtiois\u00adsa. Opet\u00adta\u00adja laa\u00adjen\u00adtaa ty\u00f6el\u00e4m\u00e4\u00adjak\u00adsol\u00adla oman alansa verkos\u00adto\u00adja ja kehit\u00adt\u00e4\u00e4 Kare\u00adlian kump\u00adpanuuk\u00adsia. Han\u00adkkeen tavoit\u00adteena on:1. vaki\u00adin\u00adnut\u00adtaa ope\u00adtushenkil\u00f6st\u00f6n ty\u00f6el\u00e4m\u00e4\u00adjak\u00adsot keskeisek\u00adsi osak\u00adsi Kare\u00adlian ope\u00adtushenkil\u00f6st\u00f6n osaamisen kehit\u00adt\u00e4misen [&hellip;]\" \/>\n<meta property=\"og:url\" content=\"https:\/\/hankkeet.karelia.fi\/karelian-opettajat-tyoelamajaksoilla-2-0\/\" \/>\n<meta property=\"og:site_name\" content=\"Karelian opettajat ty\u00f6el\u00e4m\u00e4jaksoilla 2.0\" \/>\n<meta property=\"article:modified_time\" content=\"2026-04-07T11:04:09+00:00\" \/>\n<meta property=\"og:image\" content=\"https:\/\/hankkeet.karelia.fi\/karelian-opettajat-tyoelamajaksoilla-2-0\/wp-content\/uploads\/sites\/32\/2026\/03\/pr3-scaled-1.jpeg\" \/>\n\t<meta property=\"og:image:width\" content=\"2560\" \/>\n\t<meta property=\"og:image:height\" content=\"779\" \/>\n\t<meta property=\"og:image:type\" content=\"image\/jpeg\" \/>\n<meta name=\"twitter:card\" content=\"summary_large_image\" \/>\n<meta name=\"twitter:label1\" content=\"Arvioitu lukuaika\" \/>\n\t<meta name=\"twitter:data1\" content=\"2 minuuttia\" \/>\n<script type=\"application\/ld+json\" class=\"yoast-schema-graph\">{\"@context\":\"https:\\\/\\\/schema.org\",\"@graph\":[{\"@type\":\"WebPage\",\"@id\":\"https:\\\/\\\/hankkeet.karelia.fi\\\/karelian-opettajat-tyoelamajaksoilla-2-0\\\/\",\"url\":\"https:\\\/\\\/hankkeet.karelia.fi\\\/karelian-opettajat-tyoelamajaksoilla-2-0\\\/\",\"name\":\"Karelian opettajat ty\u00f6el\u00e4m\u00e4jaksoilla 2.0 - Karelian opettajat ty\u00f6el\u00e4m\u00e4jaksoilla 2.0\",\"isPartOf\":{\"@id\":\"https:\\\/\\\/hankkeet.karelia.fi\\\/karelian-opettajat-tyoelamajaksoilla-2-0\\\/#website\"},\"primaryImageOfPage\":{\"@id\":\"https:\\\/\\\/hankkeet.karelia.fi\\\/karelian-opettajat-tyoelamajaksoilla-2-0\\\/#primaryimage\"},\"image\":{\"@id\":\"https:\\\/\\\/hankkeet.karelia.fi\\\/karelian-opettajat-tyoelamajaksoilla-2-0\\\/#primaryimage\"},\"thumbnailUrl\":\"https:\\\/\\\/hankkeet.karelia.fi\\\/karelian-opettajat-tyoelamajaksoilla-2-0\\\/wp-content\\\/uploads\\\/sites\\\/32\\\/2026\\\/03\\\/pr3-scaled-1.jpeg\",\"datePublished\":\"2026-03-17T08:55:50+00:00\",\"dateModified\":\"2026-04-07T11:04:09+00:00\",\"breadcrumb\":{\"@id\":\"https:\\\/\\\/hankkeet.karelia.fi\\\/karelian-opettajat-tyoelamajaksoilla-2-0\\\/#breadcrumb\"},\"inLanguage\":\"fi\",\"potentialAction\":[{\"@type\":\"ReadAction\",\"target\":[\"https:\\\/\\\/hankkeet.karelia.fi\\\/karelian-opettajat-tyoelamajaksoilla-2-0\\\/\"]}]},{\"@type\":\"ImageObject\",\"inLanguage\":\"fi\",\"@id\":\"https:\\\/\\\/hankkeet.karelia.fi\\\/karelian-opettajat-tyoelamajaksoilla-2-0\\\/#primaryimage\",\"url\":\"https:\\\/\\\/hankkeet.karelia.fi\\\/karelian-opettajat-tyoelamajaksoilla-2-0\\\/wp-content\\\/uploads\\\/sites\\\/32\\\/2026\\\/03\\\/pr3-scaled-1.jpeg\",\"contentUrl\":\"https:\\\/\\\/hankkeet.karelia.fi\\\/karelian-opettajat-tyoelamajaksoilla-2-0\\\/wp-content\\\/uploads\\\/sites\\\/32\\\/2026\\\/03\\\/pr3-scaled-1.jpeg\",\"width\":2560,\"height\":779},{\"@type\":\"BreadcrumbList\",\"@id\":\"https:\\\/\\\/hankkeet.karelia.fi\\\/karelian-opettajat-tyoelamajaksoilla-2-0\\\/#breadcrumb\",\"itemListElement\":[{\"@type\":\"ListItem\",\"position\":1,\"name\":\"Home\",\"item\":\"https:\\\/\\\/hankkeet.karelia.fi\\\/karelian-opettajat-tyoelamajaksoilla-2-0\\\/\"},{\"@type\":\"ListItem\",\"position\":2,\"name\":\"Karelian opettajat ty\u00f6el\u00e4m\u00e4jaksoilla 2.0\"}]},{\"@type\":\"WebSite\",\"@id\":\"https:\\\/\\\/hankkeet.karelia.fi\\\/karelian-opettajat-tyoelamajaksoilla-2-0\\\/#website\",\"url\":\"https:\\\/\\\/hankkeet.karelia.fi\\\/karelian-opettajat-tyoelamajaksoilla-2-0\\\/\",\"name\":\"Karelian opettajat ty\u00f6el\u00e4m\u00e4jaksoilla 2.0\",\"description\":\"\",\"publisher\":{\"@id\":\"https:\\\/\\\/hankkeet.karelia.fi\\\/karelian-opettajat-tyoelamajaksoilla-2-0\\\/#organization\"},\"potentialAction\":[{\"@type\":\"SearchAction\",\"target\":{\"@type\":\"EntryPoint\",\"urlTemplate\":\"https:\\\/\\\/hankkeet.karelia.fi\\\/karelian-opettajat-tyoelamajaksoilla-2-0\\\/?s={search_term_string}\"},\"query-input\":{\"@type\":\"PropertyValueSpecification\",\"valueRequired\":true,\"valueName\":\"search_term_string\"}}],\"inLanguage\":\"fi\"},{\"@type\":\"Organization\",\"@id\":\"https:\\\/\\\/hankkeet.karelia.fi\\\/karelian-opettajat-tyoelamajaksoilla-2-0\\\/#organization\",\"name\":\"Karelian opettajat ty\u00f6el\u00e4m\u00e4jaksoilla 2.0\",\"url\":\"https:\\\/\\\/hankkeet.karelia.fi\\\/karelian-opettajat-tyoelamajaksoilla-2-0\\\/\",\"logo\":{\"@type\":\"ImageObject\",\"inLanguage\":\"fi\",\"@id\":\"https:\\\/\\\/hankkeet.karelia.fi\\\/karelian-opettajat-tyoelamajaksoilla-2-0\\\/#\\\/schema\\\/logo\\\/image\\\/\",\"url\":\"https:\\\/\\\/hankkeet.karelia.fi\\\/karelian-opettajat-tyoelamajaksoilla-2-0\\\/wp-content\\\/uploads\\\/sites\\\/32\\\/2026\\\/03\\\/cropped-cropped-Karelia_AMK_logo_RGB-1.png\",\"contentUrl\":\"https:\\\/\\\/hankkeet.karelia.fi\\\/karelian-opettajat-tyoelamajaksoilla-2-0\\\/wp-content\\\/uploads\\\/sites\\\/32\\\/2026\\\/03\\\/cropped-cropped-Karelia_AMK_logo_RGB-1.png\",\"width\":427,\"height\":116,\"caption\":\"Karelian opettajat ty\u00f6el\u00e4m\u00e4jaksoilla 2.0\"},\"image\":{\"@id\":\"https:\\\/\\\/hankkeet.karelia.fi\\\/karelian-opettajat-tyoelamajaksoilla-2-0\\\/#\\\/schema\\\/logo\\\/image\\\/\"}}]}<\/script>\n<!-- \/ Yoast SEO plugin. -->","yoast_head_json":{"title":"Karelian opettajat ty\u00f6el\u00e4m\u00e4jaksoilla 2.0 - Karelian opettajat ty\u00f6el\u00e4m\u00e4jaksoilla 2.0","robots":{"index":"index","follow":"follow","max-snippet":"max-snippet:-1","max-image-preview":"max-image-preview:large","max-video-preview":"max-video-preview:-1"},"canonical":"https:\/\/hankkeet.karelia.fi\/karelian-opettajat-tyoelamajaksoilla-2-0\/","og_locale":"fi_FI","og_type":"article","og_title":"Karelian opettajat ty\u00f6el\u00e4m\u00e4jaksoilla 2.0 - Karelian opettajat ty\u00f6el\u00e4m\u00e4jaksoilla 2.0","og_description":"Ope\u00adtushenkil\u00f6st\u00f6n ty\u00f6el\u00e4m\u00e4\u00adjak\u00adsot ovat yksi Kare\u00adlian ty\u00f6u\u00adrao\u00adhjel\u00admaan valit\u00adtu osaamisen kehit\u00adt\u00e4misen menetelm\u00e4. Ty\u00f6u\u00adrao\u00adhjel\u00adma on osa Kare\u00adlian strate\u00adgista henkil\u00f6st\u00f6\u00adsu\u00adun\u00adnitel\u00admaa ja perus\u00adtuu Kare\u00adlia 2030 \u2013strate\u00adgiaan. Ope\u00adtushenkil\u00f6st\u00f6n ty\u00f6el\u00e4m\u00e4\u00adjak\u00adsot palvel\u00ade\u00advat organ\u00adisaa\u00adtion osaamisen p\u00e4ivit\u00adt\u00e4misen lis\u00e4k\u00adsi my\u00f6s Kare\u00adlian kump\u00adpanu\u00adusy\u00adhteisty\u00f6t\u00e4 alueen organ\u00adisaa\u00adtiois\u00adsa. Opet\u00adta\u00adja laa\u00adjen\u00adtaa ty\u00f6el\u00e4m\u00e4\u00adjak\u00adsol\u00adla oman alansa verkos\u00adto\u00adja ja kehit\u00adt\u00e4\u00e4 Kare\u00adlian kump\u00adpanuuk\u00adsia. Han\u00adkkeen tavoit\u00adteena on:1. vaki\u00adin\u00adnut\u00adtaa ope\u00adtushenkil\u00f6st\u00f6n ty\u00f6el\u00e4m\u00e4\u00adjak\u00adsot keskeisek\u00adsi osak\u00adsi Kare\u00adlian ope\u00adtushenkil\u00f6st\u00f6n osaamisen kehit\u00adt\u00e4misen [&hellip;]","og_url":"https:\/\/hankkeet.karelia.fi\/karelian-opettajat-tyoelamajaksoilla-2-0\/","og_site_name":"Karelian opettajat ty\u00f6el\u00e4m\u00e4jaksoilla 2.0","article_modified_time":"2026-04-07T11:04:09+00:00","og_image":[{"width":2560,"height":779,"url":"https:\/\/hankkeet.karelia.fi\/karelian-opettajat-tyoelamajaksoilla-2-0\/wp-content\/uploads\/sites\/32\/2026\/03\/pr3-scaled-1.jpeg","type":"image\/jpeg"}],"twitter_card":"summary_large_image","twitter_misc":{"Arvioitu lukuaika":"2 minuuttia"},"schema":{"@context":"https:\/\/schema.org","@graph":[{"@type":"WebPage","@id":"https:\/\/hankkeet.karelia.fi\/karelian-opettajat-tyoelamajaksoilla-2-0\/","url":"https:\/\/hankkeet.karelia.fi\/karelian-opettajat-tyoelamajaksoilla-2-0\/","name":"Karelian opettajat ty\u00f6el\u00e4m\u00e4jaksoilla 2.0 - Karelian opettajat ty\u00f6el\u00e4m\u00e4jaksoilla 2.0","isPartOf":{"@id":"https:\/\/hankkeet.karelia.fi\/karelian-opettajat-tyoelamajaksoilla-2-0\/#website"},"primaryImageOfPage":{"@id":"https:\/\/hankkeet.karelia.fi\/karelian-opettajat-tyoelamajaksoilla-2-0\/#primaryimage"},"image":{"@id":"https:\/\/hankkeet.karelia.fi\/karelian-opettajat-tyoelamajaksoilla-2-0\/#primaryimage"},"thumbnailUrl":"https:\/\/hankkeet.karelia.fi\/karelian-opettajat-tyoelamajaksoilla-2-0\/wp-content\/uploads\/sites\/32\/2026\/03\/pr3-scaled-1.jpeg","datePublished":"2026-03-17T08:55:50+00:00","dateModified":"2026-04-07T11:04:09+00:00","breadcrumb":{"@id":"https:\/\/hankkeet.karelia.fi\/karelian-opettajat-tyoelamajaksoilla-2-0\/#breadcrumb"},"inLanguage":"fi","potentialAction":[{"@type":"ReadAction","target":["https:\/\/hankkeet.karelia.fi\/karelian-opettajat-tyoelamajaksoilla-2-0\/"]}]},{"@type":"ImageObject","inLanguage":"fi","@id":"https:\/\/hankkeet.karelia.fi\/karelian-opettajat-tyoelamajaksoilla-2-0\/#primaryimage","url":"https:\/\/hankkeet.karelia.fi\/karelian-opettajat-tyoelamajaksoilla-2-0\/wp-content\/uploads\/sites\/32\/2026\/03\/pr3-scaled-1.jpeg","contentUrl":"https:\/\/hankkeet.karelia.fi\/karelian-opettajat-tyoelamajaksoilla-2-0\/wp-content\/uploads\/sites\/32\/2026\/03\/pr3-scaled-1.jpeg","width":2560,"height":779},{"@type":"BreadcrumbList","@id":"https:\/\/hankkeet.karelia.fi\/karelian-opettajat-tyoelamajaksoilla-2-0\/#breadcrumb","itemListElement":[{"@type":"ListItem","position":1,"name":"Home","item":"https:\/\/hankkeet.karelia.fi\/karelian-opettajat-tyoelamajaksoilla-2-0\/"},{"@type":"ListItem","position":2,"name":"Karelian opettajat ty\u00f6el\u00e4m\u00e4jaksoilla 2.0"}]},{"@type":"WebSite","@id":"https:\/\/hankkeet.karelia.fi\/karelian-opettajat-tyoelamajaksoilla-2-0\/#website","url":"https:\/\/hankkeet.karelia.fi\/karelian-opettajat-tyoelamajaksoilla-2-0\/","name":"Karelian opettajat ty\u00f6el\u00e4m\u00e4jaksoilla 2.0","description":"","publisher":{"@id":"https:\/\/hankkeet.karelia.fi\/karelian-opettajat-tyoelamajaksoilla-2-0\/#organization"},"potentialAction":[{"@type":"SearchAction","target":{"@type":"EntryPoint","urlTemplate":"https:\/\/hankkeet.karelia.fi\/karelian-opettajat-tyoelamajaksoilla-2-0\/?s={search_term_string}"},"query-input":{"@type":"PropertyValueSpecification","valueRequired":true,"valueName":"search_term_string"}}],"inLanguage":"fi"},{"@type":"Organization","@id":"https:\/\/hankkeet.karelia.fi\/karelian-opettajat-tyoelamajaksoilla-2-0\/#organization","name":"Karelian opettajat ty\u00f6el\u00e4m\u00e4jaksoilla 2.0","url":"https:\/\/hankkeet.karelia.fi\/karelian-opettajat-tyoelamajaksoilla-2-0\/","logo":{"@type":"ImageObject","inLanguage":"fi","@id":"https:\/\/hankkeet.karelia.fi\/karelian-opettajat-tyoelamajaksoilla-2-0\/#\/schema\/logo\/image\/","url":"https:\/\/hankkeet.karelia.fi\/karelian-opettajat-tyoelamajaksoilla-2-0\/wp-content\/uploads\/sites\/32\/2026\/03\/cropped-cropped-Karelia_AMK_logo_RGB-1.png","contentUrl":"https:\/\/hankkeet.karelia.fi\/karelian-opettajat-tyoelamajaksoilla-2-0\/wp-content\/uploads\/sites\/32\/2026\/03\/cropped-cropped-Karelia_AMK_logo_RGB-1.png","width":427,"height":116,"caption":"Karelian opettajat ty\u00f6el\u00e4m\u00e4jaksoilla 2.0"},"image":{"@id":"https:\/\/hankkeet.karelia.fi\/karelian-opettajat-tyoelamajaksoilla-2-0\/#\/schema\/logo\/image\/"}}]}},"_links":{"self":[{"href":"https:\/\/hankkeet.karelia.fi\/karelian-opettajat-tyoelamajaksoilla-2-0\/wp-json\/wp\/v2\/pages\/20","targetHints":{"allow":["GET"]}}],"collection":[{"href":"https:\/\/hankkeet.karelia.fi\/karelian-opettajat-tyoelamajaksoilla-2-0\/wp-json\/wp\/v2\/pages"}],"about":[{"href":"https:\/\/hankkeet.karelia.fi\/karelian-opettajat-tyoelamajaksoilla-2-0\/wp-json\/wp\/v2\/types\/page"}],"author":[{"embeddable":true,"href":"https:\/\/hankkeet.karelia.fi\/karelian-opettajat-tyoelamajaksoilla-2-0\/wp-json\/wp\/v2\/users\/10"}],"replies":[{"embeddable":true,"href":"https:\/\/hankkeet.karelia.fi\/karelian-opettajat-tyoelamajaksoilla-2-0\/wp-json\/wp\/v2\/comments?post=20"}],"version-history":[{"count":1,"href":"https:\/\/hankkeet.karelia.fi\/karelian-opettajat-tyoelamajaksoilla-2-0\/wp-json\/wp\/v2\/pages\/20\/revisions"}],"predecessor-version":[{"id":23,"href":"https:\/\/hankkeet.karelia.fi\/karelian-opettajat-tyoelamajaksoilla-2-0\/wp-json\/wp\/v2\/pages\/20\/revisions\/23"}],"wp:featuredmedia":[{"embeddable":true,"href":"https:\/\/hankkeet.karelia.fi\/karelian-opettajat-tyoelamajaksoilla-2-0\/wp-json\/wp\/v2\/media\/17"}],"wp:attachment":[{"href":"https:\/\/hankkeet.karelia.fi\/karelian-opettajat-tyoelamajaksoilla-2-0\/wp-json\/wp\/v2\/media?parent=20"}],"curies":[{"name":"wp","href":"https:\/\/api.w.org\/{rel}","templated":true}]}}