{"id":20,"date":"2026-03-17T12:11:09","date_gmt":"2026-03-17T10:11:09","guid":{"rendered":"https:\/\/hankkeet.karelia.fi\/kira-circularis\/kira-circularis\/"},"modified":"2026-03-17T12:11:09","modified_gmt":"2026-03-17T10:11:09","slug":"kira-circularis","status":"publish","type":"page","link":"https:\/\/hankkeet.karelia.fi\/kira-circularis\/","title":{"rendered":"Kira Circularis"},"content":{"rendered":"\n<figure class=\"wp-block-image size-full\"><img decoding=\"async\" src=\"https:\/\/hankkeet.karelia.fi\/kira-circularis\/wp-content\/uploads\/sites\/42\/2026\/03\/kira_circularis.jpg\" alt class=\"wp-image-78903\"><\/figure>\n\n\n\n<p>KIRA CIRCULARIS \u2014 Kiin\u00adteist\u00f6- ja raken\u00adnusalan kier\u00adto\u00adtalouden tuot\u00adteet, palve\u00adlut ja inno\u00advaa\u00adtiot.<\/p>\n\n\n\n<p>Suo\u00admi on aset\u00adtanut hiilineu\u00adtraal\u00adisu\u00adus\u00adtavoit\u00adteen v. 2035 men\u00adness\u00e4 ja t\u00e4m\u00e4n saavut\u00adtamisek\u00adsi tarvi\u00adtaan uusia v\u00e4h\u00e4hi\u00adil\u00adisi\u00e4, kest\u00e4vi\u00e4 ja inno\u00advati\u00adivisia ratkaisu\u00adja. Kier\u00adto\u00adtalouden inno\u00advaa\u00adtiois\u00adsa koros\u00adtuu julkisen, yksi\u00adtyisen ja kol\u00adman\u00adnen sek\u00adtorin v\u00e4li\u00adnen yhteisty\u00f6. Ilmas\u00adton\u00admuu\u00adtok\u00adsen ja luon\u00adtokadon hillint\u00e4 on yhteiskun\u00adnan yhteinen asia, joten julk\u00adisten resurssien k\u00e4yt\u00adt\u00f6 inno\u00advaa\u00adtiotoimin\u00adnas\u00adsa on perustel\u00adtua. Yksi\u00adtyi\u00adnen sek\u00adtori on puolestaan ket\u00adter\u00e4 kehit\u00adt\u00e4m\u00e4\u00e4n uusia tuot\u00adtei\u00adta ja palvelumalle\u00adja. Kol\u00admas sek\u00adtori on sovel\u00adtuvin huole\u00adhti\u00admaan vaiku\u00adtusten arvioin\u00adnin mallien puolueet\u00adto\u00admuud\u00ades\u00adta. T\u00e4l\u00adlaiseen asetel\u00admaan sopii yhteiske\u00adhit\u00adt\u00e4misen toim\u00adintat\u00ada\u00adpa, jos\u00adsa aluk\u00adsi haas\u00adteet sosi\u00adaal\u00adis\u00adte\u00adtaan, eli niist\u00e4 tehd\u00e4\u00e4n yhteis\u00ades\u00adti ratkaista\u00adva kokon\u00adaisu\u00adus.<\/p>\n\n\n\n<p>Teol\u00adlisu\u00adudessa, tuotan\u00adto\u00adlaitok\u00adsis\u00adsa ja ty\u00f6\u00admail\u00adla, syn\u00adtyy paljon eri\u00adlaisia sivu\u00advir\u00adto\u00adja, jot\u00adka nyt p\u00e4\u00e4\u00adtyv\u00e4t j\u00e4t\u00adteik\u00adsi, mut\u00adta joi\u00adta voitaisi\u00adin k\u00e4yt\u00adt\u00e4\u00e4 muiden mate\u00adri\u00adaalien ja tuot\u00adtei\u00adden raa\u00adka-aineina sel\u00adl\u00adaise\u00adnaan tai eri tavoin jalostet\u00adtuna. Raken\u00adnushankkeis\u00adsa uudis\u2011, kor\u00adjaus- ja purkuko\u00adhteis\u00adsa syn\u00adtyy my\u00f6s mate\u00adri\u00adaalivir\u00adto\u00adja, joi\u00adta ei hy\u00f6\u00addyn\u00adnet\u00e4. N\u00e4it\u00e4 voivat olla esimerkik\u00adsi eri\u00adlaiset yli\u00adj\u00e4\u00e4m\u00e4- tai likaan\u00adtuneet mate\u00adri\u00adaalit. Suomen ja muun Euroopan tavoit\u00adtei\u00adden mukaan kaiken j\u00e4t\u00adteen m\u00e4\u00e4r\u00e4\u00e4 tulisi v\u00e4hen\u00adty\u00e4 ja mate\u00adri\u00adaa\u00adlikier\u00adto saa\u00adda tehokkaam\u00admak\u00adsi.<\/p>\n\n\n\n<p>Uuden raken\u00adnus\u00adlain tul\u00adlessa voimaan 2025, tulee samanaikaises\u00adti voimaan my\u00f6s uusi ase\u00adtus (YM: Purku\u00adma\u00adte\u00adri\u00adaali- ja raken\u00adnusj\u00e4te\u00adselvi\u00adtysase\u00adtus) selkeyt\u00adt\u00e4m\u00e4\u00e4n uudelleenk\u00e4ytet\u00adt\u00e4vien raken\u00adnu\u00adsosien lain\u00ads\u00e4\u00e4d\u00e4n\u00adt\u00f6\u00e4. Se tiede\u00adt\u00e4\u00e4n jo, ett\u00e4 k\u00e4yte\u00adty\u00adille raken\u00adnu\u00adsosille k\u00e4ytet\u00e4\u00e4n raken\u00adnu\u00ads\u00adpaikkako\u00adhtaista var\u00admen\u00adnus\u00adta, kun niil\u00adl\u00e4 on vaa\u00adtimuk\u00adsia kohteessa, kun osoite\u00adtaan kelpoisu\u00adus raken\u00adnusko\u00adhteeseen. Tuot\u00adteis\u00adtamiseen ja teol\u00adlis\u00adtamiseen, niin tuotan\u00adto\u00adlaitok\u00adsi\u00adin, kuin ty\u00f6\u00admaille, tarvi\u00adtaan pros\u00ades\u00adsi-inno\u00advaa\u00adtioi\u00adta, joil\u00adla voidaan tuot\u00adtaa uudelleenk\u00e4ytet\u00adt\u00e4vi\u00e4 tai \u2011valmis\u00adtet\u00adtavia raken\u00adnu\u00adsosia taloudel\u00adlis\u00ades\u00adti, tehokkaasti ja ymp\u00e4rist\u00f6ys\u00adt\u00e4v\u00e4l\u00adlis\u00ades\u00adti.<\/p>\n\n\n\n<p>Purku\u00adma\u00adte\u00adri\u00adaalien hy\u00f6\u00addyn\u00adt\u00e4mi\u00adnen on rak\u00aden\u00adtamisen kier\u00adto\u00adtalouden keskeisi\u00e4 tavoit\u00adtei\u00adta. Suo\u00admi on sitoutunut EU:n j\u00e4te\u00addi\u00adrek\u00adti\u00adivin kaut\u00adta hy\u00f6\u00addyn\u00adt\u00e4m\u00e4\u00e4n maas\u00adsa syn\u00adtyvist\u00e4 raken\u00adnus- ja purku\u00adj\u00e4t\u00adteist\u00e4 mate\u00adri\u00adaali\u00adna v\u00e4hin\u00adt\u00e4\u00e4n 70 % ensi vuo\u00adteen (2020) men\u00adness\u00e4. 85 % raken\u00adnus- ja purku\u00adj\u00e4t\u00adteist\u00e4 syn\u00adtyy kor\u00adjaamises\u00adsa ja kokon\u00adais\u00adten raken\u00adnusten purkamises\u00adsa, joten purkupros\u00adessien ohjauk\u00adseen tulee kiin\u00adnit\u00adt\u00e4\u00e4 entist\u00e4 enem\u00adm\u00e4n huomioi\u00adta.<\/p>\n\n\n\n<p>KIRA CIRCULARIS \u2011han\u00adkkeessa avataan kuu\u00adden raken\u00adnusalaan erikois\u00adtuneen ammat\u00adtiko\u00adrkeak\u00adoulun tutkimusym\u00adp\u00e4rist\u00f6t ja lab\u00ado\u00adra\u00adto\u00adrioalu\u00ads\u00adtat palvele\u00admaan pk-yri\u00adtyk\u00adsi\u00e4 kier\u00adto\u00adtalouden edis\u00adt\u00e4misess\u00e4. Han\u00adkkeen aikana kier\u00adto\u00adtalouden edis\u00adt\u00e4miseen val\u00adjastet\u00adta\u00advat lab\u00ado\u00adra\u00adto\u00adri\u00adot ja niiden tar\u00adjoa\u00admat mah\u00addol\u00adlisu\u00adudet kuvataan Tiede ja tutkimus \u2011por\u00adtaali\u00adin.<\/p>\n\n\n\n<p>Han\u00adkkeessa haetaan laa\u00adjaa vaikut\u00adtavu\u00adut\u00adta lukuis\u00adten kier\u00adto\u00adtalouden teemo\u00adjen ymp\u00e4ril\u00adl\u00e4 ja laa\u00adjan val\u00adtakun\u00adnal\u00adlisen yhteisty\u00f6verkos\u00adton avul\u00adla. N\u00e4k\u00f6kul\u00admi\u00adna ovat em. teemo\u00adjen mukaises\u00adti mate\u00adri\u00adaa\u00adlikier\u00adto, uudelleen k\u00e4ytet\u00adt\u00e4v\u00e4t tai \u2011valmis\u00adtet\u00adta\u00advat raken\u00adnu\u00adsosat sek\u00e4 puret\u00adtavak\u00adsi suun\u00adnitelta\u00advat ja suun\u00adnitel\u00adlut raken\u00adnuk\u00adset. Han\u00adkkeessa syn\u00adtyy uuden\u00adlainen raken\u00adnusalan yri\u00adtys\u00adten kier\u00adto\u00adtalout\u00adta tuke\u00adva ekosys\u00adtee\u00admi ja yhteisty\u00f6n avul\u00adla tavoitel\u00adlaan uusien tuot\u00adtei\u00adden, palvelu\u00adiden ja inno\u00advaa\u00adtioiden toteu\u00adtu\u00admista.<\/p>\n\n\n\n<p>Ryh\u00adm\u00e4hankkeen toteut\u00adta\u00adjat:<\/p>\n\n\n\n<p>Metropo\u00adlia Ammat\u00adtiko\u00adrkeak\u00adoulu Oy<br>Turun ammat\u00adtiko\u00adrkeak\u00adoulu Oy<br>Oulun Ammat\u00adtiko\u00adrkeak\u00adoulu Oy<br>Tam\u00adpereen ammat\u00adtiko\u00adrkeak\u00adoulu Oy<br>Kaakkois-Suomen ammat\u00adtiko\u00adrkeak\u00adoulu XAMK, Savon\u00adlin\u00adna<\/p>\n\n\n\n<h2 class=\"wp-block-heading\">Projektin kesto<\/h2>\n\n\n\n<p>1.4.2024 \u2014 31.3.2026<\/p>\n\n\n\n<h2 class=\"wp-block-heading\">Projektip\u00e4\u00e4llikk\u00f6<\/h2>\n\n\n\n<p><strong>Mikko Matveinen<\/strong><br>Mikko.Matveinen(a)karelia.fi<\/p>\n\n\n\n<h2 class=\"wp-block-heading\">Rahoitus<\/h2>\n\n\n\n<p>EAKR-ohjel\u00adma<\/p>\n\n\n\n<figure class=\"wp-block-image size-full is-resized\"><img decoding=\"async\" src=\"https:\/\/hankkeet.karelia.fi\/kira-circularis\/wp-content\/uploads\/sites\/42\/2026\/03\/kira_circularis_palkki.jpg\" alt class=\"wp-image-78906\" style=\"width:640px;height:auto\"><\/figure>\n","protected":false},"excerpt":{"rendered":"<p>KIRA CIRCULARIS \u2014 Kiin\u00adteist\u00f6- ja raken\u00adnusalan kier\u00adto\u00adtalouden tuot\u00adteet, palve\u00adlut ja inno\u00advaa\u00adtiot. Suo\u00admi on aset\u00adtanut hiilineu\u00adtraal\u00adisu\u00adus\u00adtavoit\u00adteen v. 2035 men\u00adness\u00e4 ja t\u00e4m\u00e4n saavut\u00adtamisek\u00adsi tarvi\u00adtaan uusia v\u00e4h\u00e4hi\u00adil\u00adisi\u00e4, kest\u00e4vi\u00e4 ja inno\u00advati\u00adivisia ratkaisu\u00adja. Kier\u00adto\u00adtalouden inno\u00advaa\u00adtiois\u00adsa koros\u00adtuu julkisen, yksi\u00adtyisen ja kol\u00adman\u00adnen sek\u00adtorin v\u00e4li\u00adnen yhteisty\u00f6. Ilmas\u00adton\u00admuu\u00adtok\u00adsen ja luon\u00adtokadon hillint\u00e4 on yhteiskun\u00adnan yhteinen asia, joten julk\u00adisten resurssien k\u00e4yt\u00adt\u00f6 inno\u00advaa\u00adtiotoimin\u00adnas\u00adsa on perustel\u00adtua. Yksi\u00adtyi\u00adnen sek\u00adtori [\u2026]<\/p>\n","protected":false},"author":0,"featured_media":17,"parent":0,"menu_order":0,"comment_status":"closed","ping_status":"closed","template":"","meta":{"inline_featured_image":false,"wp_typography_post_enhancements_disabled":false,"footnotes":""},"class_list":["post-20","page","type-page","status-publish","has-post-thumbnail","hentry"],"yoast_head":"<!-- This site is optimized with the Yoast SEO plugin v27.5 - https:\/\/yoast.com\/product\/yoast-seo-wordpress\/ -->\n<title>Kira Circularis - Kira Circularis<\/title>\n<meta name=\"robots\" content=\"index, follow, max-snippet:-1, max-image-preview:large, max-video-preview:-1\" \/>\n<link rel=\"canonical\" href=\"https:\/\/hankkeet.karelia.fi\/kira-circularis\/\" \/>\n<meta property=\"og:locale\" content=\"fi_FI\" \/>\n<meta property=\"og:type\" content=\"article\" \/>\n<meta property=\"og:title\" content=\"Kira Circularis - Kira Circularis\" \/>\n<meta property=\"og:description\" content=\"KIRA CIRCULARIS \u2014 Kiin\u00adteist\u00f6- ja raken\u00adnusalan kier\u00adto\u00adtalouden tuot\u00adteet, palve\u00adlut ja inno\u00advaa\u00adtiot. Suo\u00admi on aset\u00adtanut hiilineu\u00adtraal\u00adisu\u00adus\u00adtavoit\u00adteen v. 2035 men\u00adness\u00e4 ja t\u00e4m\u00e4n saavut\u00adtamisek\u00adsi tarvi\u00adtaan uusia v\u00e4h\u00e4hi\u00adil\u00adisi\u00e4, kest\u00e4vi\u00e4 ja inno\u00advati\u00adivisia ratkaisu\u00adja. Kier\u00adto\u00adtalouden inno\u00advaa\u00adtiois\u00adsa koros\u00adtuu julkisen, yksi\u00adtyisen ja kol\u00adman\u00adnen sek\u00adtorin v\u00e4li\u00adnen yhteisty\u00f6. Ilmas\u00adton\u00admuu\u00adtok\u00adsen ja luon\u00adtokadon hillint\u00e4 on yhteiskun\u00adnan yhteinen asia, joten julk\u00adisten resurssien k\u00e4yt\u00adt\u00f6 inno\u00advaa\u00adtiotoimin\u00adnas\u00adsa on perustel\u00adtua. Yksi\u00adtyi\u00adnen sek\u00adtori [&hellip;]\" \/>\n<meta property=\"og:url\" content=\"https:\/\/hankkeet.karelia.fi\/kira-circularis\/\" \/>\n<meta property=\"og:site_name\" content=\"Kira Circularis\" \/>\n<meta name=\"twitter:card\" content=\"summary_large_image\" \/>\n<meta name=\"twitter:label1\" content=\"Arvioitu lukuaika\" \/>\n\t<meta name=\"twitter:data1\" content=\"2 minuuttia\" \/>\n<script type=\"application\/ld+json\" class=\"yoast-schema-graph\">{\"@context\":\"https:\\\/\\\/schema.org\",\"@graph\":[{\"@type\":\"WebPage\",\"@id\":\"https:\\\/\\\/hankkeet.karelia.fi\\\/kira-circularis\\\/\",\"url\":\"https:\\\/\\\/hankkeet.karelia.fi\\\/kira-circularis\\\/\",\"name\":\"Kira Circularis - Kira Circularis\",\"isPartOf\":{\"@id\":\"https:\\\/\\\/hankkeet.karelia.fi\\\/kira-circularis\\\/#website\"},\"primaryImageOfPage\":{\"@id\":\"https:\\\/\\\/hankkeet.karelia.fi\\\/kira-circularis\\\/#primaryimage\"},\"image\":{\"@id\":\"https:\\\/\\\/hankkeet.karelia.fi\\\/kira-circularis\\\/#primaryimage\"},\"thumbnailUrl\":\"https:\\\/\\\/hankkeet.karelia.fi\\\/kira-circularis\\\/wp-content\\\/uploads\\\/sites\\\/42\\\/2026\\\/03\\\/pr2-1-scaled-1.jpeg\",\"datePublished\":\"2026-03-17T10:11:09+00:00\",\"breadcrumb\":{\"@id\":\"https:\\\/\\\/hankkeet.karelia.fi\\\/kira-circularis\\\/#breadcrumb\"},\"inLanguage\":\"fi\",\"potentialAction\":[{\"@type\":\"ReadAction\",\"target\":[\"https:\\\/\\\/hankkeet.karelia.fi\\\/kira-circularis\\\/\"]}]},{\"@type\":\"ImageObject\",\"inLanguage\":\"fi\",\"@id\":\"https:\\\/\\\/hankkeet.karelia.fi\\\/kira-circularis\\\/#primaryimage\",\"url\":\"https:\\\/\\\/hankkeet.karelia.fi\\\/kira-circularis\\\/wp-content\\\/uploads\\\/sites\\\/42\\\/2026\\\/03\\\/pr2-1-scaled-1.jpeg\",\"contentUrl\":\"https:\\\/\\\/hankkeet.karelia.fi\\\/kira-circularis\\\/wp-content\\\/uploads\\\/sites\\\/42\\\/2026\\\/03\\\/pr2-1-scaled-1.jpeg\",\"width\":2560,\"height\":1230},{\"@type\":\"BreadcrumbList\",\"@id\":\"https:\\\/\\\/hankkeet.karelia.fi\\\/kira-circularis\\\/#breadcrumb\",\"itemListElement\":[{\"@type\":\"ListItem\",\"position\":1,\"name\":\"Home\",\"item\":\"https:\\\/\\\/hankkeet.karelia.fi\\\/kira-circularis\\\/kira-circularis\\\/\"},{\"@type\":\"ListItem\",\"position\":2,\"name\":\"Kira Circularis\"}]},{\"@type\":\"WebSite\",\"@id\":\"https:\\\/\\\/hankkeet.karelia.fi\\\/kira-circularis\\\/#website\",\"url\":\"https:\\\/\\\/hankkeet.karelia.fi\\\/kira-circularis\\\/\",\"name\":\"Kira Circularis\",\"description\":\"\",\"publisher\":{\"@id\":\"https:\\\/\\\/hankkeet.karelia.fi\\\/kira-circularis\\\/#organization\"},\"potentialAction\":[{\"@type\":\"SearchAction\",\"target\":{\"@type\":\"EntryPoint\",\"urlTemplate\":\"https:\\\/\\\/hankkeet.karelia.fi\\\/kira-circularis\\\/?s={search_term_string}\"},\"query-input\":{\"@type\":\"PropertyValueSpecification\",\"valueRequired\":true,\"valueName\":\"search_term_string\"}}],\"inLanguage\":\"fi\"},{\"@type\":\"Organization\",\"@id\":\"https:\\\/\\\/hankkeet.karelia.fi\\\/kira-circularis\\\/#organization\",\"name\":\"Kira Circularis\",\"url\":\"https:\\\/\\\/hankkeet.karelia.fi\\\/kira-circularis\\\/\",\"logo\":{\"@type\":\"ImageObject\",\"inLanguage\":\"fi\",\"@id\":\"https:\\\/\\\/hankkeet.karelia.fi\\\/kira-circularis\\\/#\\\/schema\\\/logo\\\/image\\\/\",\"url\":\"https:\\\/\\\/hankkeet.karelia.fi\\\/kira-circularis\\\/wp-content\\\/uploads\\\/sites\\\/42\\\/2026\\\/03\\\/cropped-cropped-Karelia_AMK_logo_RGB-1.png\",\"contentUrl\":\"https:\\\/\\\/hankkeet.karelia.fi\\\/kira-circularis\\\/wp-content\\\/uploads\\\/sites\\\/42\\\/2026\\\/03\\\/cropped-cropped-Karelia_AMK_logo_RGB-1.png\",\"width\":427,\"height\":116,\"caption\":\"Kira Circularis\"},\"image\":{\"@id\":\"https:\\\/\\\/hankkeet.karelia.fi\\\/kira-circularis\\\/#\\\/schema\\\/logo\\\/image\\\/\"}}]}<\/script>\n<!-- \/ Yoast SEO plugin. -->","yoast_head_json":{"title":"Kira Circularis - Kira Circularis","robots":{"index":"index","follow":"follow","max-snippet":"max-snippet:-1","max-image-preview":"max-image-preview:large","max-video-preview":"max-video-preview:-1"},"canonical":"https:\/\/hankkeet.karelia.fi\/kira-circularis\/","og_locale":"fi_FI","og_type":"article","og_title":"Kira Circularis - Kira Circularis","og_description":"KIRA CIRCULARIS \u2014 Kiin\u00adteist\u00f6- ja raken\u00adnusalan kier\u00adto\u00adtalouden tuot\u00adteet, palve\u00adlut ja inno\u00advaa\u00adtiot. Suo\u00admi on aset\u00adtanut hiilineu\u00adtraal\u00adisu\u00adus\u00adtavoit\u00adteen v. 2035 men\u00adness\u00e4 ja t\u00e4m\u00e4n saavut\u00adtamisek\u00adsi tarvi\u00adtaan uusia v\u00e4h\u00e4hi\u00adil\u00adisi\u00e4, kest\u00e4vi\u00e4 ja inno\u00advati\u00adivisia ratkaisu\u00adja. Kier\u00adto\u00adtalouden inno\u00advaa\u00adtiois\u00adsa koros\u00adtuu julkisen, yksi\u00adtyisen ja kol\u00adman\u00adnen sek\u00adtorin v\u00e4li\u00adnen yhteisty\u00f6. Ilmas\u00adton\u00admuu\u00adtok\u00adsen ja luon\u00adtokadon hillint\u00e4 on yhteiskun\u00adnan yhteinen asia, joten julk\u00adisten resurssien k\u00e4yt\u00adt\u00f6 inno\u00advaa\u00adtiotoimin\u00adnas\u00adsa on perustel\u00adtua. Yksi\u00adtyi\u00adnen sek\u00adtori [&hellip;]","og_url":"https:\/\/hankkeet.karelia.fi\/kira-circularis\/","og_site_name":"Kira Circularis","twitter_card":"summary_large_image","twitter_misc":{"Arvioitu lukuaika":"2 minuuttia"},"schema":{"@context":"https:\/\/schema.org","@graph":[{"@type":"WebPage","@id":"https:\/\/hankkeet.karelia.fi\/kira-circularis\/","url":"https:\/\/hankkeet.karelia.fi\/kira-circularis\/","name":"Kira Circularis - Kira Circularis","isPartOf":{"@id":"https:\/\/hankkeet.karelia.fi\/kira-circularis\/#website"},"primaryImageOfPage":{"@id":"https:\/\/hankkeet.karelia.fi\/kira-circularis\/#primaryimage"},"image":{"@id":"https:\/\/hankkeet.karelia.fi\/kira-circularis\/#primaryimage"},"thumbnailUrl":"https:\/\/hankkeet.karelia.fi\/kira-circularis\/wp-content\/uploads\/sites\/42\/2026\/03\/pr2-1-scaled-1.jpeg","datePublished":"2026-03-17T10:11:09+00:00","breadcrumb":{"@id":"https:\/\/hankkeet.karelia.fi\/kira-circularis\/#breadcrumb"},"inLanguage":"fi","potentialAction":[{"@type":"ReadAction","target":["https:\/\/hankkeet.karelia.fi\/kira-circularis\/"]}]},{"@type":"ImageObject","inLanguage":"fi","@id":"https:\/\/hankkeet.karelia.fi\/kira-circularis\/#primaryimage","url":"https:\/\/hankkeet.karelia.fi\/kira-circularis\/wp-content\/uploads\/sites\/42\/2026\/03\/pr2-1-scaled-1.jpeg","contentUrl":"https:\/\/hankkeet.karelia.fi\/kira-circularis\/wp-content\/uploads\/sites\/42\/2026\/03\/pr2-1-scaled-1.jpeg","width":2560,"height":1230},{"@type":"BreadcrumbList","@id":"https:\/\/hankkeet.karelia.fi\/kira-circularis\/#breadcrumb","itemListElement":[{"@type":"ListItem","position":1,"name":"Home","item":"https:\/\/hankkeet.karelia.fi\/kira-circularis\/kira-circularis\/"},{"@type":"ListItem","position":2,"name":"Kira Circularis"}]},{"@type":"WebSite","@id":"https:\/\/hankkeet.karelia.fi\/kira-circularis\/#website","url":"https:\/\/hankkeet.karelia.fi\/kira-circularis\/","name":"Kira Circularis","description":"","publisher":{"@id":"https:\/\/hankkeet.karelia.fi\/kira-circularis\/#organization"},"potentialAction":[{"@type":"SearchAction","target":{"@type":"EntryPoint","urlTemplate":"https:\/\/hankkeet.karelia.fi\/kira-circularis\/?s={search_term_string}"},"query-input":{"@type":"PropertyValueSpecification","valueRequired":true,"valueName":"search_term_string"}}],"inLanguage":"fi"},{"@type":"Organization","@id":"https:\/\/hankkeet.karelia.fi\/kira-circularis\/#organization","name":"Kira Circularis","url":"https:\/\/hankkeet.karelia.fi\/kira-circularis\/","logo":{"@type":"ImageObject","inLanguage":"fi","@id":"https:\/\/hankkeet.karelia.fi\/kira-circularis\/#\/schema\/logo\/image\/","url":"https:\/\/hankkeet.karelia.fi\/kira-circularis\/wp-content\/uploads\/sites\/42\/2026\/03\/cropped-cropped-Karelia_AMK_logo_RGB-1.png","contentUrl":"https:\/\/hankkeet.karelia.fi\/kira-circularis\/wp-content\/uploads\/sites\/42\/2026\/03\/cropped-cropped-Karelia_AMK_logo_RGB-1.png","width":427,"height":116,"caption":"Kira Circularis"},"image":{"@id":"https:\/\/hankkeet.karelia.fi\/kira-circularis\/#\/schema\/logo\/image\/"}}]}},"_links":{"self":[{"href":"https:\/\/hankkeet.karelia.fi\/kira-circularis\/wp-json\/wp\/v2\/pages\/20","targetHints":{"allow":["GET"]}}],"collection":[{"href":"https:\/\/hankkeet.karelia.fi\/kira-circularis\/wp-json\/wp\/v2\/pages"}],"about":[{"href":"https:\/\/hankkeet.karelia.fi\/kira-circularis\/wp-json\/wp\/v2\/types\/page"}],"replies":[{"embeddable":true,"href":"https:\/\/hankkeet.karelia.fi\/kira-circularis\/wp-json\/wp\/v2\/comments?post=20"}],"version-history":[{"count":0,"href":"https:\/\/hankkeet.karelia.fi\/kira-circularis\/wp-json\/wp\/v2\/pages\/20\/revisions"}],"wp:featuredmedia":[{"embeddable":true,"href":"https:\/\/hankkeet.karelia.fi\/kira-circularis\/wp-json\/wp\/v2\/media\/17"}],"wp:attachment":[{"href":"https:\/\/hankkeet.karelia.fi\/kira-circularis\/wp-json\/wp\/v2\/media?parent=20"}],"curies":[{"name":"wp","href":"https:\/\/api.w.org\/{rel}","templated":true}]}}