{"id":20,"date":"2026-03-17T15:03:28","date_gmt":"2026-03-17T13:03:28","guid":{"rendered":"https:\/\/hankkeet.karelia.fi\/mehtimaen-hyvinvoinnin-ja-liikunnan-testausasema\/mehtimaen-hyvinvoinnin-ja-liikunnan-testausasema\/"},"modified":"2026-03-17T15:03:28","modified_gmt":"2026-03-17T13:03:28","slug":"mehtimaen-hyvinvoinnin-ja-liikunnan-testausasema","status":"publish","type":"page","link":"https:\/\/hankkeet.karelia.fi\/mehtimaen-hyvinvoinnin-ja-liikunnan-testausasema\/","title":{"rendered":"Mehtim\u00e4en hyvinvoinnin ja liikunnan testausasema"},"content":{"rendered":"\n<figure class=\"wp-block-image size-full\"><img decoding=\"async\" src=\"https:\/\/hankkeet.karelia.fi\/mehtimaen-hyvinvoinnin-ja-liikunnan-testausasema\/wp-content\/uploads\/sites\/65\/2026\/03\/mehtimaki.png\" alt class=\"wp-image-81513\"><\/figure>\n\n\n\n<p>Mehtim\u00e4en hyv\u00adin\u00advoin\u00adnin ja liikun\u00adnan tes\u00adtausase\u00adma \u2013 uut\u00adta liike\u00adtoim\u00adintaa, palvelui\u00adta ja yrit\u00adt\u00e4jyyt\u00adt\u00e4 \u2011kehit\u00adt\u00e4mis\u00adhankkeel\u00adla haetaan rohkeasti kasvua luo\u00adma\u00adl\u00adla uuden\u00adlainen alus\u00adta liikun\u00adtali\u00adike\u00adtoimin\u00adnalle, oppimiselle ja tutkimuk\u00adselle.<br><br>Han\u00adke vas\u00adtaa yri\u00adtys\u00adten kasvun edis\u00adt\u00e4miseen ja uusien ty\u00f6\u00adpaikko\u00adjen luomiseen kehit\u00adt\u00e4en yhdess\u00e4 alueen liikun\u00adta- ja hyv\u00adin\u00advoin\u00adtialan yrit\u00adt\u00e4jien sek\u00e4 urheiluseu\u00adro\u00adjen kanssa suun\u00adnitel\u00adman Mehtim\u00e4en alueen liikun\u00adtali\u00adike\u00adtoimin\u00adnan kehit\u00adt\u00e4misek\u00adsi sek\u00e4 hyv\u00adin\u00advoin\u00adtipalvelu\u00adjen tar\u00adjoamisek\u00adsi. Alus\u00adta mah\u00addol\u00adlis\u00adtaa my\u00f6s tutkimus\u00adl\u00e4ht\u00f6isen liike\u00adtoimin\u00adnan syn\u00adtymisen ja opiske\u00adli\u00adjal\u00e4ht\u00f6isen inno\u00advaa\u00adtiotoimin\u00adnan. Alus\u00adta luo moni\u00adalaisen tutkimus- ja oppimisym\u00adp\u00e4rist\u00f6n liikun\u00adnan ja hyv\u00adin\u00advoin\u00adnin aloille tiivist\u00e4en koulu\u00adtu\u00adsor\u00adgan\u00adisaa\u00adtioiden yhteisty\u00f6t\u00e4 ja lis\u00e4ten koulu\u00adtusten vetovoimaisu\u00adut\u00adta.<br><br>Toim\u00adinta sijoite\u00adtaan fyy\u00adsis\u00ades\u00adti Joen\u00adsuu Areenaan, mut\u00adta eri\u00adlaiset liikku\u00advat palve\u00adlut sek\u00e4 et\u00e4- ja hybridi\u00adratkaisut mah\u00addol\u00adlis\u00adta\u00advat tes\u00adtaus- ja mit\u00adtaus\u00adpalvelu\u00adjen saavutet\u00adtavu\u00adu\u00adden maakun\u00adnal\u00adlis\u00ades\u00adti. Kehit\u00adt\u00e4mis\u00adhankkeen toteu\u00adtuk\u00adsen tuke\u00adna toimii han\u00adkekokon\u00adaisu\u00adu\u00adteen kuu\u00adlu\u00adva investoin\u00adti\u00adhanke, jon\u00adka avul\u00adla teht\u00e4v\u00e4t investoin\u00adnit mah\u00addol\u00adlis\u00adta\u00advat laa\u00adjan kohderyh\u00adm\u00e4n tarpei\u00adta palvel\u00ade\u00advan tes\u00adtaus- ja mit\u00adtausym\u00adp\u00e4rist\u00f6n rak\u00aden\u00adtu\u00admisen.<br><br>Han\u00adkkeen toteut\u00adta\u00advat ryh\u00adm\u00e4hankkeena Joen\u00adsu\u00adun kaupun\u00adki, It\u00e4-Suomen liikun\u00adtaopis\u00adto, Kare\u00adlia Ammat\u00adtiko\u00adrkeak\u00adoulu Oy ja It\u00e4-Suomen yliopis\u00adto. Joen\u00adsu\u00adun kaupun\u00adki on kehit\u00adt\u00e4mis\u00adhankkeen p\u00e4\u00e4\u00adto\u00adteut\u00adta\u00adja ja koordi\u00adnoi\u00adja. Kehit\u00adt\u00e4mis\u00adhankkeen osalta yhteyshenkil\u00f6 on pro\u00adjek\u00adtip\u00e4\u00e4l\u00adlikk\u00f6 Tuo\u00admas Kar\u00adjalainen tuomas.karjalainen@joensuu.fi.<\/p>\n\n\n\n<h2 class=\"wp-block-heading\">Tavoitteet<\/h2>\n\n\n\n<p>- Luo\u00adda uuden\u00adlainen, tun\u00adnis\u00adtet\u00adta\u00adva ja saavutet\u00adta\u00adva liikun\u00adnan ja hyv\u00adin\u00advoin\u00adnin alus\u00adta, joka mah\u00addol\u00adlis\u00adtaa uuden liike\u00adtoimin\u00adnan, inno\u00advaa\u00adtioiden ja hyv\u00adin\u00advoin\u00adnin palvelu\u00adjen syn\u00adtymisen.<br>-Toimin\u00adnal\u00adlisen hyv\u00adin\u00advoin\u00adtialus\u00adtan luomi\u00adnen, jos\u00adsa yrit\u00adt\u00e4j\u00e4t pystyv\u00e4t tar\u00adjoa\u00admaan ja kehit\u00adt\u00e4m\u00e4\u00e4n palvelu\u00adjaan ja jos\u00adsa moni\u00adammatill\u00adi\u00adnen osaami\u00adnen kohtaa ja syn\u00adnyt\u00adt\u00e4\u00e4 inno\u00advaa\u00adtioi\u00adta.<br>-Moni\u00adammatil\u00adlisen oppimisym\u00adp\u00e4rist\u00f6n luomi\u00adnen, joka tiivist\u00e4\u00e4 koulu\u00adtu\u00adsor\u00adgan\u00adisaa\u00adtioiden yhteisty\u00f6t\u00e4 ja edis\u00adt\u00e4\u00e4 koulu\u00adtusten vetovoimaisu\u00adut\u00adta.<br>-Kehit\u00adt\u00e4\u00e4 liikun\u00adnan ja hyv\u00adin\u00advoin\u00adnin tutkimus\u00adl\u00e4ht\u00f6ist\u00e4 inno\u00advaa\u00adtiotoim\u00adintaa eri\u00adtyis\u00ades\u00adti fotoni\u00adikan osaamisalueel\u00adla.<br>-Kehit\u00adt\u00e4\u00e4 toim\u00adinta\u00admalli, joka mah\u00addol\u00adlis\u00adtaa suju\u00advan moni\u00adalaisen yhteisty\u00f6n sek\u00e4 tilo\u00adjen opti\u00admaalisen hy\u00f6\u00addyn\u00adt\u00e4misen.<br>-Kehit\u00adt\u00e4\u00e4 toim\u00adinta\u00admalli, jos\u00adsa liikku\u00advien palvelu\u00adjen ja eri\u00adlais\u00adten et\u00e4- ja hybridi\u00adratkaisu\u00adjen kehit\u00adt\u00e4misen kaut\u00adta on mah\u00addol\u00adlista tukea liikun\u00adta- ja hyv\u00adin\u00advoin\u00adtialan palvelui\u00adta ja osaamista koko maakun\u00adnan alueel\u00adla.<\/p>\n\n\n\n<h2 class=\"wp-block-heading\">Toimenpiteet<\/h2>\n\n\n\n<p>Kehit\u00adt\u00e4mis\u00adhanke koos\u00adt\u00aduu yhteen\u00ads\u00e4 viidest\u00e4 ty\u00f6\u00adpaketista, joiden veto\u00advas\u00adtu\u00adut jakaan\u00adtu\u00advat toteut\u00adta\u00adjaor\u00adgan\u00adisaa\u00adtioiden osalta seu\u00adraavasti:<br><br>Ty\u00f6\u00adpaket\u00adti 1 \u2013 Joen\u00adsu\u00adun kaupun\u00adki<br>Han\u00adkkeen kokon\u00adaisko\u00ador\u00addi\u00adnaa\u00adtio ja viestin\u00adt\u00e4<br><br>Ty\u00f6\u00adpaketit 2 ja 3 \u2013 It\u00e4-Suomen liikun\u00adtaopis\u00adto Oy<br>Tes\u00adtaus- ja mit\u00adtausym\u00adp\u00e4rist\u00f6n rak\u00aden\u00adt\u00ada\u00admi\u00adnen ja uuden liike\u00adtoimin\u00adnan alus\u00adta tule\u00advaisu\u00adu\u00adden hyv\u00adin\u00advoin\u00adtipalveluille<br><br>Ty\u00f6\u00adpaket\u00adti 4 \u2013 Kare\u00adlia-ammat\u00adtiko\u00adrkeak\u00adoulu<br>Oppimisym\u00adp\u00e4rist\u00f6n rak\u00aden\u00adt\u00ada\u00admi\u00adnen ja maakun\u00adnal\u00adlis\u00adten liikku\u00advien palvelu\u00adiden kehit\u00adt\u00e4mi\u00adnen<br><br>Ty\u00f6\u00adpaket\u00adti 5 \u2013 It\u00e4-Suomen yliopis\u00adto<br>Liikun\u00adnan ja urheilun tutkimuk\u00adsen ja sen yhdis\u00adt\u00e4misen lis\u00e4\u00adtyn todel\u00adlisu\u00adu\u00adden mah\u00addol\u00adlisuuk\u00adsi\u00adin<\/p>\n\n\n\n<h2 class=\"wp-block-heading\">Hankeaika<\/h2>\n\n\n\n<p>1.10.2023\u201331.12.2025<\/p>\n\n\n\n<h2 class=\"wp-block-heading\">Hankkeen rahoitus<\/h2>\n\n\n\n<p>Joen\u00adsu\u00adun kaupun\u00adki, It\u00e4-Suomen liikun\u00adtaopis\u00adto Oy, Kare\u00adlia-ammat\u00adtiko\u00adrkeak\u00adoulu Oy ja It\u00e4-Suomen yliopis\u00adto yhteen\u00ads\u00e4 1 208 583 \u20ac, jos\u00adta Euroopan oikeu\u00adden\u00admukaisen siir\u00adtym\u00e4n rahas\u00adton rahoi\u00adtus\u00adta (JTF) 966 868 \u20ac<br><br>Kehit\u00adt\u00e4mis\u00adhankkeen rin\u00adnal\u00adla toteutet\u00adta\u00advan Mehtim\u00e4en hyv\u00adin\u00advoin\u00adnin ja liikun\u00adnan tes\u00adtausase\u00adma \u2013 investoin\u00adti\u00adhankkeen toteu\u00adtu\u00adsai\u00adka on my\u00f6s 1.10.2023 \u2014 31.12.2025. Investoin\u00adti\u00adhankkeen toteut\u00adtaa Kare\u00adlia-ammat\u00adtiko\u00adrkeak\u00adoulu ja It\u00e4-Suomen yliopis\u00adto. Investoin\u00adti\u00adhankkeen avul\u00adla tue\u00adtaan Mehtim\u00e4en hyv\u00adin\u00advoin\u00adnin ja liikun\u00adnan tes\u00adtausase\u00adman sek\u00e4 maakun\u00adnal\u00adlis\u00adten liikku\u00advien palvelu\u00adiden rak\u00aden\u00adtu\u00admista.<br><br>Investoin\u00adti\u00adhankkeen rahoi\u00adtus<br><br>Kare\u00adlia Ammat\u00adtiko\u00adrkeak\u00adoulu Oy ja It\u00e4-Suomen yliopis\u00adto yhteen\u00ads\u00e4 964 758 \u20ac, jos\u00adta Euroopan oikeu\u00adden\u00admukaisen siir\u00adtym\u00e4n rahas\u00adton rahoi\u00adtus\u00adta (JTF) 675 330 \u20ac<\/p>\n\n\n\n<h2 class=\"wp-block-heading\">Yhteystiedot<\/h2>\n\n\n\n<p>pro\u00adjek\u00adtip\u00e4\u00e4l\u00adlikk\u00f6 Tan\u00adja Rimpil\u00e4<br><a href=\"mailto:jaana.kurki@karelia.fi\">tanja.rimpila@karelia.fi<\/a> +358 50&nbsp;337 9287<\/p>\n\n\n\n<figure class=\"wp-block-image size-full\"><img decoding=\"async\" src=\"https:\/\/hankkeet.karelia.fi\/mehtimaen-hyvinvoinnin-ja-liikunnan-testausasema\/wp-content\/uploads\/sites\/65\/2026\/03\/kk-palkki-3.png\" alt class=\"wp-image-81556\"><\/figure>\n","protected":false},"excerpt":{"rendered":"<p>Mehtim\u00e4en hyv\u00adin\u00advoin\u00adnin ja liikun\u00adnan tes\u00adtausase\u00adma \u2013 uut\u00adta liike\u00adtoim\u00adintaa, palvelui\u00adta ja yrit\u00adt\u00e4jyyt\u00adt\u00e4 \u2011kehit\u00adt\u00e4mis\u00adhankkeel\u00adla haetaan rohkeasti kasvua luo\u00adma\u00adl\u00adla uuden\u00adlainen alus\u00adta liikun\u00adtali\u00adike\u00adtoimin\u00adnalle, oppimiselle ja tutkimuk\u00adselle. Han\u00adke vas\u00adtaa yri\u00adtys\u00adten kasvun edis\u00adt\u00e4miseen ja uusien ty\u00f6\u00adpaikko\u00adjen luomiseen kehit\u00adt\u00e4en yhdess\u00e4 alueen liikun\u00ad\u00adta- ja hyv\u00adin\u00advoin\u00adtialan yrit\u00adt\u00e4jien sek\u00e4 urheiluseu\u00adro\u00adjen kanssa suun\u00adnitel\u00adman Mehtim\u00e4en alueen liikun\u00adtali\u00adike\u00adtoimin\u00adnan kehit\u00adt\u00e4misek\u00adsi sek\u00e4 hyv\u00adin\u00advoin\u00adtipalvelu\u00adjen tar\u00adjoamisek\u00adsi. Alus\u00adta mah\u00addol\u00adlis\u00adtaa my\u00f6s tutkimus\u00adl\u00e4ht\u00f6isen liike\u00adtoimin\u00adnan syn\u00adtymisen [\u2026]<\/p>\n","protected":false},"author":0,"featured_media":17,"parent":0,"menu_order":0,"comment_status":"closed","ping_status":"closed","template":"","meta":{"inline_featured_image":false,"wp_typography_post_enhancements_disabled":false,"footnotes":""},"class_list":["post-20","page","type-page","status-publish","has-post-thumbnail","hentry"],"yoast_head":"<!-- This site is optimized with the Yoast SEO plugin v27.5 - https:\/\/yoast.com\/product\/yoast-seo-wordpress\/ -->\n<title>Mehtim\u00e4en hyvinvoinnin ja liikunnan testausasema - Mehtim\u00e4en hyvinvoinnin ja liikunnan testausasema<\/title>\n<meta name=\"robots\" content=\"index, follow, max-snippet:-1, max-image-preview:large, max-video-preview:-1\" \/>\n<link rel=\"canonical\" href=\"https:\/\/hankkeet.karelia.fi\/mehtimaen-hyvinvoinnin-ja-liikunnan-testausasema\/\" \/>\n<meta property=\"og:locale\" content=\"fi_FI\" \/>\n<meta property=\"og:type\" content=\"article\" \/>\n<meta property=\"og:title\" content=\"Mehtim\u00e4en hyvinvoinnin ja liikunnan testausasema - Mehtim\u00e4en hyvinvoinnin ja liikunnan testausasema\" \/>\n<meta property=\"og:description\" content=\"Mehtim\u00e4en hyv\u00adin\u00advoin\u00adnin ja liikun\u00adnan tes\u00adtausase\u00adma \u2013 uut\u00adta liike\u00adtoim\u00adintaa, palvelui\u00adta ja yrit\u00adt\u00e4jyyt\u00adt\u00e4 \u2011kehit\u00adt\u00e4mis\u00adhankkeel\u00adla haetaan rohkeasti kasvua luo\u00adma\u00adl\u00adla uuden\u00adlainen alus\u00adta liikun\u00adtali\u00adike\u00adtoimin\u00adnalle, oppimiselle ja tutkimuk\u00adselle. Han\u00adke vas\u00adtaa yri\u00adtys\u00adten kasvun edis\u00adt\u00e4miseen ja uusien ty\u00f6\u00adpaikko\u00adjen luomiseen kehit\u00adt\u00e4en yhdess\u00e4 alueen liikun\u00adta- ja hyv\u00adin\u00advoin\u00adtialan yrit\u00adt\u00e4jien sek\u00e4 urheiluseu\u00adro\u00adjen kanssa suun\u00adnitel\u00adman Mehtim\u00e4en alueen liikun\u00adtali\u00adike\u00adtoimin\u00adnan kehit\u00adt\u00e4misek\u00adsi sek\u00e4 hyv\u00adin\u00advoin\u00adtipalvelu\u00adjen tar\u00adjoamisek\u00adsi. Alus\u00adta mah\u00addol\u00adlis\u00adtaa my\u00f6s tutkimus\u00adl\u00e4ht\u00f6isen liike\u00adtoimin\u00adnan syn\u00adtymisen [&hellip;]\" \/>\n<meta property=\"og:url\" content=\"https:\/\/hankkeet.karelia.fi\/mehtimaen-hyvinvoinnin-ja-liikunnan-testausasema\/\" \/>\n<meta property=\"og:site_name\" content=\"Mehtim\u00e4en hyvinvoinnin ja liikunnan testausasema\" \/>\n<meta name=\"twitter:card\" content=\"summary_large_image\" \/>\n<meta name=\"twitter:label1\" content=\"Arvioitu lukuaika\" \/>\n\t<meta name=\"twitter:data1\" content=\"2 minuuttia\" \/>\n<script type=\"application\/ld+json\" class=\"yoast-schema-graph\">{\"@context\":\"https:\\\/\\\/schema.org\",\"@graph\":[{\"@type\":\"WebPage\",\"@id\":\"https:\\\/\\\/hankkeet.karelia.fi\\\/mehtimaen-hyvinvoinnin-ja-liikunnan-testausasema\\\/\",\"url\":\"https:\\\/\\\/hankkeet.karelia.fi\\\/mehtimaen-hyvinvoinnin-ja-liikunnan-testausasema\\\/\",\"name\":\"Mehtim\u00e4en hyvinvoinnin ja liikunnan testausasema - Mehtim\u00e4en hyvinvoinnin ja liikunnan testausasema\",\"isPartOf\":{\"@id\":\"https:\\\/\\\/hankkeet.karelia.fi\\\/mehtimaen-hyvinvoinnin-ja-liikunnan-testausasema\\\/#website\"},\"primaryImageOfPage\":{\"@id\":\"https:\\\/\\\/hankkeet.karelia.fi\\\/mehtimaen-hyvinvoinnin-ja-liikunnan-testausasema\\\/#primaryimage\"},\"image\":{\"@id\":\"https:\\\/\\\/hankkeet.karelia.fi\\\/mehtimaen-hyvinvoinnin-ja-liikunnan-testausasema\\\/#primaryimage\"},\"thumbnailUrl\":\"https:\\\/\\\/hankkeet.karelia.fi\\\/mehtimaen-hyvinvoinnin-ja-liikunnan-testausasema\\\/wp-content\\\/uploads\\\/sites\\\/65\\\/2026\\\/03\\\/Kuva1-mehtimaki.jpg\",\"datePublished\":\"2026-03-17T13:03:28+00:00\",\"breadcrumb\":{\"@id\":\"https:\\\/\\\/hankkeet.karelia.fi\\\/mehtimaen-hyvinvoinnin-ja-liikunnan-testausasema\\\/#breadcrumb\"},\"inLanguage\":\"fi\",\"potentialAction\":[{\"@type\":\"ReadAction\",\"target\":[\"https:\\\/\\\/hankkeet.karelia.fi\\\/mehtimaen-hyvinvoinnin-ja-liikunnan-testausasema\\\/\"]}]},{\"@type\":\"ImageObject\",\"inLanguage\":\"fi\",\"@id\":\"https:\\\/\\\/hankkeet.karelia.fi\\\/mehtimaen-hyvinvoinnin-ja-liikunnan-testausasema\\\/#primaryimage\",\"url\":\"https:\\\/\\\/hankkeet.karelia.fi\\\/mehtimaen-hyvinvoinnin-ja-liikunnan-testausasema\\\/wp-content\\\/uploads\\\/sites\\\/65\\\/2026\\\/03\\\/Kuva1-mehtimaki.jpg\",\"contentUrl\":\"https:\\\/\\\/hankkeet.karelia.fi\\\/mehtimaen-hyvinvoinnin-ja-liikunnan-testausasema\\\/wp-content\\\/uploads\\\/sites\\\/65\\\/2026\\\/03\\\/Kuva1-mehtimaki.jpg\",\"width\":1100,\"height\":733},{\"@type\":\"BreadcrumbList\",\"@id\":\"https:\\\/\\\/hankkeet.karelia.fi\\\/mehtimaen-hyvinvoinnin-ja-liikunnan-testausasema\\\/#breadcrumb\",\"itemListElement\":[{\"@type\":\"ListItem\",\"position\":1,\"name\":\"Home\",\"item\":\"https:\\\/\\\/hankkeet.karelia.fi\\\/mehtimaen-hyvinvoinnin-ja-liikunnan-testausasema\\\/mehtimaen-hyvinvoinnin-ja-liikunnan-testausasema\\\/\"},{\"@type\":\"ListItem\",\"position\":2,\"name\":\"Mehtim\u00e4en hyvinvoinnin ja liikunnan testausasema\"}]},{\"@type\":\"WebSite\",\"@id\":\"https:\\\/\\\/hankkeet.karelia.fi\\\/mehtimaen-hyvinvoinnin-ja-liikunnan-testausasema\\\/#website\",\"url\":\"https:\\\/\\\/hankkeet.karelia.fi\\\/mehtimaen-hyvinvoinnin-ja-liikunnan-testausasema\\\/\",\"name\":\"Mehtim\u00e4en hyvinvoinnin ja liikunnan testausasema\",\"description\":\"\",\"publisher\":{\"@id\":\"https:\\\/\\\/hankkeet.karelia.fi\\\/mehtimaen-hyvinvoinnin-ja-liikunnan-testausasema\\\/#organization\"},\"potentialAction\":[{\"@type\":\"SearchAction\",\"target\":{\"@type\":\"EntryPoint\",\"urlTemplate\":\"https:\\\/\\\/hankkeet.karelia.fi\\\/mehtimaen-hyvinvoinnin-ja-liikunnan-testausasema\\\/?s={search_term_string}\"},\"query-input\":{\"@type\":\"PropertyValueSpecification\",\"valueRequired\":true,\"valueName\":\"search_term_string\"}}],\"inLanguage\":\"fi\"},{\"@type\":\"Organization\",\"@id\":\"https:\\\/\\\/hankkeet.karelia.fi\\\/mehtimaen-hyvinvoinnin-ja-liikunnan-testausasema\\\/#organization\",\"name\":\"Mehtim\u00e4en hyvinvoinnin ja liikunnan testausasema\",\"url\":\"https:\\\/\\\/hankkeet.karelia.fi\\\/mehtimaen-hyvinvoinnin-ja-liikunnan-testausasema\\\/\",\"logo\":{\"@type\":\"ImageObject\",\"inLanguage\":\"fi\",\"@id\":\"https:\\\/\\\/hankkeet.karelia.fi\\\/mehtimaen-hyvinvoinnin-ja-liikunnan-testausasema\\\/#\\\/schema\\\/logo\\\/image\\\/\",\"url\":\"https:\\\/\\\/hankkeet.karelia.fi\\\/mehtimaen-hyvinvoinnin-ja-liikunnan-testausasema\\\/wp-content\\\/uploads\\\/sites\\\/65\\\/2026\\\/03\\\/cropped-cropped-Karelia_AMK_logo_RGB-1.png\",\"contentUrl\":\"https:\\\/\\\/hankkeet.karelia.fi\\\/mehtimaen-hyvinvoinnin-ja-liikunnan-testausasema\\\/wp-content\\\/uploads\\\/sites\\\/65\\\/2026\\\/03\\\/cropped-cropped-Karelia_AMK_logo_RGB-1.png\",\"width\":427,\"height\":116,\"caption\":\"Mehtim\u00e4en hyvinvoinnin ja liikunnan testausasema\"},\"image\":{\"@id\":\"https:\\\/\\\/hankkeet.karelia.fi\\\/mehtimaen-hyvinvoinnin-ja-liikunnan-testausasema\\\/#\\\/schema\\\/logo\\\/image\\\/\"}}]}<\/script>\n<!-- \/ Yoast SEO plugin. -->","yoast_head_json":{"title":"Mehtim\u00e4en hyvinvoinnin ja liikunnan testausasema - Mehtim\u00e4en hyvinvoinnin ja liikunnan testausasema","robots":{"index":"index","follow":"follow","max-snippet":"max-snippet:-1","max-image-preview":"max-image-preview:large","max-video-preview":"max-video-preview:-1"},"canonical":"https:\/\/hankkeet.karelia.fi\/mehtimaen-hyvinvoinnin-ja-liikunnan-testausasema\/","og_locale":"fi_FI","og_type":"article","og_title":"Mehtim\u00e4en hyvinvoinnin ja liikunnan testausasema - Mehtim\u00e4en hyvinvoinnin ja liikunnan testausasema","og_description":"Mehtim\u00e4en hyv\u00adin\u00advoin\u00adnin ja liikun\u00adnan tes\u00adtausase\u00adma \u2013 uut\u00adta liike\u00adtoim\u00adintaa, palvelui\u00adta ja yrit\u00adt\u00e4jyyt\u00adt\u00e4 \u2011kehit\u00adt\u00e4mis\u00adhankkeel\u00adla haetaan rohkeasti kasvua luo\u00adma\u00adl\u00adla uuden\u00adlainen alus\u00adta liikun\u00adtali\u00adike\u00adtoimin\u00adnalle, oppimiselle ja tutkimuk\u00adselle. Han\u00adke vas\u00adtaa yri\u00adtys\u00adten kasvun edis\u00adt\u00e4miseen ja uusien ty\u00f6\u00adpaikko\u00adjen luomiseen kehit\u00adt\u00e4en yhdess\u00e4 alueen liikun\u00adta- ja hyv\u00adin\u00advoin\u00adtialan yrit\u00adt\u00e4jien sek\u00e4 urheiluseu\u00adro\u00adjen kanssa suun\u00adnitel\u00adman Mehtim\u00e4en alueen liikun\u00adtali\u00adike\u00adtoimin\u00adnan kehit\u00adt\u00e4misek\u00adsi sek\u00e4 hyv\u00adin\u00advoin\u00adtipalvelu\u00adjen tar\u00adjoamisek\u00adsi. Alus\u00adta mah\u00addol\u00adlis\u00adtaa my\u00f6s tutkimus\u00adl\u00e4ht\u00f6isen liike\u00adtoimin\u00adnan syn\u00adtymisen [&hellip;]","og_url":"https:\/\/hankkeet.karelia.fi\/mehtimaen-hyvinvoinnin-ja-liikunnan-testausasema\/","og_site_name":"Mehtim\u00e4en hyvinvoinnin ja liikunnan testausasema","twitter_card":"summary_large_image","twitter_misc":{"Arvioitu lukuaika":"2 minuuttia"},"schema":{"@context":"https:\/\/schema.org","@graph":[{"@type":"WebPage","@id":"https:\/\/hankkeet.karelia.fi\/mehtimaen-hyvinvoinnin-ja-liikunnan-testausasema\/","url":"https:\/\/hankkeet.karelia.fi\/mehtimaen-hyvinvoinnin-ja-liikunnan-testausasema\/","name":"Mehtim\u00e4en hyvinvoinnin ja liikunnan testausasema - Mehtim\u00e4en hyvinvoinnin ja liikunnan testausasema","isPartOf":{"@id":"https:\/\/hankkeet.karelia.fi\/mehtimaen-hyvinvoinnin-ja-liikunnan-testausasema\/#website"},"primaryImageOfPage":{"@id":"https:\/\/hankkeet.karelia.fi\/mehtimaen-hyvinvoinnin-ja-liikunnan-testausasema\/#primaryimage"},"image":{"@id":"https:\/\/hankkeet.karelia.fi\/mehtimaen-hyvinvoinnin-ja-liikunnan-testausasema\/#primaryimage"},"thumbnailUrl":"https:\/\/hankkeet.karelia.fi\/mehtimaen-hyvinvoinnin-ja-liikunnan-testausasema\/wp-content\/uploads\/sites\/65\/2026\/03\/Kuva1-mehtimaki.jpg","datePublished":"2026-03-17T13:03:28+00:00","breadcrumb":{"@id":"https:\/\/hankkeet.karelia.fi\/mehtimaen-hyvinvoinnin-ja-liikunnan-testausasema\/#breadcrumb"},"inLanguage":"fi","potentialAction":[{"@type":"ReadAction","target":["https:\/\/hankkeet.karelia.fi\/mehtimaen-hyvinvoinnin-ja-liikunnan-testausasema\/"]}]},{"@type":"ImageObject","inLanguage":"fi","@id":"https:\/\/hankkeet.karelia.fi\/mehtimaen-hyvinvoinnin-ja-liikunnan-testausasema\/#primaryimage","url":"https:\/\/hankkeet.karelia.fi\/mehtimaen-hyvinvoinnin-ja-liikunnan-testausasema\/wp-content\/uploads\/sites\/65\/2026\/03\/Kuva1-mehtimaki.jpg","contentUrl":"https:\/\/hankkeet.karelia.fi\/mehtimaen-hyvinvoinnin-ja-liikunnan-testausasema\/wp-content\/uploads\/sites\/65\/2026\/03\/Kuva1-mehtimaki.jpg","width":1100,"height":733},{"@type":"BreadcrumbList","@id":"https:\/\/hankkeet.karelia.fi\/mehtimaen-hyvinvoinnin-ja-liikunnan-testausasema\/#breadcrumb","itemListElement":[{"@type":"ListItem","position":1,"name":"Home","item":"https:\/\/hankkeet.karelia.fi\/mehtimaen-hyvinvoinnin-ja-liikunnan-testausasema\/mehtimaen-hyvinvoinnin-ja-liikunnan-testausasema\/"},{"@type":"ListItem","position":2,"name":"Mehtim\u00e4en hyvinvoinnin ja liikunnan testausasema"}]},{"@type":"WebSite","@id":"https:\/\/hankkeet.karelia.fi\/mehtimaen-hyvinvoinnin-ja-liikunnan-testausasema\/#website","url":"https:\/\/hankkeet.karelia.fi\/mehtimaen-hyvinvoinnin-ja-liikunnan-testausasema\/","name":"Mehtim\u00e4en hyvinvoinnin ja liikunnan testausasema","description":"","publisher":{"@id":"https:\/\/hankkeet.karelia.fi\/mehtimaen-hyvinvoinnin-ja-liikunnan-testausasema\/#organization"},"potentialAction":[{"@type":"SearchAction","target":{"@type":"EntryPoint","urlTemplate":"https:\/\/hankkeet.karelia.fi\/mehtimaen-hyvinvoinnin-ja-liikunnan-testausasema\/?s={search_term_string}"},"query-input":{"@type":"PropertyValueSpecification","valueRequired":true,"valueName":"search_term_string"}}],"inLanguage":"fi"},{"@type":"Organization","@id":"https:\/\/hankkeet.karelia.fi\/mehtimaen-hyvinvoinnin-ja-liikunnan-testausasema\/#organization","name":"Mehtim\u00e4en hyvinvoinnin ja liikunnan testausasema","url":"https:\/\/hankkeet.karelia.fi\/mehtimaen-hyvinvoinnin-ja-liikunnan-testausasema\/","logo":{"@type":"ImageObject","inLanguage":"fi","@id":"https:\/\/hankkeet.karelia.fi\/mehtimaen-hyvinvoinnin-ja-liikunnan-testausasema\/#\/schema\/logo\/image\/","url":"https:\/\/hankkeet.karelia.fi\/mehtimaen-hyvinvoinnin-ja-liikunnan-testausasema\/wp-content\/uploads\/sites\/65\/2026\/03\/cropped-cropped-Karelia_AMK_logo_RGB-1.png","contentUrl":"https:\/\/hankkeet.karelia.fi\/mehtimaen-hyvinvoinnin-ja-liikunnan-testausasema\/wp-content\/uploads\/sites\/65\/2026\/03\/cropped-cropped-Karelia_AMK_logo_RGB-1.png","width":427,"height":116,"caption":"Mehtim\u00e4en hyvinvoinnin ja liikunnan testausasema"},"image":{"@id":"https:\/\/hankkeet.karelia.fi\/mehtimaen-hyvinvoinnin-ja-liikunnan-testausasema\/#\/schema\/logo\/image\/"}}]}},"_links":{"self":[{"href":"https:\/\/hankkeet.karelia.fi\/mehtimaen-hyvinvoinnin-ja-liikunnan-testausasema\/wp-json\/wp\/v2\/pages\/20","targetHints":{"allow":["GET"]}}],"collection":[{"href":"https:\/\/hankkeet.karelia.fi\/mehtimaen-hyvinvoinnin-ja-liikunnan-testausasema\/wp-json\/wp\/v2\/pages"}],"about":[{"href":"https:\/\/hankkeet.karelia.fi\/mehtimaen-hyvinvoinnin-ja-liikunnan-testausasema\/wp-json\/wp\/v2\/types\/page"}],"replies":[{"embeddable":true,"href":"https:\/\/hankkeet.karelia.fi\/mehtimaen-hyvinvoinnin-ja-liikunnan-testausasema\/wp-json\/wp\/v2\/comments?post=20"}],"version-history":[{"count":0,"href":"https:\/\/hankkeet.karelia.fi\/mehtimaen-hyvinvoinnin-ja-liikunnan-testausasema\/wp-json\/wp\/v2\/pages\/20\/revisions"}],"wp:featuredmedia":[{"embeddable":true,"href":"https:\/\/hankkeet.karelia.fi\/mehtimaen-hyvinvoinnin-ja-liikunnan-testausasema\/wp-json\/wp\/v2\/media\/17"}],"wp:attachment":[{"href":"https:\/\/hankkeet.karelia.fi\/mehtimaen-hyvinvoinnin-ja-liikunnan-testausasema\/wp-json\/wp\/v2\/media?parent=20"}],"curies":[{"name":"wp","href":"https:\/\/api.w.org\/{rel}","templated":true}]}}