{"id":23,"date":"2026-03-23T14:05:14","date_gmt":"2026-03-23T12:05:14","guid":{"rendered":"https:\/\/hankkeet.karelia.fi\/pohjois-karjala-projekti-2-0-kohti-toimintakykyisempaa-suomea\/pohjois-karjala-projekti-2-0-kohti-toimintakykyisempaa-suomea-english\/"},"modified":"2026-03-23T14:08:11","modified_gmt":"2026-03-23T12:08:11","slug":"pohjois-karjala-projekti-2-0-kohti-toimintakykyisempaa-suomea-english","status":"publish","type":"page","link":"https:\/\/hankkeet.karelia.fi\/pohjois-karjala-projekti-2-0-kohti-toimintakykyisempaa-suomea\/en\/","title":{"rendered":"Pohjois-Karjala projekti 2.0 \u2013 Kohti toimintakykyisemp\u00e4\u00e4 Suomea \u2014 English"},"content":{"rendered":"","protected":false},"excerpt":{"rendered":"","protected":false},"author":7,"featured_media":0,"parent":0,"menu_order":0,"comment_status":"closed","ping_status":"closed","template":"","meta":{"inline_featured_image":false,"wp_typography_post_enhancements_disabled":false,"footnotes":""},"class_list":["post-23","page","type-page","status-publish","hentry"],"yoast_head":"<!-- This site is optimized with the Yoast SEO plugin v27.5 - https:\/\/yoast.com\/product\/yoast-seo-wordpress\/ -->\n<title>Pohjois-Karjala projekti 2.0 \u2013 Kohti toimintakykyisemp\u00e4\u00e4 Suomea - English - Pohjois-Karjala projekti 2.0 &#8211; Kohti toimintakykyisemp\u00e4\u00e4 Suomea<\/title>\n<meta name=\"robots\" content=\"index, follow, max-snippet:-1, max-image-preview:large, max-video-preview:-1\" \/>\n<link rel=\"canonical\" href=\"https:\/\/hankkeet.karelia.fi\/pohjois-karjala-projekti-2-0-kohti-toimintakykyisempaa-suomea\/en\/\" \/>\n<meta property=\"og:locale\" content=\"fi_FI\" \/>\n<meta property=\"og:type\" content=\"article\" \/>\n<meta property=\"og:title\" content=\"Pohjois-Karjala projekti 2.0 \u2013 Kohti toimintakykyisemp\u00e4\u00e4 Suomea - English - Pohjois-Karjala projekti 2.0 &#8211; Kohti toimintakykyisemp\u00e4\u00e4 Suomea\" \/>\n<meta property=\"og:url\" content=\"https:\/\/hankkeet.karelia.fi\/pohjois-karjala-projekti-2-0-kohti-toimintakykyisempaa-suomea\/en\/\" \/>\n<meta property=\"og:site_name\" content=\"Pohjois-Karjala projekti 2.0 &#8211; Kohti toimintakykyisemp\u00e4\u00e4 Suomea\" \/>\n<meta property=\"article:modified_time\" content=\"2026-03-23T12:08:11+00:00\" \/>\n<meta name=\"twitter:card\" content=\"summary_large_image\" \/>\n<script type=\"application\/ld+json\" class=\"yoast-schema-graph\">{\"@context\":\"https:\\\/\\\/schema.org\",\"@graph\":[{\"@type\":\"WebPage\",\"@id\":\"https:\\\/\\\/hankkeet.karelia.fi\\\/pohjois-karjala-projekti-2-0-kohti-toimintakykyisempaa-suomea\\\/en\\\/\",\"url\":\"https:\\\/\\\/hankkeet.karelia.fi\\\/pohjois-karjala-projekti-2-0-kohti-toimintakykyisempaa-suomea\\\/en\\\/\",\"name\":\"Pohjois-Karjala projekti 2.0 \u2013 Kohti toimintakykyisemp\u00e4\u00e4 Suomea - English - Pohjois-Karjala projekti 2.0 &#8211; Kohti toimintakykyisemp\u00e4\u00e4 Suomea\",\"isPartOf\":{\"@id\":\"https:\\\/\\\/hankkeet.karelia.fi\\\/pohjois-karjala-projekti-2-0-kohti-toimintakykyisempaa-suomea\\\/#website\"},\"datePublished\":\"2026-03-23T12:05:14+00:00\",\"dateModified\":\"2026-03-23T12:08:11+00:00\",\"breadcrumb\":{\"@id\":\"https:\\\/\\\/hankkeet.karelia.fi\\\/pohjois-karjala-projekti-2-0-kohti-toimintakykyisempaa-suomea\\\/en\\\/#breadcrumb\"},\"inLanguage\":\"fi\",\"potentialAction\":[{\"@type\":\"ReadAction\",\"target\":[\"https:\\\/\\\/hankkeet.karelia.fi\\\/pohjois-karjala-projekti-2-0-kohti-toimintakykyisempaa-suomea\\\/en\\\/\"]}]},{\"@type\":\"BreadcrumbList\",\"@id\":\"https:\\\/\\\/hankkeet.karelia.fi\\\/pohjois-karjala-projekti-2-0-kohti-toimintakykyisempaa-suomea\\\/en\\\/#breadcrumb\",\"itemListElement\":[{\"@type\":\"ListItem\",\"position\":1,\"name\":\"Home\",\"item\":\"https:\\\/\\\/hankkeet.karelia.fi\\\/pohjois-karjala-projekti-2-0-kohti-toimintakykyisempaa-suomea\\\/\"},{\"@type\":\"ListItem\",\"position\":2,\"name\":\"Pohjois-Karjala projekti 2.0 \u2013 Kohti toimintakykyisemp\u00e4\u00e4 Suomea &#8211; English\"}]},{\"@type\":\"WebSite\",\"@id\":\"https:\\\/\\\/hankkeet.karelia.fi\\\/pohjois-karjala-projekti-2-0-kohti-toimintakykyisempaa-suomea\\\/#website\",\"url\":\"https:\\\/\\\/hankkeet.karelia.fi\\\/pohjois-karjala-projekti-2-0-kohti-toimintakykyisempaa-suomea\\\/\",\"name\":\"Pohjois-Karjala projekti 2.0 &#8211; Kohti toimintakykyisemp\u00e4\u00e4 Suomea\",\"description\":\"\",\"publisher\":{\"@id\":\"https:\\\/\\\/hankkeet.karelia.fi\\\/pohjois-karjala-projekti-2-0-kohti-toimintakykyisempaa-suomea\\\/#organization\"},\"potentialAction\":[{\"@type\":\"SearchAction\",\"target\":{\"@type\":\"EntryPoint\",\"urlTemplate\":\"https:\\\/\\\/hankkeet.karelia.fi\\\/pohjois-karjala-projekti-2-0-kohti-toimintakykyisempaa-suomea\\\/?s={search_term_string}\"},\"query-input\":{\"@type\":\"PropertyValueSpecification\",\"valueRequired\":true,\"valueName\":\"search_term_string\"}}],\"inLanguage\":\"fi\"},{\"@type\":\"Organization\",\"@id\":\"https:\\\/\\\/hankkeet.karelia.fi\\\/pohjois-karjala-projekti-2-0-kohti-toimintakykyisempaa-suomea\\\/#organization\",\"name\":\"Pohjois-Karjala projekti 2.0 &#8211; Kohti toimintakykyisemp\u00e4\u00e4 Suomea\",\"url\":\"https:\\\/\\\/hankkeet.karelia.fi\\\/pohjois-karjala-projekti-2-0-kohti-toimintakykyisempaa-suomea\\\/\",\"logo\":{\"@type\":\"ImageObject\",\"inLanguage\":\"fi\",\"@id\":\"https:\\\/\\\/hankkeet.karelia.fi\\\/pohjois-karjala-projekti-2-0-kohti-toimintakykyisempaa-suomea\\\/#\\\/schema\\\/logo\\\/image\\\/\",\"url\":\"https:\\\/\\\/hankkeet.karelia.fi\\\/pohjois-karjala-projekti-2-0-kohti-toimintakykyisempaa-suomea\\\/wp-content\\\/uploads\\\/sites\\\/6\\\/2026\\\/03\\\/cropped-cropped-Karelia_AMK_logo_RGB-1.png\",\"contentUrl\":\"https:\\\/\\\/hankkeet.karelia.fi\\\/pohjois-karjala-projekti-2-0-kohti-toimintakykyisempaa-suomea\\\/wp-content\\\/uploads\\\/sites\\\/6\\\/2026\\\/03\\\/cropped-cropped-Karelia_AMK_logo_RGB-1.png\",\"width\":427,\"height\":116,\"caption\":\"Pohjois-Karjala projekti 2.0 &#8211; Kohti toimintakykyisemp\u00e4\u00e4 Suomea\"},\"image\":{\"@id\":\"https:\\\/\\\/hankkeet.karelia.fi\\\/pohjois-karjala-projekti-2-0-kohti-toimintakykyisempaa-suomea\\\/#\\\/schema\\\/logo\\\/image\\\/\"}}]}<\/script>\n<!-- \/ Yoast SEO plugin. -->","yoast_head_json":{"title":"Pohjois-Karjala projekti 2.0 \u2013 Kohti toimintakykyisemp\u00e4\u00e4 Suomea - English - Pohjois-Karjala projekti 2.0 &#8211; Kohti toimintakykyisemp\u00e4\u00e4 Suomea","robots":{"index":"index","follow":"follow","max-snippet":"max-snippet:-1","max-image-preview":"max-image-preview:large","max-video-preview":"max-video-preview:-1"},"canonical":"https:\/\/hankkeet.karelia.fi\/pohjois-karjala-projekti-2-0-kohti-toimintakykyisempaa-suomea\/en\/","og_locale":"fi_FI","og_type":"article","og_title":"Pohjois-Karjala projekti 2.0 \u2013 Kohti toimintakykyisemp\u00e4\u00e4 Suomea - English - Pohjois-Karjala projekti 2.0 &#8211; Kohti toimintakykyisemp\u00e4\u00e4 Suomea","og_url":"https:\/\/hankkeet.karelia.fi\/pohjois-karjala-projekti-2-0-kohti-toimintakykyisempaa-suomea\/en\/","og_site_name":"Pohjois-Karjala projekti 2.0 &#8211; Kohti toimintakykyisemp\u00e4\u00e4 Suomea","article_modified_time":"2026-03-23T12:08:11+00:00","twitter_card":"summary_large_image","schema":{"@context":"https:\/\/schema.org","@graph":[{"@type":"WebPage","@id":"https:\/\/hankkeet.karelia.fi\/pohjois-karjala-projekti-2-0-kohti-toimintakykyisempaa-suomea\/en\/","url":"https:\/\/hankkeet.karelia.fi\/pohjois-karjala-projekti-2-0-kohti-toimintakykyisempaa-suomea\/en\/","name":"Pohjois-Karjala projekti 2.0 \u2013 Kohti toimintakykyisemp\u00e4\u00e4 Suomea - English - Pohjois-Karjala projekti 2.0 &#8211; Kohti toimintakykyisemp\u00e4\u00e4 Suomea","isPartOf":{"@id":"https:\/\/hankkeet.karelia.fi\/pohjois-karjala-projekti-2-0-kohti-toimintakykyisempaa-suomea\/#website"},"datePublished":"2026-03-23T12:05:14+00:00","dateModified":"2026-03-23T12:08:11+00:00","breadcrumb":{"@id":"https:\/\/hankkeet.karelia.fi\/pohjois-karjala-projekti-2-0-kohti-toimintakykyisempaa-suomea\/en\/#breadcrumb"},"inLanguage":"fi","potentialAction":[{"@type":"ReadAction","target":["https:\/\/hankkeet.karelia.fi\/pohjois-karjala-projekti-2-0-kohti-toimintakykyisempaa-suomea\/en\/"]}]},{"@type":"BreadcrumbList","@id":"https:\/\/hankkeet.karelia.fi\/pohjois-karjala-projekti-2-0-kohti-toimintakykyisempaa-suomea\/en\/#breadcrumb","itemListElement":[{"@type":"ListItem","position":1,"name":"Home","item":"https:\/\/hankkeet.karelia.fi\/pohjois-karjala-projekti-2-0-kohti-toimintakykyisempaa-suomea\/"},{"@type":"ListItem","position":2,"name":"Pohjois-Karjala projekti 2.0 \u2013 Kohti toimintakykyisemp\u00e4\u00e4 Suomea &#8211; English"}]},{"@type":"WebSite","@id":"https:\/\/hankkeet.karelia.fi\/pohjois-karjala-projekti-2-0-kohti-toimintakykyisempaa-suomea\/#website","url":"https:\/\/hankkeet.karelia.fi\/pohjois-karjala-projekti-2-0-kohti-toimintakykyisempaa-suomea\/","name":"Pohjois-Karjala projekti 2.0 &#8211; Kohti toimintakykyisemp\u00e4\u00e4 Suomea","description":"","publisher":{"@id":"https:\/\/hankkeet.karelia.fi\/pohjois-karjala-projekti-2-0-kohti-toimintakykyisempaa-suomea\/#organization"},"potentialAction":[{"@type":"SearchAction","target":{"@type":"EntryPoint","urlTemplate":"https:\/\/hankkeet.karelia.fi\/pohjois-karjala-projekti-2-0-kohti-toimintakykyisempaa-suomea\/?s={search_term_string}"},"query-input":{"@type":"PropertyValueSpecification","valueRequired":true,"valueName":"search_term_string"}}],"inLanguage":"fi"},{"@type":"Organization","@id":"https:\/\/hankkeet.karelia.fi\/pohjois-karjala-projekti-2-0-kohti-toimintakykyisempaa-suomea\/#organization","name":"Pohjois-Karjala projekti 2.0 &#8211; Kohti toimintakykyisemp\u00e4\u00e4 Suomea","url":"https:\/\/hankkeet.karelia.fi\/pohjois-karjala-projekti-2-0-kohti-toimintakykyisempaa-suomea\/","logo":{"@type":"ImageObject","inLanguage":"fi","@id":"https:\/\/hankkeet.karelia.fi\/pohjois-karjala-projekti-2-0-kohti-toimintakykyisempaa-suomea\/#\/schema\/logo\/image\/","url":"https:\/\/hankkeet.karelia.fi\/pohjois-karjala-projekti-2-0-kohti-toimintakykyisempaa-suomea\/wp-content\/uploads\/sites\/6\/2026\/03\/cropped-cropped-Karelia_AMK_logo_RGB-1.png","contentUrl":"https:\/\/hankkeet.karelia.fi\/pohjois-karjala-projekti-2-0-kohti-toimintakykyisempaa-suomea\/wp-content\/uploads\/sites\/6\/2026\/03\/cropped-cropped-Karelia_AMK_logo_RGB-1.png","width":427,"height":116,"caption":"Pohjois-Karjala projekti 2.0 &#8211; Kohti toimintakykyisemp\u00e4\u00e4 Suomea"},"image":{"@id":"https:\/\/hankkeet.karelia.fi\/pohjois-karjala-projekti-2-0-kohti-toimintakykyisempaa-suomea\/#\/schema\/logo\/image\/"}}]}},"_links":{"self":[{"href":"https:\/\/hankkeet.karelia.fi\/pohjois-karjala-projekti-2-0-kohti-toimintakykyisempaa-suomea\/wp-json\/wp\/v2\/pages\/23","targetHints":{"allow":["GET"]}}],"collection":[{"href":"https:\/\/hankkeet.karelia.fi\/pohjois-karjala-projekti-2-0-kohti-toimintakykyisempaa-suomea\/wp-json\/wp\/v2\/pages"}],"about":[{"href":"https:\/\/hankkeet.karelia.fi\/pohjois-karjala-projekti-2-0-kohti-toimintakykyisempaa-suomea\/wp-json\/wp\/v2\/types\/page"}],"author":[{"embeddable":true,"href":"https:\/\/hankkeet.karelia.fi\/pohjois-karjala-projekti-2-0-kohti-toimintakykyisempaa-suomea\/wp-json\/wp\/v2\/users\/7"}],"replies":[{"embeddable":true,"href":"https:\/\/hankkeet.karelia.fi\/pohjois-karjala-projekti-2-0-kohti-toimintakykyisempaa-suomea\/wp-json\/wp\/v2\/comments?post=23"}],"version-history":[{"count":1,"href":"https:\/\/hankkeet.karelia.fi\/pohjois-karjala-projekti-2-0-kohti-toimintakykyisempaa-suomea\/wp-json\/wp\/v2\/pages\/23\/revisions"}],"predecessor-version":[{"id":26,"href":"https:\/\/hankkeet.karelia.fi\/pohjois-karjala-projekti-2-0-kohti-toimintakykyisempaa-suomea\/wp-json\/wp\/v2\/pages\/23\/revisions\/26"}],"wp:attachment":[{"href":"https:\/\/hankkeet.karelia.fi\/pohjois-karjala-projekti-2-0-kohti-toimintakykyisempaa-suomea\/wp-json\/wp\/v2\/media?parent=23"}],"curies":[{"name":"wp","href":"https:\/\/api.w.org\/{rel}","templated":true}]}}

Pohjois-Karjala projekti 2.0 – Kohti toimintakykyisempää Suomea — English

<!-- This site is optimized with the Yoast SEO plugin v27.5 - https://yoast.com/product/yoast-seo-wordpress/ -->
<title>Pohjois-Karjala projekti 2.0 – Kohti toimintakykyisempää Suomea - English - Pohjois-Karjala projekti 2.0 &#8211; Kohti toimintakykyisempää Suomea</title>
<meta name="robots" content="index, follow, max-snippet:-1, max-image-preview:large, max-video-preview:-1" />
<link rel="canonical" href="https://hankkeet.karelia.fi/pohjois-karjala-projekti-2-0-kohti-toimintakykyisempaa-suomea/en/" />
<meta property="og:locale" content="fi_FI" />
<meta property="og:type" content="article" />
<meta property="og:title" content="Pohjois-Karjala projekti 2.0 – Kohti toimintakykyisempää Suomea - English - Pohjois-Karjala projekti 2.0 &#8211; Kohti toimintakykyisempää Suomea" />
<meta property="og:url" content="https://hankkeet.karelia.fi/pohjois-karjala-projekti-2-0-kohti-toimintakykyisempaa-suomea/en/" />
<meta property="og:site_name" content="Pohjois-Karjala projekti 2.0 &#8211; Kohti toimintakykyisempää Suomea" />
<meta property="article:modified_time" content="2026-03-23T12:08:11+00:00" />
<meta name="twitter:card" content="summary_large_image" />
<script type="application/ld+json" class="yoast-schema-graph">{"@context":"https:\/\/schema.org","@graph":[{"@type":"WebPage","@id":"https:\/\/hankkeet.karelia.fi\/pohjois-karjala-projekti-2-0-kohti-toimintakykyisempaa-suomea\/en\/","url":"https:\/\/hankkeet.karelia.fi\/pohjois-karjala-projekti-2-0-kohti-toimintakykyisempaa-suomea\/en\/","name":"Pohjois-Karjala projekti 2.0 – Kohti toimintakykyisempää Suomea - English - Pohjois-Karjala projekti 2.0 &#8211; Kohti toimintakykyisempää Suomea","isPartOf":{"@id":"https:\/\/hankkeet.karelia.fi\/pohjois-karjala-projekti-2-0-kohti-toimintakykyisempaa-suomea\/#website"},"datePublished":"2026-03-23T12:05:14+00:00","dateModified":"2026-03-23T12:08:11+00:00","breadcrumb":{"@id":"https:\/\/hankkeet.karelia.fi\/pohjois-karjala-projekti-2-0-kohti-toimintakykyisempaa-suomea\/en\/#breadcrumb"},"inLanguage":"fi","potentialAction":[{"@type":"ReadAction","target":["https:\/\/hankkeet.karelia.fi\/pohjois-karjala-projekti-2-0-kohti-toimintakykyisempaa-suomea\/en\/"]}]},{"@type":"BreadcrumbList","@id":"https:\/\/hankkeet.karelia.fi\/pohjois-karjala-projekti-2-0-kohti-toimintakykyisempaa-suomea\/en\/#breadcrumb","itemListElement":[{"@type":"ListItem","position":1,"name":"Home","item":"https:\/\/hankkeet.karelia.fi\/pohjois-karjala-projekti-2-0-kohti-toimintakykyisempaa-suomea\/"},{"@type":"ListItem","position":2,"name":"Pohjois-Karjala projekti 2.0 – Kohti toimintakykyisempää Suomea &#8211; English"}]},{"@type":"WebSite","@id":"https:\/\/hankkeet.karelia.fi\/pohjois-karjala-projekti-2-0-kohti-toimintakykyisempaa-suomea\/#website","url":"https:\/\/hankkeet.karelia.fi\/pohjois-karjala-projekti-2-0-kohti-toimintakykyisempaa-suomea\/","name":"Pohjois-Karjala projekti 2.0 &#8211; Kohti toimintakykyisempää Suomea","description":"","publisher":{"@id":"https:\/\/hankkeet.karelia.fi\/pohjois-karjala-projekti-2-0-kohti-toimintakykyisempaa-suomea\/#organization"},"potentialAction":[{"@type":"SearchAction","target":{"@type":"EntryPoint","urlTemplate":"https:\/\/hankkeet.karelia.fi\/pohjois-karjala-projekti-2-0-kohti-toimintakykyisempaa-suomea\/?s={search_term_string}"},"query-input":{"@type":"PropertyValueSpecification","valueRequired":true,"valueName":"search_term_string"}}],"inLanguage":"fi"},{"@type":"Organization","@id":"https:\/\/hankkeet.karelia.fi\/pohjois-karjala-projekti-2-0-kohti-toimintakykyisempaa-suomea\/#organization","name":"Pohjois-Karjala projekti 2.0 &#8211; Kohti toimintakykyisempää Suomea","url":"https:\/\/hankkeet.karelia.fi\/pohjois-karjala-projekti-2-0-kohti-toimintakykyisempaa-suomea\/","logo":{"@type":"ImageObject","inLanguage":"fi","@id":"https:\/\/hankkeet.karelia.fi\/pohjois-karjala-projekti-2-0-kohti-toimintakykyisempaa-suomea\/#\/schema\/logo\/image\/","url":"https:\/\/hankkeet.karelia.fi\/pohjois-karjala-projekti-2-0-kohti-toimintakykyisempaa-suomea\/wp-content\/uploads\/sites\/6\/2026\/03\/cropped-cropped-Karelia_AMK_logo_RGB-1.png","contentUrl":"https:\/\/hankkeet.karelia.fi\/pohjois-karjala-projekti-2-0-kohti-toimintakykyisempaa-suomea\/wp-content\/uploads\/sites\/6\/2026\/03\/cropped-cropped-Karelia_AMK_logo_RGB-1.png","width":427,"height":116,"caption":"Pohjois-Karjala projekti 2.0 &#8211; Kohti toimintakykyisempää Suomea"},"image":{"@id":"https:\/\/hankkeet.karelia.fi\/pohjois-karjala-projekti-2-0-kohti-toimintakykyisempaa-suomea\/#\/schema\/logo\/image\/"}}]}</script>
<!-- / Yoast SEO plugin. -->

Pohjois-Karjala projekti 2.0 – Kohti toimintakykyisempää Suomea - English - Pohjois-Karjala projekti 2.0 &#8211; Kohti toimintakykyisempää Suomea

Pohjois-Karjala projekti 2.0 &#8211; Kohti toimintakykyisempää Suomea

Pohjois-Karjala projekti 2.0 – Kohti toimintakykyisempää Suomea &#8211; English
