{"id":20,"date":"2026-03-17T11:33:21","date_gmt":"2026-03-17T09:33:21","guid":{"rendered":"https:\/\/hankkeet.karelia.fi\/puu-tki-investointihanke\/puu-tki-investointihanke\/"},"modified":"2026-03-17T11:33:21","modified_gmt":"2026-03-17T09:33:21","slug":"puu-tki-investointihanke","status":"publish","type":"page","link":"https:\/\/hankkeet.karelia.fi\/puu-tki-investointihanke\/","title":{"rendered":"Puu-TKI investointihanke"},"content":{"rendered":"\n<figure class=\"wp-block-image size-large is-resized\"><img decoding=\"async\" src=\"https:\/\/hankkeet.karelia.fi\/puu-tki-investointihanke\/wp-content\/uploads\/sites\/37\/2026\/03\/puu-tki-invest-1024x172-1.jpg\" alt=\"Puu-tki -investointihankkeen logot\" class=\"wp-image-70965\" style=\"width:634px;height:auto\"><\/figure>\n\n\n\n<p>Puu-TKI-han\u00adkekokon\u00adaisu\u00adudessa kehitet\u00e4\u00e4n tutkimus- ja koulu\u00adtusyk\u00adsik\u00f6i\u00adden teknisi\u00e4 valmiuk\u00adsia ja ket\u00adteryyt\u00adt\u00e4 tuot\u00adtaa puualan yri\u00adtyk\u00adsi\u00e4 palvele\u00advia kehi\u00adtys\u00adpalvelui\u00adta ja edis\u00adtet\u00e4\u00e4n etenkin PK-yri\u00adtys\u00adten tuot\u00adtei\u00adden kan\u00adsain\u00adv\u00e4list\u00e4 tun\u00adnet\u00adtuut\u00adta. Han\u00adkeparin investoin\u00adtio\u00adsios\u00adsa p\u00e4ivitet\u00e4\u00e4n tutkimus- ja demo\u00adlait\u00adtei\u00adta 1) puun pitk\u00e4aikaiskest\u00e4vyy\u00adden ja uusien puu\u00adtuot\u00adtei\u00adden osalta, 2) bio\u00admas\u00adsan ener\u00adgia\u00adjalostei\u00adden jalostuk\u00adsen sek\u00e4 3) j\u00e4te\u00adm\u00adate\u00adri\u00adaalien, kuten muovia sis\u00e4lt\u00e4vien raken\u00adnusj\u00e4t\u00adtei\u00adden, kier\u00adr\u00e4\u00adtyk\u00adsen osalta.Investointihanke-osiossa edis\u00adtet\u00e4\u00e4n yri\u00adtysy\u00adhteisty\u00f6n syn\u00adtymist\u00e4 p\u00e4ivit\u00adt\u00e4m\u00e4l\u00adl\u00e4 han\u00adke\u00adtoim\u00adi\u00adjoiden laitekan\u00adtaa mah\u00addol\u00adlis\u00adta\u00admaan suun\u00adnitel\u00adtu\u00adja kehit\u00adt\u00e4mis\u00adtoimen\u00adpiteit\u00e4 ja entist\u00e4 parem\u00adpia julk\u00adisia TKI-palvelui\u00adta.<\/p>\n\n\n\n<p>Han\u00adke toteutetaan ryh\u00adm\u00e4hankkeena, jon\u00adka toteut\u00adta\u00adji\u00adna ovat UEF (p\u00e4\u00e4\u00adto\u00adteut\u00adta\u00adja), Luke ja Kare\u00adlia<\/p>\n\n\n\n<h2 class=\"wp-block-heading\">Projektin kesto<\/h2>\n\n\n\n<p>1.1.2023 \u2014 30.6.2025<\/p>\n\n\n\n<h2 class=\"wp-block-heading\">Projektip\u00e4\u00e4llikk\u00f6<\/h2>\n\n\n\n<p><strong>Ville Kuit\u00adti\u00adnen<\/strong><br>Ville.Kuittinen(a)karelia.fi<\/p>\n\n\n\n<h2 class=\"wp-block-heading\">Rahoitus<\/h2>\n\n\n\n<p>EAKR-ohjel\u00adma<\/p>\n\n\n\n<figure class=\"wp-block-image size-full is-resized\"><img decoding=\"async\" src=\"https:\/\/hankkeet.karelia.fi\/puu-tki-investointihanke\/wp-content\/uploads\/sites\/37\/2026\/03\/kira_circularis_palkki.jpg\" alt class=\"wp-image-81530\" style=\"width:846px;height:auto\"><\/figure>\n","protected":false},"excerpt":{"rendered":"<p>Puu-TKI-han\u00adkekokon\u00adaisu\u00adudessa kehitet\u00e4\u00e4n tutkimus- ja koulu\u00adtusyk\u00adsik\u00f6i\u00adden teknisi\u00e4 valmiuk\u00adsia ja ket\u00adteryyt\u00adt\u00e4 tuot\u00adtaa puualan yri\u00adtyk\u00adsi\u00e4 palvele\u00advia kehi\u00adtys\u00adpalvelui\u00adta ja edis\u00adtet\u00e4\u00e4n etenkin PK-yri\u00ad\u00adtys\u00adten tuot\u00adtei\u00adden kan\u00adsain\u00adv\u00e4list\u00e4 tun\u00adnet\u00adtuut\u00adta. Han\u00adkeparin investoin\u00adtio\u00adsios\u00adsa p\u00e4ivitet\u00e4\u00e4n tutkimus- ja demo\u00adlait\u00adtei\u00adta 1) puun pitk\u00e4aikaiskest\u00e4vyy\u00adden ja uusien puu\u00adtuot\u00adtei\u00adden osalta, 2) bio\u00admas\u00adsan ener\u00adgia\u00adjalostei\u00adden jalostuk\u00adsen sek\u00e4 3) j\u00e4te\u00adm\u00adate\u00adri\u00adaalien, kuten muovia sis\u00e4lt\u00e4vien raken\u00adnusj\u00e4t\u00adtei\u00adden, kier\u00adr\u00e4\u00adtyk\u00adsen osalta.Investointihanke-osiossa edis\u00adtet\u00e4\u00e4n yri\u00adtysy\u00adhteisty\u00f6n syn\u00adtymist\u00e4 p\u00e4ivit\u00adt\u00e4m\u00e4l\u00adl\u00e4 han\u00adke\u00adtoim\u00adi\u00adjoiden laitekan\u00adtaa mah\u00addol\u00adlis\u00adta\u00admaan suun\u00adnitel\u00adtu\u00adja [\u2026]<\/p>\n","protected":false},"author":0,"featured_media":17,"parent":0,"menu_order":0,"comment_status":"closed","ping_status":"closed","template":"","meta":{"inline_featured_image":false,"wp_typography_post_enhancements_disabled":false,"footnotes":""},"class_list":["post-20","page","type-page","status-publish","has-post-thumbnail","hentry"],"yoast_head":"<!-- This site is optimized with the Yoast SEO plugin v27.5 - https:\/\/yoast.com\/product\/yoast-seo-wordpress\/ -->\n<title>Puu-TKI investointihanke - Puu-TKI investointihanke<\/title>\n<meta name=\"robots\" content=\"index, follow, max-snippet:-1, max-image-preview:large, max-video-preview:-1\" \/>\n<link rel=\"canonical\" href=\"https:\/\/hankkeet.karelia.fi\/puu-tki-investointihanke\/\" \/>\n<meta property=\"og:locale\" content=\"fi_FI\" \/>\n<meta property=\"og:type\" content=\"article\" \/>\n<meta property=\"og:title\" content=\"Puu-TKI investointihanke - Puu-TKI investointihanke\" \/>\n<meta property=\"og:description\" content=\"Puu-TKI-han\u00adkekokon\u00adaisu\u00adudessa kehitet\u00e4\u00e4n tutkimus- ja koulu\u00adtusyk\u00adsik\u00f6i\u00adden teknisi\u00e4 valmiuk\u00adsia ja ket\u00adteryyt\u00adt\u00e4 tuot\u00adtaa puualan yri\u00adtyk\u00adsi\u00e4 palvele\u00advia kehi\u00adtys\u00adpalvelui\u00adta ja edis\u00adtet\u00e4\u00e4n etenkin PK-yri\u00adtys\u00adten tuot\u00adtei\u00adden kan\u00adsain\u00adv\u00e4list\u00e4 tun\u00adnet\u00adtuut\u00adta. Han\u00adkeparin investoin\u00adtio\u00adsios\u00adsa p\u00e4ivitet\u00e4\u00e4n tutkimus- ja demo\u00adlait\u00adtei\u00adta 1) puun pitk\u00e4aikaiskest\u00e4vyy\u00adden ja uusien puu\u00adtuot\u00adtei\u00adden osalta, 2) bio\u00admas\u00adsan ener\u00adgia\u00adjalostei\u00adden jalostuk\u00adsen sek\u00e4 3) j\u00e4te\u00adm\u00adate\u00adri\u00adaalien, kuten muovia sis\u00e4lt\u00e4vien raken\u00adnusj\u00e4t\u00adtei\u00adden, kier\u00adr\u00e4\u00adtyk\u00adsen osalta.Investointihanke-osiossa edis\u00adtet\u00e4\u00e4n yri\u00adtysy\u00adhteisty\u00f6n syn\u00adtymist\u00e4 p\u00e4ivit\u00adt\u00e4m\u00e4l\u00adl\u00e4 han\u00adke\u00adtoim\u00adi\u00adjoiden laitekan\u00adtaa mah\u00addol\u00adlis\u00adta\u00admaan suun\u00adnitel\u00adtu\u00adja [&hellip;]\" \/>\n<meta property=\"og:url\" content=\"https:\/\/hankkeet.karelia.fi\/puu-tki-investointihanke\/\" \/>\n<meta property=\"og:site_name\" content=\"Puu-TKI investointihanke\" \/>\n<meta name=\"twitter:card\" content=\"summary_large_image\" \/>\n<meta name=\"twitter:label1\" content=\"Arvioitu lukuaika\" \/>\n\t<meta name=\"twitter:data1\" content=\"1 minuutti\" \/>\n<script type=\"application\/ld+json\" class=\"yoast-schema-graph\">{\"@context\":\"https:\\\/\\\/schema.org\",\"@graph\":[{\"@type\":\"WebPage\",\"@id\":\"https:\\\/\\\/hankkeet.karelia.fi\\\/puu-tki-investointihanke\\\/\",\"url\":\"https:\\\/\\\/hankkeet.karelia.fi\\\/puu-tki-investointihanke\\\/\",\"name\":\"Puu-TKI investointihanke - Puu-TKI investointihanke\",\"isPartOf\":{\"@id\":\"https:\\\/\\\/hankkeet.karelia.fi\\\/puu-tki-investointihanke\\\/#website\"},\"primaryImageOfPage\":{\"@id\":\"https:\\\/\\\/hankkeet.karelia.fi\\\/puu-tki-investointihanke\\\/#primaryimage\"},\"image\":{\"@id\":\"https:\\\/\\\/hankkeet.karelia.fi\\\/puu-tki-investointihanke\\\/#primaryimage\"},\"thumbnailUrl\":\"https:\\\/\\\/hankkeet.karelia.fi\\\/puu-tki-investointihanke\\\/wp-content\\\/uploads\\\/sites\\\/37\\\/2026\\\/03\\\/Hiiltaminen-scaled-1.jpg\",\"datePublished\":\"2026-03-17T09:33:21+00:00\",\"breadcrumb\":{\"@id\":\"https:\\\/\\\/hankkeet.karelia.fi\\\/puu-tki-investointihanke\\\/#breadcrumb\"},\"inLanguage\":\"fi\",\"potentialAction\":[{\"@type\":\"ReadAction\",\"target\":[\"https:\\\/\\\/hankkeet.karelia.fi\\\/puu-tki-investointihanke\\\/\"]}]},{\"@type\":\"ImageObject\",\"inLanguage\":\"fi\",\"@id\":\"https:\\\/\\\/hankkeet.karelia.fi\\\/puu-tki-investointihanke\\\/#primaryimage\",\"url\":\"https:\\\/\\\/hankkeet.karelia.fi\\\/puu-tki-investointihanke\\\/wp-content\\\/uploads\\\/sites\\\/37\\\/2026\\\/03\\\/Hiiltaminen-scaled-1.jpg\",\"contentUrl\":\"https:\\\/\\\/hankkeet.karelia.fi\\\/puu-tki-investointihanke\\\/wp-content\\\/uploads\\\/sites\\\/37\\\/2026\\\/03\\\/Hiiltaminen-scaled-1.jpg\",\"width\":2560,\"height\":1659,\"caption\":\"Screenshot\"},{\"@type\":\"BreadcrumbList\",\"@id\":\"https:\\\/\\\/hankkeet.karelia.fi\\\/puu-tki-investointihanke\\\/#breadcrumb\",\"itemListElement\":[{\"@type\":\"ListItem\",\"position\":1,\"name\":\"Home\",\"item\":\"https:\\\/\\\/hankkeet.karelia.fi\\\/puu-tki-investointihanke\\\/puu-tki-investointihanke\\\/\"},{\"@type\":\"ListItem\",\"position\":2,\"name\":\"Puu-TKI investointihanke\"}]},{\"@type\":\"WebSite\",\"@id\":\"https:\\\/\\\/hankkeet.karelia.fi\\\/puu-tki-investointihanke\\\/#website\",\"url\":\"https:\\\/\\\/hankkeet.karelia.fi\\\/puu-tki-investointihanke\\\/\",\"name\":\"Puu-TKI investointihanke\",\"description\":\"\",\"publisher\":{\"@id\":\"https:\\\/\\\/hankkeet.karelia.fi\\\/puu-tki-investointihanke\\\/#organization\"},\"potentialAction\":[{\"@type\":\"SearchAction\",\"target\":{\"@type\":\"EntryPoint\",\"urlTemplate\":\"https:\\\/\\\/hankkeet.karelia.fi\\\/puu-tki-investointihanke\\\/?s={search_term_string}\"},\"query-input\":{\"@type\":\"PropertyValueSpecification\",\"valueRequired\":true,\"valueName\":\"search_term_string\"}}],\"inLanguage\":\"fi\"},{\"@type\":\"Organization\",\"@id\":\"https:\\\/\\\/hankkeet.karelia.fi\\\/puu-tki-investointihanke\\\/#organization\",\"name\":\"Puu-TKI investointihanke\",\"url\":\"https:\\\/\\\/hankkeet.karelia.fi\\\/puu-tki-investointihanke\\\/\",\"logo\":{\"@type\":\"ImageObject\",\"inLanguage\":\"fi\",\"@id\":\"https:\\\/\\\/hankkeet.karelia.fi\\\/puu-tki-investointihanke\\\/#\\\/schema\\\/logo\\\/image\\\/\",\"url\":\"https:\\\/\\\/hankkeet.karelia.fi\\\/puu-tki-investointihanke\\\/wp-content\\\/uploads\\\/sites\\\/37\\\/2026\\\/03\\\/cropped-cropped-Karelia_AMK_logo_RGB-1.png\",\"contentUrl\":\"https:\\\/\\\/hankkeet.karelia.fi\\\/puu-tki-investointihanke\\\/wp-content\\\/uploads\\\/sites\\\/37\\\/2026\\\/03\\\/cropped-cropped-Karelia_AMK_logo_RGB-1.png\",\"width\":427,\"height\":116,\"caption\":\"Puu-TKI investointihanke\"},\"image\":{\"@id\":\"https:\\\/\\\/hankkeet.karelia.fi\\\/puu-tki-investointihanke\\\/#\\\/schema\\\/logo\\\/image\\\/\"}}]}<\/script>\n<!-- \/ Yoast SEO plugin. -->","yoast_head_json":{"title":"Puu-TKI investointihanke - Puu-TKI investointihanke","robots":{"index":"index","follow":"follow","max-snippet":"max-snippet:-1","max-image-preview":"max-image-preview:large","max-video-preview":"max-video-preview:-1"},"canonical":"https:\/\/hankkeet.karelia.fi\/puu-tki-investointihanke\/","og_locale":"fi_FI","og_type":"article","og_title":"Puu-TKI investointihanke - Puu-TKI investointihanke","og_description":"Puu-TKI-han\u00adkekokon\u00adaisu\u00adudessa kehitet\u00e4\u00e4n tutkimus- ja koulu\u00adtusyk\u00adsik\u00f6i\u00adden teknisi\u00e4 valmiuk\u00adsia ja ket\u00adteryyt\u00adt\u00e4 tuot\u00adtaa puualan yri\u00adtyk\u00adsi\u00e4 palvele\u00advia kehi\u00adtys\u00adpalvelui\u00adta ja edis\u00adtet\u00e4\u00e4n etenkin PK-yri\u00adtys\u00adten tuot\u00adtei\u00adden kan\u00adsain\u00adv\u00e4list\u00e4 tun\u00adnet\u00adtuut\u00adta. Han\u00adkeparin investoin\u00adtio\u00adsios\u00adsa p\u00e4ivitet\u00e4\u00e4n tutkimus- ja demo\u00adlait\u00adtei\u00adta 1) puun pitk\u00e4aikaiskest\u00e4vyy\u00adden ja uusien puu\u00adtuot\u00adtei\u00adden osalta, 2) bio\u00admas\u00adsan ener\u00adgia\u00adjalostei\u00adden jalostuk\u00adsen sek\u00e4 3) j\u00e4te\u00adm\u00adate\u00adri\u00adaalien, kuten muovia sis\u00e4lt\u00e4vien raken\u00adnusj\u00e4t\u00adtei\u00adden, kier\u00adr\u00e4\u00adtyk\u00adsen osalta.Investointihanke-osiossa edis\u00adtet\u00e4\u00e4n yri\u00adtysy\u00adhteisty\u00f6n syn\u00adtymist\u00e4 p\u00e4ivit\u00adt\u00e4m\u00e4l\u00adl\u00e4 han\u00adke\u00adtoim\u00adi\u00adjoiden laitekan\u00adtaa mah\u00addol\u00adlis\u00adta\u00admaan suun\u00adnitel\u00adtu\u00adja [&hellip;]","og_url":"https:\/\/hankkeet.karelia.fi\/puu-tki-investointihanke\/","og_site_name":"Puu-TKI investointihanke","twitter_card":"summary_large_image","twitter_misc":{"Arvioitu lukuaika":"1 minuutti"},"schema":{"@context":"https:\/\/schema.org","@graph":[{"@type":"WebPage","@id":"https:\/\/hankkeet.karelia.fi\/puu-tki-investointihanke\/","url":"https:\/\/hankkeet.karelia.fi\/puu-tki-investointihanke\/","name":"Puu-TKI investointihanke - Puu-TKI investointihanke","isPartOf":{"@id":"https:\/\/hankkeet.karelia.fi\/puu-tki-investointihanke\/#website"},"primaryImageOfPage":{"@id":"https:\/\/hankkeet.karelia.fi\/puu-tki-investointihanke\/#primaryimage"},"image":{"@id":"https:\/\/hankkeet.karelia.fi\/puu-tki-investointihanke\/#primaryimage"},"thumbnailUrl":"https:\/\/hankkeet.karelia.fi\/puu-tki-investointihanke\/wp-content\/uploads\/sites\/37\/2026\/03\/Hiiltaminen-scaled-1.jpg","datePublished":"2026-03-17T09:33:21+00:00","breadcrumb":{"@id":"https:\/\/hankkeet.karelia.fi\/puu-tki-investointihanke\/#breadcrumb"},"inLanguage":"fi","potentialAction":[{"@type":"ReadAction","target":["https:\/\/hankkeet.karelia.fi\/puu-tki-investointihanke\/"]}]},{"@type":"ImageObject","inLanguage":"fi","@id":"https:\/\/hankkeet.karelia.fi\/puu-tki-investointihanke\/#primaryimage","url":"https:\/\/hankkeet.karelia.fi\/puu-tki-investointihanke\/wp-content\/uploads\/sites\/37\/2026\/03\/Hiiltaminen-scaled-1.jpg","contentUrl":"https:\/\/hankkeet.karelia.fi\/puu-tki-investointihanke\/wp-content\/uploads\/sites\/37\/2026\/03\/Hiiltaminen-scaled-1.jpg","width":2560,"height":1659,"caption":"Screenshot"},{"@type":"BreadcrumbList","@id":"https:\/\/hankkeet.karelia.fi\/puu-tki-investointihanke\/#breadcrumb","itemListElement":[{"@type":"ListItem","position":1,"name":"Home","item":"https:\/\/hankkeet.karelia.fi\/puu-tki-investointihanke\/puu-tki-investointihanke\/"},{"@type":"ListItem","position":2,"name":"Puu-TKI investointihanke"}]},{"@type":"WebSite","@id":"https:\/\/hankkeet.karelia.fi\/puu-tki-investointihanke\/#website","url":"https:\/\/hankkeet.karelia.fi\/puu-tki-investointihanke\/","name":"Puu-TKI investointihanke","description":"","publisher":{"@id":"https:\/\/hankkeet.karelia.fi\/puu-tki-investointihanke\/#organization"},"potentialAction":[{"@type":"SearchAction","target":{"@type":"EntryPoint","urlTemplate":"https:\/\/hankkeet.karelia.fi\/puu-tki-investointihanke\/?s={search_term_string}"},"query-input":{"@type":"PropertyValueSpecification","valueRequired":true,"valueName":"search_term_string"}}],"inLanguage":"fi"},{"@type":"Organization","@id":"https:\/\/hankkeet.karelia.fi\/puu-tki-investointihanke\/#organization","name":"Puu-TKI investointihanke","url":"https:\/\/hankkeet.karelia.fi\/puu-tki-investointihanke\/","logo":{"@type":"ImageObject","inLanguage":"fi","@id":"https:\/\/hankkeet.karelia.fi\/puu-tki-investointihanke\/#\/schema\/logo\/image\/","url":"https:\/\/hankkeet.karelia.fi\/puu-tki-investointihanke\/wp-content\/uploads\/sites\/37\/2026\/03\/cropped-cropped-Karelia_AMK_logo_RGB-1.png","contentUrl":"https:\/\/hankkeet.karelia.fi\/puu-tki-investointihanke\/wp-content\/uploads\/sites\/37\/2026\/03\/cropped-cropped-Karelia_AMK_logo_RGB-1.png","width":427,"height":116,"caption":"Puu-TKI investointihanke"},"image":{"@id":"https:\/\/hankkeet.karelia.fi\/puu-tki-investointihanke\/#\/schema\/logo\/image\/"}}]}},"_links":{"self":[{"href":"https:\/\/hankkeet.karelia.fi\/puu-tki-investointihanke\/wp-json\/wp\/v2\/pages\/20","targetHints":{"allow":["GET"]}}],"collection":[{"href":"https:\/\/hankkeet.karelia.fi\/puu-tki-investointihanke\/wp-json\/wp\/v2\/pages"}],"about":[{"href":"https:\/\/hankkeet.karelia.fi\/puu-tki-investointihanke\/wp-json\/wp\/v2\/types\/page"}],"replies":[{"embeddable":true,"href":"https:\/\/hankkeet.karelia.fi\/puu-tki-investointihanke\/wp-json\/wp\/v2\/comments?post=20"}],"version-history":[{"count":0,"href":"https:\/\/hankkeet.karelia.fi\/puu-tki-investointihanke\/wp-json\/wp\/v2\/pages\/20\/revisions"}],"wp:featuredmedia":[{"embeddable":true,"href":"https:\/\/hankkeet.karelia.fi\/puu-tki-investointihanke\/wp-json\/wp\/v2\/media\/17"}],"wp:attachment":[{"href":"https:\/\/hankkeet.karelia.fi\/puu-tki-investointihanke\/wp-json\/wp\/v2\/media?parent=20"}],"curies":[{"name":"wp","href":"https:\/\/api.w.org\/{rel}","templated":true}]}}