{"version":"1.0","provider_name":"Varhaiskasvatuksen sosionomin osaamiseen valmentavat opinnot","provider_url":"https:\/\/hankkeet.karelia.fi\/varhaiskasvatuksen-sosionomin-osaamiseen-valmentavat-opinnot","author_name":"Varhaiskasvatuksen sosionomin osaamiseen valmentavat opinnot","author_url":"https:\/\/hankkeet.karelia.fi\/varhaiskasvatuksen-sosionomin-osaamiseen-valmentavat-opinnot","title":"Varhaiskasvatuksen sosionomin osaamiseen valmentavat opinnot - Varhaiskasvatuksen sosionomin osaamiseen valmentavat opinnot","type":"rich","width":600,"height":338,"html":"<blockquote class=\"wp-embedded-content\" data-secret=\"LusKoA6DHL\"><a href=\"https:\/\/hankkeet.karelia.fi\/varhaiskasvatuksen-sosionomin-osaamiseen-valmentavat-opinnot\/\">Varhaiskasvatuksen sosionomin osaamiseen valmentavat opinnot<\/a><\/blockquote><iframe sandbox=\"allow-scripts\" security=\"restricted\" src=\"https:\/\/hankkeet.karelia.fi\/varhaiskasvatuksen-sosionomin-osaamiseen-valmentavat-opinnot\/embed\/#?secret=LusKoA6DHL\" width=\"600\" height=\"338\" title=\"&#8221;Varhaiskasvatuksen sosionomin osaamiseen valmentavat opinnot&#8221; &#8212; Varhaiskasvatuksen sosionomin osaamiseen valmentavat opinnot\" data-secret=\"LusKoA6DHL\" frameborder=\"0\" marginwidth=\"0\" marginheight=\"0\" scrolling=\"no\" class=\"wp-embedded-content\"><\/iframe><script>\n\/*! This file is auto-generated *\/\n!function(d,l){\"use strict\";l.querySelector&&d.addEventListener&&\"undefined\"!=typeof URL&&(d.wp=d.wp||{},d.wp.receiveEmbedMessage||(d.wp.receiveEmbedMessage=function(e){var t=e.data;if((t||t.secret||t.message||t.value)&&!\/[^a-zA-Z0-9]\/.test(t.secret)){for(var s,r,n,a=l.querySelectorAll('iframe[data-secret=\"'+t.secret+'\"]'),o=l.querySelectorAll('blockquote[data-secret=\"'+t.secret+'\"]'),c=new RegExp(\"^https?:$\",\"i\"),i=0;i<o.length;i++)o[i].style.display=\"none\";for(i=0;i<a.length;i++)s=a[i],e.source===s.contentWindow&&(s.removeAttribute(\"style\"),\"height\"===t.message?(1e3<(r=parseInt(t.value,10))?r=1e3:~~r<200&&(r=200),s.height=r):\"link\"===t.message&&(r=new URL(s.getAttribute(\"src\")),n=new URL(t.value),c.test(n.protocol))&&n.host===r.host&&l.activeElement===s&&(d.top.location.href=t.value))}},d.addEventListener(\"message\",d.wp.receiveEmbedMessage,!1),l.addEventListener(\"DOMContentLoaded\",function(){for(var e,t,s=l.querySelectorAll(\"iframe.wp-embedded-content\"),r=0;r<s.length;r++)(t=(e=s[r]).getAttribute(\"data-secret\"))||(t=Math.random().toString(36).substring(2,12),e.src+=\"#?secret=\"+t,e.setAttribute(\"data-secret\",t)),e.contentWindow.postMessage({message:\"ready\",secret:t},\"*\")},!1)))}(window,document);\n\/\/# sourceURL=https:\/\/hankkeet.karelia.fi\/varhaiskasvatuksen-sosionomin-osaamiseen-valmentavat-opinnot\/wp-includes\/js\/wp-embed.min.js\n<\/script>\n","thumbnail_url":"https:\/\/hankkeet.karelia.fi\/varhaiskasvatuksen-sosionomin-osaamiseen-valmentavat-opinnot\/wp-content\/uploads\/sites\/36\/2026\/03\/sosionomi2-kuva2-768x316.jpg","thumbnail_width":600,"thumbnail_height":247,"description":"Han\u00adke on saanut rahoituk\u00adsen koulu\u00adtuk\u00adsen toteut\u00adtamisek\u00adsi syksys\u00adt\u00e4 2023 vuo\u00adden 2024 lop\u00adpu\u00adun asti Jatku\u00advan oppimisen ja ty\u00f6l\u00adlisyy\u00adden palvelukeskuk\u00adselta, Jot\u00adpal\u00adta. Lau\u00adrea-ammat\u00adtiko\u00adrkeak\u00adoulu, Kare\u00adlia-ammat\u00adtiko\u00adrkeak\u00adoulu ja Metropo\u00adlia-ammat\u00adtiko\u00adrkeak\u00adoulu suun\u00adnit\u00adtel\u00ade\u00advat ja toteut\u00adta\u00advat yhteisty\u00f6n\u00e4 koulu\u00adtushankkeen ja opin\u00adtokokon\u00adaisu\u00adudet. Varhaiskas\u00adva\u00adtus\u00adpalvelu\u00adjen ajanko\u00adhtaisen osaamisen uud\u00adis\u00adtamisen tarpeisi\u00adin vas\u00adtataan varhaiskas\u00advatuk\u00adsen sosionomin opin\u00adnoil\u00adla. Koulu\u00adtuk\u00adseen osal\u00adlis\u00adtu\u00adjien osaami\u00adnen kehit\u00adtyy ty\u00f6el\u00e4m\u00e4l\u00e4ht\u00f6is\u00ades\u00adti ja ty\u00f6u\u00adra varhaiskas\u00advatuk\u00adsen teht\u00e4vis\u00ads\u00e4 mah\u00addol\u00adlis\u00adtuu. Koulu\u00adtuk\u00adses\u00adsa pilo\u00adtoidaan ty\u00f6el\u00e4m\u00e4l\u00e4ht\u00f6isen ja uud\u00adis\u00adtu\u00advan ped\u00ada\u00adgogi\u00adikan menetelmi\u00e4 [&hellip;]"}

Han­ke on saanut rahoituk­sen koulu­tuk­sen toteut­tamisek­si syksys­tä 2023 vuo­den 2024 lop­pu­un asti Jatku­van oppimisen ja työl­lisyy­den palvelukeskuk­selta, Jot­pal­ta. Lau­rea-ammat­tiko­rkeak­oulu, Kare­lia-ammat­tiko­rkeak­oulu ja Metropo­lia-ammat­tiko­rkeak­oulu suun­nit­tel­e­vat ja toteut­ta­vat yhteistyönä koulu­tushankkeen ja opin­tokokon­aisu­udet. Varhaiskas­va­tus­palvelu­jen ajanko­htaisen osaamisen uud­is­tamisen tarpeisi­in vas­tataan varhaiskas­vatuk­sen sosionomin opin­noil­la. Koulu­tuk­seen osal­lis­tu­jien osaami­nen kehit­tyy työelämälähtöis­es­ti ja työu­ra varhaiskas­vatuk­sen tehtävis­sä mah­dol­lis­tuu. Koulu­tuk­ses­sa pilo­toidaan työelämälähtöisen ja uud­is­tu­van ped­a­gogi­ikan menetelmiä [&hellip;]
